{"id":790,"date":"2023-11-04T18:21:00","date_gmt":"2023-11-04T17:21:00","guid":{"rendered":"http:\/\/regionplus.cz\/chuchle\/?page_id=790"},"modified":"2023-11-04T18:21:00","modified_gmt":"2023-11-04T17:21:00","slug":"rys-jan","status":"publish","type":"page","link":"https:\/\/regionplus.cz\/chuchle\/vyznamne-osobnosti\/rys-jan\/","title":{"rendered":"Rys Jan"},"content":{"rendered":"<p><a href=\"http:\/\/regionplus.cz\/chuchle\/wp-content\/uploads\/sites\/2\/2023\/11\/jan-rys.jpg\"><img loading=\"lazy\" decoding=\"async\" class=\"alignright wp-image-791\" src=\"http:\/\/regionplus.cz\/chuchle\/wp-content\/uploads\/sites\/2\/2023\/11\/jan-rys.jpg\" alt=\"\" width=\"175\" height=\"257\" \/><\/a>Narodil se 10. z\u00e1\u0159\u00ed 1929 ve Velk\u00e9 Chuchli do rodiny z\u00e1me\u010dn\u00edka a pradleny. Otec mu zem\u0159el ve dvou letech, a nejen d\u00edky nov\u011b dostav\u011bn\u00e9mu domu se rodina se dostala do t\u00ed\u017eiv\u00e9 situace.\u00a0 Obecnou \u0161kolu absolvoval ve Velk\u00e9 Chuchli, m\u011b\u0161\u0165anku v\u00a0Radot\u00edn\u011b.\u00a0 Vyu\u010dil se z\u00e1me\u010dn\u00edkem, pozd\u011bji vystudoval st\u0159edn\u00ed pr\u016fmyslovou \u0161kolu. Na vojn\u011b nastoupil do vojensk\u00e9ho projektov\u00e9ho \u00fastavu, jako kresli\u010d. Tato praxe po skon\u010den\u00ed vojensk\u00e9 povinnosti mu umo\u017enila nastoupit v zam\u011bstn\u00e1n\u00ed do konstrukce ve filmov\u00e9m studiu Barrandov, kde p\u016fsobil a\u017e do odchodu do d\u016fchodu.<\/p>\n<p>Jak vzpom\u00edn\u00e1 jeho syn \u2013 Jan Rys ml. p\u0159i kv\u011btnov\u00e9m povst\u00e1n\u00ed m\u00e1lem p\u0159i\u0161el o \u017eivot: <em>\u201eRozhodli se toti\u017e se sv\u00fdm bratrem Kamilem a n\u011bkolika kamar\u00e1dy, \u017ee ute\u010dou na z\u00e1pad k americk\u00e9 arm\u00e1d\u011b. Tak se k n\u00ed vydali p\u011b\u0161ky sm\u011brem na Slivenec a Rudnou do Plzn\u011b. Zde potkali n\u011bjak\u00e9 Vlasovce, ti je kousek svezli na voze s ko\u0148sk\u00fdm potahem, d\u00e1le zase \u0161li p\u011b\u0161ky. Jejich kamar\u00e1di si to ale posl\u00e9ze rozmysleli a cht\u011bli se zase vr\u00e1tit. Tak se rozd\u011blili. Bohu\u017eel, ti co se vr\u00e1tili, n\u011bkde u Barrandova narazili na n\u011bmeck\u00e9 voj\u00e1ky, kte\u0159\u00ed je zast\u0159elili. Otec s bratrem pokra\u010dovali d\u00e1l. N\u011bkde v Karlick\u00e9m \u00fadol\u00ed v jedn\u00e9 chat\u011b narazili na hodnou pan\u00ed, kter\u00e1 jim dala naj\u00edst a nechala je u sebe p\u0159espat. Nakonec se tam do\u010dkali konce v\u00e1lky a u\u017e bez probl\u00e9m\u016f se vr\u00e1tili dom\u016f.<\/em><\/p>\n<p><em>U\u017e v t\u00e9to dob\u011b se u n\u011bj projevil z\u00e1jem o p\u0159\u00edrodu. Nejd\u0159\u00edve ji jen pozoroval. Kdy\u017e se mu poda\u0159ilo naj\u00edt n\u011bkde zapomenut\u00fd vojensk\u00fd dalekohled. Po tom zatou\u017eil p\u0159\u00edrodu i fotit. U m\u00edstn\u00edho drogisty, kam chodil vypom\u00e1hat, se nau\u010dil vyvol\u00e1vat film a fotky. Mohl si tam p\u016fj\u010dovat i star\u00fd fotoapar\u00e1t.\u00a0 Tak se p\u0159i sv\u00fdch toulk\u00e1ch p\u0159\u00edrodou kolem Chuchle a nejbli\u017e\u0161\u00edm okol\u00ed jednou sezn\u00e1mil se svoj\u00ed pozd\u011bj\u0161\u00ed \u017eenou Ji\u0159inou. Ta do n\u00ed chodila ven\u010dit a cvi\u010dit sv\u00e9ho vl\u010d\u00e1ka Kazana. Narodili se mu v tomto man\u017eelstv\u00ed dva synov\u00e9, j\u00e1 a o deset let mlad\u0161\u00ed bratr Jirka. Ten bohu\u017eel t\u011bsn\u011b p\u0159ed maturitou tragicky zem\u0159el, co\u017e byla pro n\u011bj nesm\u00edrn\u00e1 r\u00e1na. Bratr byl velmi talentovan\u00fd mal\u00ed\u0159 a otec se v n\u011bm vid\u011bl. Chodili \u010dasto spole\u010dn\u011b do p\u0159\u00edrody. Otec s fotoapar\u00e1tem p\u0159es rameno, bratr s mal\u00ed\u0159sk\u00fdm stojanem na z\u00e1dech.\u201c\u00a0 <\/em><\/p>\n<p>V\u00a0pades\u00e1t\u00fdch letech spole\u010dn\u011b se sv\u00fdm bratrem a n\u011bkolika dal\u0161\u00edmi myslivci z\u00a0\u0159ad Chuchel\u00e1k\u016f zalo\u017eili m\u00edstn\u00ed mysliveck\u00fd spolek.\u00a0 Stal se \u010dlenem \u010cesk\u00e9 spole\u010dnosti ornitologick\u00e9 a d\u00edky sv\u00e9mu z\u00e1jmu se za\u010dal v\u011bnovat fotografov\u00e1n\u00ed p\u0159\u00edrody. Jeho fotografie a texty zve\u0159ej\u0148ovan\u00e9 ve spolkov\u00fdch \u010dasopisech (nap\u0159. \u010dasopis Myslivost) zaujaly odbornou i laickou ve\u0159ejnost, a tak se Jan Rys za\u010dal v\u011bnovat ve sv\u00e9m voln\u00e9m \u010dase focen\u00ed a n\u00e1sledn\u011b i psan\u00ed knih. Prvn\u00ed vy\u0161la v\u00a0roce 1964 a jmenovala se Jaro v\u00a0z\u00e1toce rack\u016f. Popisovala p\u0159\u00edrodu v\u00a0okol\u00ed ter\u00e9nn\u00ed z\u00e1klady ornitologick\u00e9 spole\u010dnosti Velk\u00fd Tis\u00fd.\u00a0 V\u00a0rychl\u00e9m sledu vych\u00e1zely dal\u0161\u00ed knihy: Vte\u0159iny lesa, Vte\u0159iny z\u00a0pol\u00ed luk a str\u00e1n\u00ed, Chvilky za m\u011bstem, Vte\u0159iny u rybn\u00edk\u016f, \u0159ek a t\u016fn\u00ed, Sezn\u00e1men\u00ed u vody, Ryb\u00e1\u0159i sn\u016f a skute\u010dnost\u00ed.\u00a0 \u0158ada knih se do\u010dkala i zahrani\u010dn\u00edch vyd\u00e1n\u00ed v\u00a0Polsku, Francii, Nizozem\u00ed a N\u011bmecku. Sv\u00fdmi fotografiemi p\u0159isp\u011bl tak\u00e9 do mnoha atlas\u016f a dal\u0161\u00edch p\u0159ehledov\u00fdch knih.<\/p>\n<p>V\u00a060. letech byl Jan Rys tak\u00e9 \u010dast\u00fdm hostem televizn\u00edho po\u0159adu Lovy beze zbran\u00ed, kde jeho spole\u010dn\u00edky byli dal\u0161\u00ed vyprav\u011b\u010di o p\u0159\u00edrod\u011b. Vedle psan\u00ed knih a fotografov\u00e1n\u00ed a\u017e do pozdn\u00edho v\u011bku p\u0159isp\u00edval do \u0159ady \u010dasopis\u016f. Nejbli\u017e\u0161\u00ed mu byl \u010dasopis Myslivost. Jak jsme se zm\u00ednili, dlouh\u00e1 l\u00e9ta byl \u010dlenem \u010ceskomoravsk\u00e9 mysliveck\u00e9 jednoty, kde se stal zakl\u00e1daj\u00edc\u00edm \u010dlenem a tak\u00e9 prezidentem Klubu fotograf\u016f p\u0159\u00edrody. \u00a0\u017dil velice skromn\u011b, nest\u00e1l o pozornost, r\u00e1d se \u00fa\u010dastnil Svatohubertsk\u00fdch trouben\u00ed v\u00a0Chuchelsk\u00e9m h\u00e1ji a jednou se ho poda\u0159ilo p\u0159emluvit k\u00a0besed\u011b v\u00a0chuchelsk\u00e9m Klubu senior\u016f.<\/p>\n<p>Posledn\u00ed kniha, kterou ale Jan Rys nedokon\u010dil, se m\u011bla jmenovat P\u0159\u00edroda uzdravuje. Psal ji na po\u010d\u00edta\u010di, fotografie po\u0159izoval digit\u00e1ln\u00edm fotoapar\u00e1tem Canon a s\u00e1m upravoval v\u00a0programu Photoshop. Byl aktivn\u00ed a\u017e do vysok\u00e9ho v\u011bku. Zem\u0159el 9. srpna 2023.<\/p>\n<p>&nbsp;<\/p>\n<p><strong>Zaj\u00edmavosti:<\/strong><\/p>\n<ul>\n<li>Podle katalogu N\u00e1rodn\u00ed knihovny je autorem nebo spoluautorem (jako fotograf) 26 knih, mnoh\u00e9 z nich vy\u0161ly tak\u00e9 v n\u011bm\u010din\u011b, francouz\u0161tin\u011b, holand\u0161tin\u011b \u010di pol\u0161tin\u011b. \u010cesk\u00e1 vyd\u00e1n\u00ed jsou v n\u00e1sleduj\u00edc\u00edm seznamu zv\u00fdrazn\u011bna \u010derven\u011b.<\/li>\n<\/ul>\n<p><strong><span style=\"color: #ff0000;\">Jaro v z\u00e1toce rack\u016f (1964)<\/span><\/strong><br \/>\n<span style=\"color: #ff0000;\"><strong>Vte\u0159iny z lesa (1971)<\/strong><\/span><br \/>\nSur les traces des animaux (1971)<br \/>\nAuf den Spuren des Wildes (1971)<br \/>\nSur les traces des animaux (1972)<br \/>\n<strong><span style=\"color: #ff0000;\">Kapesn\u00ed atlas pt\u00e1k\u016f : pomocn\u00e1 kniha pro z\u00e1kl. dev\u00edtilet\u00e9 \u0161koly (1972 &#8211; foto)<\/span><\/strong><br \/>\n<strong><span style=\"color: #ff0000;\">Jak \u017eivo\u010dichov\u00e9 l\u00e9taj\u00ed : popul\u00e1rn\u011b nau\u010dn\u00e1 dopl\u0148kov\u00e1 \u010detba pro \u017eactvo\u00a0 (1972 &#8211; foto)<\/span><\/strong><br \/>\n<strong><span style=\"color: #ff0000;\">Atlas obratlovc\u016f. 3, Pt\u00e1ci (1972 &#8211; foto)<\/span><\/strong><br \/>\n<strong><span style=\"color: #ff0000;\">Vte\u0159iny z pol\u00ed, luk a str\u00e1n\u00ed (1973)<\/span><\/strong><br \/>\nSur les traces des animaux (1973)<br \/>\n<span style=\"color: #ff0000;\"><strong>Chvilky za m\u011bstem (1973)<\/strong><\/span><br \/>\n\u015aladami zwierz\u0105t (1974)<br \/>\nDierenleven in het wild (1974)<br \/>\nSur les traces des animaux (1975)<br \/>\n<strong><span style=\"color: #ff0000;\">Atlas obratlovc\u016f. 4. [sv.], Savci (1977 &#8211; foto)<\/span><\/strong><br \/>\n<span style=\"color: #ff0000;\"><strong>Vte\u0159iny u rybn\u00edk\u016f, \u0159ek a t\u016fn\u00ed (1981)<\/strong><\/span><br \/>\n<span style=\"color: #ff0000;\"><strong>Sezn\u00e1men\u00ed u vody (1981)<\/strong><\/span><br \/>\n<span style=\"color: #ff0000;\"><strong>Ryb\u00e1\u0159i sn\u016f a skute\u010dnosti (1985)<\/strong><\/span><br \/>\n<span style=\"color: #ff0000;\"><strong>Ryby zbl\u00edzka (1989 &#8211; foto)<\/strong><\/span><br \/>\n<span style=\"color: #ff0000;\"><strong>Putov\u00e1n\u00ed \u010deskou p\u0159\u00edrodou (2009 a 2019 &#8211; foto)<\/strong><\/span><\/p>\n<ul>\n<li><a href=\"https:\/\/www.fdb.cz\/film\/lovy-beze-zbrani\/64439\" target=\"_blank\" rel=\"noopener\">O po\u0159adu Lovy beze zbran\u00ed (1962) <\/a>(odkaz je platn\u00fd k 4. 11. 2023)<\/li>\n<\/ul>\n<p>&nbsp;<\/p>\n","protected":false},"excerpt":{"rendered":"<p>Narodil se 10. z\u00e1\u0159\u00ed 1929 ve Velk\u00e9 Chuchli do rodiny z\u00e1me\u010dn\u00edka a pradleny. Otec mu zem\u0159el ve dvou letech, a nejen d\u00edky nov\u011b dostav\u011bn\u00e9mu domu se rodina se dostala do t\u00ed\u017eiv\u00e9 situace.\u00a0 Obecnou \u0161kolu absolvoval ve Velk\u00e9 Chuchli, m\u011b\u0161\u0165anku v\u00a0Radot\u00edn\u011b.\u00a0 &hellip; <a href=\"https:\/\/regionplus.cz\/chuchle\/vyznamne-osobnosti\/rys-jan\/\">Cel\u00fd p\u0159\u00edsp\u011bvek <span class=\"meta-nav\">&rarr;<\/span><\/a><\/p>\n","protected":false},"author":1,"featured_media":0,"parent":96,"menu_order":0,"comment_status":"closed","ping_status":"closed","template":"","meta":{"footnotes":""},"class_list":["post-790","page","type-page","status-publish","hentry"],"_links":{"self":[{"href":"https:\/\/regionplus.cz\/chuchle\/wp-json\/wp\/v2\/pages\/790","targetHints":{"allow":["GET"]}}],"collection":[{"href":"https:\/\/regionplus.cz\/chuchle\/wp-json\/wp\/v2\/pages"}],"about":[{"href":"https:\/\/regionplus.cz\/chuchle\/wp-json\/wp\/v2\/types\/page"}],"author":[{"embeddable":true,"href":"https:\/\/regionplus.cz\/chuchle\/wp-json\/wp\/v2\/users\/1"}],"replies":[{"embeddable":true,"href":"https:\/\/regionplus.cz\/chuchle\/wp-json\/wp\/v2\/comments?post=790"}],"version-history":[{"count":1,"href":"https:\/\/regionplus.cz\/chuchle\/wp-json\/wp\/v2\/pages\/790\/revisions"}],"predecessor-version":[{"id":792,"href":"https:\/\/regionplus.cz\/chuchle\/wp-json\/wp\/v2\/pages\/790\/revisions\/792"}],"up":[{"embeddable":true,"href":"https:\/\/regionplus.cz\/chuchle\/wp-json\/wp\/v2\/pages\/96"}],"wp:attachment":[{"href":"https:\/\/regionplus.cz\/chuchle\/wp-json\/wp\/v2\/media?parent=790"}],"curies":[{"name":"wp","href":"https:\/\/api.w.org\/{rel}","templated":true}]}}