{"id":689,"date":"2023-05-24T21:20:08","date_gmt":"2023-05-24T19:20:08","guid":{"rendered":"http:\/\/regionplus.cz\/chuchle\/?page_id=689"},"modified":"2023-05-24T21:20:08","modified_gmt":"2023-05-24T19:20:08","slug":"stiburek-karel","status":"publish","type":"page","link":"https:\/\/regionplus.cz\/chuchle\/vyznamne-osobnosti\/stiburek-karel\/","title":{"rendered":"Stib\u016frek Karel"},"content":{"rendered":"<p>Zem\u0159el 26. 12. 2016 ve v\u011bku 87 let.<\/p>\n<p>Bydli\u0161t\u011b: Strm\u00fd vrch 119<\/p>\n","protected":false},"excerpt":{"rendered":"<p>Zem\u0159el 26. 12. 2016 ve v\u011bku 87 let. Bydli\u0161t\u011b: Strm\u00fd vrch 119<\/p>\n","protected":false},"author":1,"featured_media":0,"parent":96,"menu_order":0,"comment_status":"closed","ping_status":"closed","template":"","meta":{"footnotes":""},"class_list":["post-689","page","type-page","status-publish","hentry"],"_links":{"self":[{"href":"https:\/\/regionplus.cz\/chuchle\/wp-json\/wp\/v2\/pages\/689","targetHints":{"allow":["GET"]}}],"collection":[{"href":"https:\/\/regionplus.cz\/chuchle\/wp-json\/wp\/v2\/pages"}],"about":[{"href":"https:\/\/regionplus.cz\/chuchle\/wp-json\/wp\/v2\/types\/page"}],"author":[{"embeddable":true,"href":"https:\/\/regionplus.cz\/chuchle\/wp-json\/wp\/v2\/users\/1"}],"replies":[{"embeddable":true,"href":"https:\/\/regionplus.cz\/chuchle\/wp-json\/wp\/v2\/comments?post=689"}],"version-history":[{"count":1,"href":"https:\/\/regionplus.cz\/chuchle\/wp-json\/wp\/v2\/pages\/689\/revisions"}],"predecessor-version":[{"id":690,"href":"https:\/\/regionplus.cz\/chuchle\/wp-json\/wp\/v2\/pages\/689\/revisions\/690"}],"up":[{"embeddable":true,"href":"https:\/\/regionplus.cz\/chuchle\/wp-json\/wp\/v2\/pages\/96"}],"wp:attachment":[{"href":"https:\/\/regionplus.cz\/chuchle\/wp-json\/wp\/v2\/media?parent=689"}],"curies":[{"name":"wp","href":"https:\/\/api.w.org\/{rel}","templated":true}]}}

Stibůrek Karel

<p>Zemřel 26. 12. 2016 ve věku 87 let.</p>
<p>Bydliště: Strmý vrch 119</p>

<p>Zemřel 26. 12. 2016 ve věku 87 let. Bydliště: Strmý vrch 119</p>
