{"id":684,"date":"2023-05-10T22:20:38","date_gmt":"2023-05-10T20:20:38","guid":{"rendered":"http:\/\/regionplus.cz\/chuchle\/?page_id=684"},"modified":"2025-11-12T20:25:03","modified_gmt":"2025-11-12T19:25:03","slug":"novotny-frantisek","status":"publish","type":"page","link":"https:\/\/regionplus.cz\/chuchle\/vyznamne-osobnosti\/novotny-frantisek\/","title":{"rendered":"Novotn\u00fd Franti\u0161ek"},"content":{"rendered":"<p class=\"ziv\" align=\"justify\">(22.3.1839 Kamenice nad Lipou &#8211; 3.7.1879 Mal\u00e1 Chuchle)<\/p>\n<p class=\"ziv\" align=\"justify\">Narodil se jako syn truhl\u00e1\u0159e, gymn\u00e1zium studoval v Jind\u0159ichov\u011b Hradci (kde je\u0161t\u011b jako student na sebe upozornil v\u00fdd\u00e1n\u00edm soupisu \u010desk\u00fdch ml\u017e\u016f) a po absolutoriu p\u0159e\u0161el na l\u00e9ka\u0159skou fakultu do Prahy. P\u0159i studiu pracoval jako asistent v muzeu. V roce 1864 si ho jako asistenta vybral Jan Evangelista Purkyn\u011b a v t\u00e9m\u017ee roce byl promov\u00e1n na doktora l\u00e9ka\u0159stv\u00ed. Je\u0161t\u011b p\u0159ed Purky\u0148ovou smrt\u00ed se habilitoval na docenta fyziologie a p\u0159\u00edslu\u0161n\u00fd \u00fastav po dobu Purky\u0148ovy nemoci vedl. Po smrti Purkyn\u011b usiloval o profesuru na fyziologii, ale pro r\u016fzn\u00e9 intriky ji nedos\u00e1hl a vy\u010derp\u00e1n zem\u0159el ve 40 letech v Chuchelsk\u00e9m h\u00e1ji (tvrd\u00ed se \u017ee hladem). Poh\u0159ben je na chuchelsk\u00e9m h\u0159bitov\u011b u severn\u00ed zdi.<\/p>\n<p class=\"ziv\" align=\"justify\">Na pomn\u00edku je um\u00edst\u011bna mramorov\u00e1 deska s n\u00e1pisem:<\/p>\n<p class=\"ziv\">PAM\u00c1TCE<br \/>\nMILOVAN\u00c9HO U\u010cITELE SV\u00c9HO<br \/>\nDOC. DR. FRANT. NOVOTN\u00c9HO<br \/>\nNAROZ. DNE XXII. B\u0158EZNA MDCCCXXXIX<br \/>\nZESNUL\u00c9HO DNE III. \u010cERVENCE MDCCCLXXIX<br \/>\nPOSV\u011aCUJE<br \/>\nSPOLEK MEDIK\u016e \u010cESK\u00ddCH V PRAZE<br \/>\nODHALEN DNE I. \u010cERVENCE MDCCCLXXXII.<\/p>\n<p>Na vrcholu pomn\u00edku byl um\u00edst\u011bn bronzov\u00fd reli\u00e9f s podobiznou Franti\u0161ka Novotn\u00e9ho, kter\u00fd byl ale po roce 2010 odcizen.<\/p>\n<p>&nbsp;<\/p>\n","protected":false},"excerpt":{"rendered":"<p>(22.3.1839 Kamenice nad Lipou &#8211; 3.7.1879 Mal\u00e1 Chuchle) Narodil se jako syn truhl\u00e1\u0159e, gymn\u00e1zium studoval v Jind\u0159ichov\u011b Hradci (kde je\u0161t\u011b jako student na sebe upozornil v\u00fdd\u00e1n\u00edm soupisu \u010desk\u00fdch ml\u017e\u016f) a po absolutoriu p\u0159e\u0161el na l\u00e9ka\u0159skou fakultu do Prahy. P\u0159i studiu &hellip; <a href=\"https:\/\/regionplus.cz\/chuchle\/vyznamne-osobnosti\/novotny-frantisek\/\">Cel\u00fd p\u0159\u00edsp\u011bvek <span class=\"meta-nav\">&rarr;<\/span><\/a><\/p>\n","protected":false},"author":1,"featured_media":0,"parent":96,"menu_order":0,"comment_status":"closed","ping_status":"closed","template":"","meta":{"footnotes":""},"class_list":["post-684","page","type-page","status-publish","hentry"],"_links":{"self":[{"href":"https:\/\/regionplus.cz\/chuchle\/wp-json\/wp\/v2\/pages\/684","targetHints":{"allow":["GET"]}}],"collection":[{"href":"https:\/\/regionplus.cz\/chuchle\/wp-json\/wp\/v2\/pages"}],"about":[{"href":"https:\/\/regionplus.cz\/chuchle\/wp-json\/wp\/v2\/types\/page"}],"author":[{"embeddable":true,"href":"https:\/\/regionplus.cz\/chuchle\/wp-json\/wp\/v2\/users\/1"}],"replies":[{"embeddable":true,"href":"https:\/\/regionplus.cz\/chuchle\/wp-json\/wp\/v2\/comments?post=684"}],"version-history":[{"count":3,"href":"https:\/\/regionplus.cz\/chuchle\/wp-json\/wp\/v2\/pages\/684\/revisions"}],"predecessor-version":[{"id":1219,"href":"https:\/\/regionplus.cz\/chuchle\/wp-json\/wp\/v2\/pages\/684\/revisions\/1219"}],"up":[{"embeddable":true,"href":"https:\/\/regionplus.cz\/chuchle\/wp-json\/wp\/v2\/pages\/96"}],"wp:attachment":[{"href":"https:\/\/regionplus.cz\/chuchle\/wp-json\/wp\/v2\/media?parent=684"}],"curies":[{"name":"wp","href":"https:\/\/api.w.org\/{rel}","templated":true}]}}

Novotný František

<p class="ziv" align="justify">(22.3.1839 Kamenice nad Lipou &#8211; 3.7.1879 Malá Chuchle)</p>
<p class="ziv" align="justify">Narodil se jako syn truhláře, gymnázium studoval v Jindřichově Hradci (kde ještě jako student na sebe upozornil výdáním soupisu českých mlžů) a po absolutoriu přešel na lékařskou fakultu do Prahy. Při studiu pracoval jako asistent v muzeu. V roce 1864 si ho jako asistenta vybral Jan Evangelista Purkyně a v témže roce byl promován na doktora lékařství. Ještě před Purkyňovou smrtí se habilitoval na docenta fyziologie a příslušný ústav po dobu Purkyňovy nemoci vedl. Po smrti Purkyně usiloval o profesuru na fyziologii, ale pro různé intriky ji nedosáhl a vyčerpán zemřel ve 40 letech v Chuchelském háji (tvrdí se že hladem). Pohřben je na chuchelském hřbitově u severní zdi.</p>
<p class="ziv" align="justify">Na pomníku je umístěna mramorová deska s nápisem:</p>
<p class="ziv">PAMÁTCE<br />
MILOVANÉHO UČITELE SVÉHO<br />
DOC. DR. FRANT. NOVOTNÉHO<br />
NAROZ. DNE XXII. BŘEZNA MDCCCXXXIX<br />
ZESNULÉHO DNE III. ČERVENCE MDCCCLXXIX<br />
POSVĚCUJE<br />
SPOLEK MEDIKŮ ČESKÝCH V PRAZE<br />
ODHALEN DNE I. ČERVENCE MDCCCLXXXII.</p>
<p>Na vrcholu pomníku byl umístěn bronzový reliéf s podobiznou Františka Novotného, který byl ale po roce 2010 odcizen.</p>
<p>&nbsp;</p>

<p>(22.3.1839 Kamenice nad Lipou &#8211; 3.7.1879 Malá Chuchle) Narodil se jako syn truhláře, gymnázium studoval v Jindřichově Hradci (kde ještě jako student na sebe upozornil výdáním soupisu českých mlžů) a po absolutoriu přešel na lékařskou fakultu do Prahy. Při studiu &hellip; <a href="https://regionplus.cz/chuchle/vyznamne-osobnosti/novotny-frantisek/">Celý příspěvek <span class="meta-nav">&rarr;</span></a></p>
