{"id":658,"date":"2023-05-10T20:33:33","date_gmt":"2023-05-10T18:33:33","guid":{"rendered":"http:\/\/regionplus.cz\/chuchle\/?page_id=658"},"modified":"2023-05-10T21:12:11","modified_gmt":"2023-05-10T19:12:11","slug":"valenta-bohumir","status":"publish","type":"page","link":"https:\/\/regionplus.cz\/chuchle\/vyznamne-osobnosti\/valenta-bohumir\/","title":{"rendered":"Valenta Bohum\u00edr"},"content":{"rendered":"<p>11. 12. 1937 &#8211; 2. 4. 2002<\/p>\n<p>Narodil se v Nov\u00fdch Z\u00e1mc\u00edch na Slovensku, ale d\u011btstv\u00ed pro\u017eil ve Velk\u00e9 Chuchli, kde se v rann\u00e9 dosp\u011blosti zapojil do Kolektivu satiry (KOS).\u00a0 Hr\u00e1l v Divad\u00e9lku pantomimy M. Lipinsk\u00e9ho v Praze 1959\/60 (<i>\u201e\u2026a pardon vejce&#8230;!!!\u201c, Arlecchino kurtiz\u00e1nou, Blecha, Hele-indiskret\u00e1bile, Mal\u00e9 morality<\/i> aj.), jako herec v divadle v \u0160umperku v sez\u00f3n\u011b 1960\/61, mim v kabaretn\u00edm souboru Experiment a Stop Pardubice v letech 1961\u201363, v Divadle Alfa v Plzni v letech 1963\u201365, v Divadle pantomimy Bratislava\u00a0 v letech 1965\u201367, v Kladivadle \u00dast\u00ed n. Labem v letech 1967\u201369, v Latern\u011b magice v letech 1968\u201373 (v roce 1968 p\u016fl roku s Laternou magicou hostoval v americk\u00e9m San Antoniu), pot\u00e9 p\u016fsobil ve svobodn\u00e9m povol\u00e1n\u00ed (<i>Jak se d\u011bl\u00e1 \u010dlov\u011bk;<\/i> s J. Budlovsk\u00fdm, Reduta 1972) a jako \u00fa\u0159edn\u00edk kulturn\u00edho odboru N\u00e1rodn\u00edho v\u00fdboru hl. m. Prahy. Od roku 1976\u00a0 byl um\u011bleck\u00fdm vedouc\u00edm pantomimick\u00e9ho souboru Inspirace.\u00a0 Po roce 1989 pracoval jako klaun na V\u00fdstavi\u0161ti v Hole\u0161ovic\u00edch.<\/p>\n<p>Je poh\u0159ben\u00fd na nov\u00e9m h\u0159bitov\u011b ve Velk\u00e9 Chuchli (urnov\u00fd h\u00e1j), \u010d\u00edslo hrobu 153<\/p>\n<p><b>Zdroje<\/b><\/p>\n<p><i>\u010cesk\u00fd tane\u010dn\u00ed slovn\u00edk. Tanec, balet, pantomima,<\/i>\u00a0ed. J. Hole\u0148ov\u00e1, Praha: Divadeln\u00ed \u00fastav 2001, s. 349<\/p>\n<p>PhDr. Kate\u0159ina Be\u010dkov\u00e1: <a href=\"http:\/\/www.kppardubicka.cz\/cs\/menu\/zprava\/2420-pardubickemu-stop-divadlu-byl-vymeren-jediny-rok\/\" target=\"_blank\" rel=\"noopener\">Pardubick\u00e9mu Stopdivadlu byl vym\u011b\u0159en jedin\u00fd rok, http:\/\/www.kppardubicka.cz\/<\/a>, citov\u00e1no dne: 10. 5. 2023<\/p>\n<p>Tom\u00e1\u0161 Male\u010dek:<a href=\"https:\/\/dspace.cuni.cz\/bitstream\/handle\/20.500.11956\/152196\/Tomas_Malecek_184-207.pdf?sequence=1&amp;isAllowed=y\"> Normaliza\u010dn\u00ed \u0161r\u00e1my na du\u0161i Divadla J\u00e1ry Cimrmana, Historie &#8211; ot\u00e1zky &#8211; probl\u00e9my 1\/2021, s. 191,<\/a> citov\u00e1no dne: 10. 5. 2023<\/p>\n<p>&nbsp;<\/p>\n","protected":false},"excerpt":{"rendered":"<p>11. 12. 1937 &#8211; 2. 4. 2002 Narodil se v Nov\u00fdch Z\u00e1mc\u00edch na Slovensku, ale d\u011btstv\u00ed pro\u017eil ve Velk\u00e9 Chuchli, kde se v rann\u00e9 dosp\u011blosti zapojil do Kolektivu satiry (KOS).\u00a0 Hr\u00e1l v Divad\u00e9lku pantomimy M. Lipinsk\u00e9ho v Praze 1959\/60 (\u201e\u2026a &hellip; <a href=\"https:\/\/regionplus.cz\/chuchle\/vyznamne-osobnosti\/valenta-bohumir\/\">Cel\u00fd p\u0159\u00edsp\u011bvek <span class=\"meta-nav\">&rarr;<\/span><\/a><\/p>\n","protected":false},"author":1,"featured_media":0,"parent":96,"menu_order":0,"comment_status":"closed","ping_status":"closed","template":"","meta":{"footnotes":""},"class_list":["post-658","page","type-page","status-publish","hentry"],"_links":{"self":[{"href":"https:\/\/regionplus.cz\/chuchle\/wp-json\/wp\/v2\/pages\/658","targetHints":{"allow":["GET"]}}],"collection":[{"href":"https:\/\/regionplus.cz\/chuchle\/wp-json\/wp\/v2\/pages"}],"about":[{"href":"https:\/\/regionplus.cz\/chuchle\/wp-json\/wp\/v2\/types\/page"}],"author":[{"embeddable":true,"href":"https:\/\/regionplus.cz\/chuchle\/wp-json\/wp\/v2\/users\/1"}],"replies":[{"embeddable":true,"href":"https:\/\/regionplus.cz\/chuchle\/wp-json\/wp\/v2\/comments?post=658"}],"version-history":[{"count":5,"href":"https:\/\/regionplus.cz\/chuchle\/wp-json\/wp\/v2\/pages\/658\/revisions"}],"predecessor-version":[{"id":663,"href":"https:\/\/regionplus.cz\/chuchle\/wp-json\/wp\/v2\/pages\/658\/revisions\/663"}],"up":[{"embeddable":true,"href":"https:\/\/regionplus.cz\/chuchle\/wp-json\/wp\/v2\/pages\/96"}],"wp:attachment":[{"href":"https:\/\/regionplus.cz\/chuchle\/wp-json\/wp\/v2\/media?parent=658"}],"curies":[{"name":"wp","href":"https:\/\/api.w.org\/{rel}","templated":true}]}}

Valenta Bohumír

<p>11. 12. 1937 &#8211; 2. 4. 2002</p>
<p>Narodil se v Nových Zámcích na Slovensku, ale dětství prožil ve Velké Chuchli, kde se v ranné dospělosti zapojil do Kolektivu satiry (KOS).  Hrál v Divadélku pantomimy M. Lipinského v Praze 1959/60 (<i>„…a pardon vejce&#8230;!!!“, Arlecchino kurtizánou, Blecha, Hele-indiskretábile, Malé morality</i> aj.), jako herec v divadle v Šumperku v sezóně 1960/61, mim v kabaretním souboru Experiment a Stop Pardubice v letech 1961–63, v Divadle Alfa v Plzni v letech 1963–65, v Divadle pantomimy Bratislava  v letech 1965–67, v Kladivadle Ústí n. Labem v letech 1967–69, v Laterně magice v letech 1968–73 (v roce 1968 půl roku s Laternou magicou hostoval v americkém San Antoniu), poté působil ve svobodném povolání (<i>Jak se dělá člověk;</i> s J. Budlovským, Reduta 1972) a jako úředník kulturního odboru Národního výboru hl. m. Prahy. Od roku 1976  byl uměleckým vedoucím pantomimického souboru Inspirace.  Po roce 1989 pracoval jako klaun na Výstavišti v Holešovicích.</p>
<p>Je pohřbený na novém hřbitově ve Velké Chuchli (urnový háj), číslo hrobu 153</p>
<p><b>Zdroje</b></p>
<p><i>Český taneční slovník. Tanec, balet, pantomima,</i> ed. J. Holeňová, Praha: Divadelní ústav 2001, s. 349</p>
<p>PhDr. Kateřina Bečková: <a href="http://www.kppardubicka.cz/cs/menu/zprava/2420-pardubickemu-stop-divadlu-byl-vymeren-jediny-rok/" target="_blank" rel="noopener">Pardubickému Stopdivadlu byl vyměřen jediný rok, http://www.kppardubicka.cz/</a>, citováno dne: 10. 5. 2023</p>
<p>Tomáš Maleček:<a href="https://dspace.cuni.cz/bitstream/handle/20.500.11956/152196/Tomas_Malecek_184-207.pdf?sequence=1&amp;isAllowed=y"> Normalizační šrámy na duši Divadla Járy Cimrmana, Historie &#8211; otázky &#8211; problémy 1/2021, s. 191,</a> citováno dne: 10. 5. 2023</p>
<p>&nbsp;</p>

<p>11. 12. 1937 &#8211; 2. 4. 2002 Narodil se v Nových Zámcích na Slovensku, ale dětství prožil ve Velké Chuchli, kde se v ranné dospělosti zapojil do Kolektivu satiry (KOS).  Hrál v Divadélku pantomimy M. Lipinského v Praze 1959/60 („…a &hellip; <a href="https://regionplus.cz/chuchle/vyznamne-osobnosti/valenta-bohumir/">Celý příspěvek <span class="meta-nav">&rarr;</span></a></p>
