{"id":651,"date":"2023-05-10T19:20:57","date_gmt":"2023-05-10T17:20:57","guid":{"rendered":"http:\/\/regionplus.cz\/chuchle\/?page_id=651"},"modified":"2023-05-10T20:25:55","modified_gmt":"2023-05-10T18:25:55","slug":"valasek-josef","status":"publish","type":"page","link":"https:\/\/regionplus.cz\/chuchle\/vyznamne-osobnosti\/valasek-josef\/","title":{"rendered":"Val\u00e1\u0161ek Josef"},"content":{"rendered":"<p>D\u011bkan Josef Val\u00e1\u0161ek slou\u017eil ve 30. a 40. letech m\u0161e v chuchelsk\u00fdch kostelech. Zem\u0159el 10. 11. 1947. Poh\u0159ben ve Velk\u00e9 Chuchli, na star\u00e9m h\u0159bitov\u011b v hrob\u011b \u010d. 1.<\/p>\n","protected":false},"excerpt":{"rendered":"<p>D\u011bkan Josef Val\u00e1\u0161ek slou\u017eil ve 30. a 40. letech m\u0161e v chuchelsk\u00fdch kostelech. Zem\u0159el 10. 11. 1947. Poh\u0159ben ve Velk\u00e9 Chuchli, na star\u00e9m h\u0159bitov\u011b v hrob\u011b \u010d. 1.<\/p>\n","protected":false},"author":1,"featured_media":0,"parent":96,"menu_order":0,"comment_status":"closed","ping_status":"closed","template":"","meta":{"footnotes":""},"class_list":["post-651","page","type-page","status-publish","hentry"],"_links":{"self":[{"href":"https:\/\/regionplus.cz\/chuchle\/wp-json\/wp\/v2\/pages\/651","targetHints":{"allow":["GET"]}}],"collection":[{"href":"https:\/\/regionplus.cz\/chuchle\/wp-json\/wp\/v2\/pages"}],"about":[{"href":"https:\/\/regionplus.cz\/chuchle\/wp-json\/wp\/v2\/types\/page"}],"author":[{"embeddable":true,"href":"https:\/\/regionplus.cz\/chuchle\/wp-json\/wp\/v2\/users\/1"}],"replies":[{"embeddable":true,"href":"https:\/\/regionplus.cz\/chuchle\/wp-json\/wp\/v2\/comments?post=651"}],"version-history":[{"count":5,"href":"https:\/\/regionplus.cz\/chuchle\/wp-json\/wp\/v2\/pages\/651\/revisions"}],"predecessor-version":[{"id":656,"href":"https:\/\/regionplus.cz\/chuchle\/wp-json\/wp\/v2\/pages\/651\/revisions\/656"}],"up":[{"embeddable":true,"href":"https:\/\/regionplus.cz\/chuchle\/wp-json\/wp\/v2\/pages\/96"}],"wp:attachment":[{"href":"https:\/\/regionplus.cz\/chuchle\/wp-json\/wp\/v2\/media?parent=651"}],"curies":[{"name":"wp","href":"https:\/\/api.w.org\/{rel}","templated":true}]}}