{"id":619,"date":"2023-04-18T23:43:42","date_gmt":"2023-04-18T21:43:42","guid":{"rendered":"http:\/\/regionplus.cz\/chuchle\/?page_id=619"},"modified":"2025-09-23T12:07:18","modified_gmt":"2025-09-23T10:07:18","slug":"kino","status":"publish","type":"page","link":"https:\/\/regionplus.cz\/chuchle\/kultura\/kino\/","title":{"rendered":"Kino"},"content":{"rendered":"<p>Kino pat\u0159ilo ve 20. stolet\u00ed neodmysliteln\u011b ke koloritu Velk\u00e9 Chuchle. Od roku 1926 do roku 1994 ho m\u011blo mo\u017enost nav\u0161t\u011bvovat n\u011bkolik generac\u00ed obyvatel.\u00a0 V pr\u016fb\u011bhu let neslo n\u011bkolik n\u00e1zv\u016f: Bio Sokol, Kino Velk\u00e1 Chuchle nebo Kino Derby. Pam\u011btn\u00edci si vzpom\u00ednaj\u00ed, \u017ee se nejprve prom\u00edtalo v s\u00e1le restaurace &#8222;U T\u016fm\u016f.&#8220;<\/p>\n<p>Vlastn\u00ed s\u00e1l kina se nach\u00e1zel\u00a0 od roku 1929\u00a0 v centru obce, v dom\u011b tzv. \u010din\u017e\u00e1ku (\u010dp. 182, 192). Vstupovalo se do n\u011bj nejprve z domovn\u00ed chodby p\u0159es prostor pokladny, v posledn\u00edm obdob\u00ed existence pak byl vybudov\u00e1n vstup sm\u011brem od potoka, za kter\u00fdm vznikla \u0161atna s pokladnou. Zven\u010d\u00ed po sch\u016fdk\u00e1ch vstupoval prom\u00edta\u010d do prom\u00edtac\u00ed kabiny. Kino neslou\u017eilo jenom k prom\u00edt\u00e1n\u00ed film\u016f, konala se zde tak\u00e9 r\u016fzn\u00e1 setk\u00e1n\u00ed a spole\u010densk\u00e9 akce.<\/p>\n<p>&nbsp;<\/p>\n<p><strong>Vzpom\u00ednka na 80. l\u00e9ta<\/strong><\/p>\n<p>Pat\u0159ilo k m\u00edstn\u00edmu folkl\u00f3ru, \u017ee potenci\u00e1ln\u00ed div\u00e1ci, v\u017edy p\u0159ich\u00e1zeli ke kinu s t\u00e1zav\u00fdm pohledem. Bude se hr\u00e1t? Nebude se hr\u00e1t? Bu\u010f se nehr\u00e1lo proto, \u017ee p\u0159et\u00e9kala nedalek\u00e1 odpadn\u00ed j\u00edmka nebo byl nedostatek div\u00e1k\u016f. To v\u0161ak ji\u017e zlat\u00e1 \u00e9ra chuchelsk\u00e9ho kina dozn\u00edvala (nejv\u011bt\u0161\u00ed n\u00e1v\u0161t\u011bvnost toti\u017e kino zaznamenalo v obdob\u00ed od 30. do 60. let. 20. stolet\u00ed). Vzpom\u00edn\u00e1m na d\u011btsk\u00e1 p\u0159edstaven\u00ed, kter\u00e1 se konala ka\u017ed\u00fd p\u00e1tek od 17 hodin, na kter\u00e1 jsme se v\u0161ichni t\u011b\u0161ili. Vstupn\u00e9 \u010dinilo tehdy 1 K\u010ds a my jsme l\u00edzali pl\u00e1tno z prvn\u00ed \u0159ady. P\u0159ed p\u0159edstaven\u00edm jsme si nakoupili sladkosti u pan\u00ed Hole\u010dkov\u00e9 v nedalek\u00e9 cukr\u00e1rn\u011b (obl\u00edben\u00e9 byly pendreky, l\u00e9korky, sladk\u00e9 suky).<\/p>\n<p>Kino o sv\u00e9m programu informovalo v\u017edy na v\u00fdv\u011bsk\u00e1ch na dom\u011b, ob\u010das se program objevoval i v denn\u00edm tisku (pravideln\u011b pouze v Lidov\u00e9 demokracii a Ve\u010dern\u00ed Praze). Filmy se pos\u00edlaly jako sp\u011b\u0161nina vlakem do stanice Praha &#8211; Radot\u00edn, kde je spr\u00e1vce kina\u00a0 pan Karel Hejda v\u017edy vyzvedl a dovezl do Chuchle, po produkci je zase vezl nazp\u011bt. Odtud vlakem putovaly zp\u011bt do Prahy.<\/p>\n<p>V\u011bt\u0161\u00edch zm\u011bn doznalo kino na konci osmdes\u00e1t\u00fdch let minul\u00e9ho stolet\u00ed, kdy byla provedena kompletn\u00ed adaptace. Tehdy byl prom\u00edta\u010dem pan Ro\u017e\u00e1nek. Opticky se kino zmen\u0161ilo, vstup z chodby byl zazd\u011bn, kancel\u00e1\u0159 kina pronajata a nov\u00fd vstup \u00a0byl tentokr\u00e1t \u0159e\u0161en zezadu ze dvora. Bylo vybudov\u00e1no soci\u00e1ln\u00ed za\u0159\u00edzen\u00ed i mal\u00e1 \u0161atna. Kino bylo lad\u011bn\u00e9 do hn\u011bd\u00e9 barvy, sedadla byla mnohem pohodln\u011bj\u0161\u00ed. V t\u00e9 dob\u011b se je\u0161t\u011b hr\u00e1lo i \u010dty\u0159ikr\u00e1t t\u00fddn\u011b. Filmy jako Vesni\u010dko m\u00e1 st\u0159ediskov\u00e1 nebo Slunce, seno&#8230; byly beznad\u011bjn\u011b vypr1odan\u00e9. To se pak na dve\u0159\u00edch zcela v\u00fdjime\u010dn\u011b objevila cedule \u201evyprod\u00e1no\u201d.<\/p>\n<p>\u00dapadek kina nastal po roce 1989, kdy do\u0161lo ke zlep\u0161en\u00ed p\u0159\u00edjmu televizn\u00edho sign\u00e1lu a kvalitativn\u00edmu zlep\u0161en\u00ed televizn\u00edch program\u016f. (Nez\u00e1jmu musela \u010delit ostatn\u011b i m\u00edstn\u00ed knihovna). K nez\u00e1jmu div\u00e1k\u016f se p\u0159ipojily i zv\u00fd\u0161en\u00e9 n\u00e1roky ze strany distributora filmov\u00fdch kopi\u00ed Lucernafilmu, kter\u00fd za zap\u016fj\u010den\u00ed kopie po\u017eadoval nehor\u00e1zn\u00e9 poplatky. V roce 1993 za\u0159adil Lucernafilm chuchelsk\u00e9 kino do tzv. II. okruhu, \u010d\u00edm\u017e ho vlastn\u011b odsoudil k \u00fapln\u00e9mu z\u00e1niku, proto\u017ee novinky se v Chuchli prom\u00edtaly cca s 2-3 m\u011bs\u00ed\u010dn\u00edm zpo\u017ed\u011bn\u00edm, co\u017e div\u00e1ky zrovna nep\u0159il\u00e1kalo.<\/p>\n<p>Situace dosp\u011bla tak daleko, \u017ee se vedouc\u00ed kina pan\u00ed Jana Hejdov\u00e1 rozhodla v roce 1993 p\u0159eru\u0161it provoz kina od 1. kv\u011btna do 30. z\u00e1\u0159\u00ed. V dob\u011b p\u0159est\u00e1vky bylo kino uzav\u0159eno, konaly se zde podle protokol\u016f um\u00edst\u011bn\u00fdch v archivu \u00daM\u010c\u00a0 pouze p\u0159edn\u00e1\u0161ky a semin\u00e1\u0159e sv\u011bdk\u016f Jehovov\u00fdch. Pr\u016fm\u011brn\u00e1 n\u00e1v\u0161t\u011bvnost v t\u00e9to zkr\u00e1cen\u00e9 sez\u00f3n\u011b \u010dinila 13 n\u00e1v\u0161t\u011bvn\u00edk\u016f na p\u0159edstaven\u00ed.<\/p>\n<p>31. kv\u011btna 1994 bylo m\u00edstn\u00edm zastupitelstvem rozhodnuto, \u017ee kino bude k 30. dubnu 1994 zru\u0161eno, ve\u0161ker\u00e9 finan\u010dn\u00ed prost\u0159edky i vyu\u017eiteln\u00e9 v\u011bci z kina p\u0159evedeny na m\u00edstn\u00ed \u00fa\u0159ad. Posledn\u00edm prom\u00edtan\u00fdm filmem se tak stal Bumerang (z produkce USA), prom\u00edtan\u00fd 26. dubna 1994 (n\u00e1v\u0161t\u011bva 9 div\u00e1k\u016f, tr\u017eba 162,- K\u010d).<\/p>\n<p>Prostory slou\u017eily potom ke komer\u010dn\u00edm prezentac\u00edm r\u016fzn\u00fdch firem a n\u011bkdy i osv\u011btov\u00e9 \u010dinnosti. V roce 1995 se zde konala \u010d\u00e1st oslav 50. v\u00fdro\u010d\u00ed Pra\u017esk\u00e9ho povst\u00e1n\u00ed (slavnostn\u00ed projev starosty m\u011bstsk\u00e9 \u010d\u00e1sti Praha &#8211; Velk\u00e1 Chuchle Ing. Franti\u0161ka Lap\u00e1\u010dka). Cel\u00fd objekt byl vr\u00e1cen v restituci, radnice odsud odstranila sv\u016fj majetek. Pak zde byl otev\u0159en Billiard bar club, propojen\u00fd s prostory b\u00fdval\u00e9ho \u0159eznictv\u00ed (a pozd\u011bji obuvnictv\u00ed) do ulice Starochuchelsk\u00e9, kter\u00fd nahradil Klub Jahoda, kde se sch\u00e1zela ml\u00e1de\u017e. Pozd\u011bji byly tyto prostory spojeny s vedlej\u0161\u00ed prodejnou &#8211; Ve\u010derkou a dodnes slou\u017e\u00ed jako sklad.<\/p>\n<p>Prom\u00edta\u010dka MEOPTON 3, s technologi\u00ed zvuku ARS 934 se zastavila. U\u017e nikdy neusly\u0161\u00edme jej\u00ed vrkot, prask\u00e1n\u00ed a st\u0159\u00edbrn\u00e9 pl\u00e1tno z\u016fstane pohasl\u00e9&#8230;<\/p>\n","protected":false},"excerpt":{"rendered":"<p>Kino pat\u0159ilo ve 20. stolet\u00ed neodmysliteln\u011b ke koloritu Velk\u00e9 Chuchle. Od roku 1926 do roku 1994 ho m\u011blo mo\u017enost nav\u0161t\u011bvovat n\u011bkolik generac\u00ed obyvatel.\u00a0 V pr\u016fb\u011bhu let neslo n\u011bkolik n\u00e1zv\u016f: Bio Sokol, Kino Velk\u00e1 Chuchle nebo Kino Derby. Pam\u011btn\u00edci si vzpom\u00ednaj\u00ed, &hellip; <a href=\"https:\/\/regionplus.cz\/chuchle\/kultura\/kino\/\">Cel\u00fd p\u0159\u00edsp\u011bvek <span class=\"meta-nav\">&rarr;<\/span><\/a><\/p>\n","protected":false},"author":1,"featured_media":0,"parent":265,"menu_order":0,"comment_status":"closed","ping_status":"closed","template":"","meta":{"footnotes":""},"class_list":["post-619","page","type-page","status-publish","hentry"],"_links":{"self":[{"href":"https:\/\/regionplus.cz\/chuchle\/wp-json\/wp\/v2\/pages\/619","targetHints":{"allow":["GET"]}}],"collection":[{"href":"https:\/\/regionplus.cz\/chuchle\/wp-json\/wp\/v2\/pages"}],"about":[{"href":"https:\/\/regionplus.cz\/chuchle\/wp-json\/wp\/v2\/types\/page"}],"author":[{"embeddable":true,"href":"https:\/\/regionplus.cz\/chuchle\/wp-json\/wp\/v2\/users\/1"}],"replies":[{"embeddable":true,"href":"https:\/\/regionplus.cz\/chuchle\/wp-json\/wp\/v2\/comments?post=619"}],"version-history":[{"count":3,"href":"https:\/\/regionplus.cz\/chuchle\/wp-json\/wp\/v2\/pages\/619\/revisions"}],"predecessor-version":[{"id":622,"href":"https:\/\/regionplus.cz\/chuchle\/wp-json\/wp\/v2\/pages\/619\/revisions\/622"}],"up":[{"embeddable":true,"href":"https:\/\/regionplus.cz\/chuchle\/wp-json\/wp\/v2\/pages\/265"}],"wp:attachment":[{"href":"https:\/\/regionplus.cz\/chuchle\/wp-json\/wp\/v2\/media?parent=619"}],"curies":[{"name":"wp","href":"https:\/\/api.w.org\/{rel}","templated":true}]}}