{"id":571,"date":"2023-04-05T22:26:47","date_gmt":"2023-04-05T20:26:47","guid":{"rendered":"http:\/\/regionplus.cz\/chuchle\/?page_id=571"},"modified":"2023-04-05T22:27:00","modified_gmt":"2023-04-05T20:27:00","slug":"mensl-frantisek","status":"publish","type":"page","link":"https:\/\/regionplus.cz\/chuchle\/vyznamne-osobnosti\/mensl-frantisek\/","title":{"rendered":"Men\u0161l Franti\u0161ek"},"content":{"rendered":"<p><a href=\"http:\/\/regionplus.cz\/chuchle\/wp-content\/uploads\/sites\/2\/2023\/04\/frantisek_mensl.jpg\"><img loading=\"lazy\" decoding=\"async\" class=\"alignright size-full wp-image-572\" src=\"http:\/\/regionplus.cz\/chuchle\/wp-content\/uploads\/sites\/2\/2023\/04\/frantisek_mensl.jpg\" alt=\"\" width=\"287\" height=\"268\" \/><\/a>Motocyklov\u00fd z\u00e1vodn\u00edk, soupe\u0159 Franti\u0161ka \u0160\u0165astn\u00e9ho.<\/p>\n<p>\u00da\u010dastnil se mj. z\u00e1vodu Velk\u00e1 cena Prahy (16. \u010dervna 1946) mezi Motolem a Ko\u0161\u00ed\u0159emi, kde byl zachycen\u00fd i filmovou kamerou. Zdroj: \u010cesk\u00e1 televize, Hled\u00e1n\u00ed ztracen\u00e9ho \u010dasu<\/p>\n<p>\u017dil na adrese V Uli\u010dce 3, Mal\u00e1 Chuchle<\/p>\n<p>Po 2. sv\u011btov\u00e9 v\u00e1lce vlastnil automobil Tatra T52 Sport Cabriolet z roku 1932. Byl ur\u010den pro tov\u00e1rn\u00edka\u00a0 vyn\u00e1lezce Franti\u0161ka Chvojku z P\u0159elou\u010de. Ten jej ale nechal p\u0159estav\u011bt podle sv\u00e9ho n\u00e1vrhu ve stylu karos\u00e1\u0159\u016f Sodomky a Uhl\u00edka. Je um\u00edst\u011bn\u00fd od roku 2015 v Auto Moto Muzeu Oldtimer v Kop\u0159ivnici. Viz <a href=\"https:\/\/www.autokaleidoskop.cz\/Historie\/Auto-Moto-Muzeum-Oldtimer-v-Koprivnici\/\" target=\"_blank\" rel=\"noopener\">Autokaleidoskop<\/a> (citov\u00e1no 5. 4. 2023)<\/p>\n<p>V roce 1974 vlastnil z\u00e1vodn\u00ed stroj Indian Altoona 750 OHV (se kter\u00fdm byla odjeta prvn\u00ed Zlat\u00e1 p\u0159ilba). Viz <a href=\"https:\/\/www.motorkari.cz\/clanky\/veterani\/jan-pestal-vzpominky-indianskeho-nacelnika-49088.html\" target=\"_blank\" rel=\"noopener\">Jan Pe\u0161t\u00e1l: Vzpom\u00ednky indi\u00e1nsk\u00e9ho n\u00e1\u010deln\u00edka<\/a> (citov\u00e1no 5. 4. 2023)<\/p>\n","protected":false},"excerpt":{"rendered":"<p>Motocyklov\u00fd z\u00e1vodn\u00edk, soupe\u0159 Franti\u0161ka \u0160\u0165astn\u00e9ho. \u00da\u010dastnil se mj. z\u00e1vodu Velk\u00e1 cena Prahy (16. \u010dervna 1946) mezi Motolem a Ko\u0161\u00ed\u0159emi, kde byl zachycen\u00fd i filmovou kamerou. Zdroj: \u010cesk\u00e1 televize, Hled\u00e1n\u00ed ztracen\u00e9ho \u010dasu \u017dil na adrese V Uli\u010dce 3, Mal\u00e1 Chuchle Po &hellip; <a href=\"https:\/\/regionplus.cz\/chuchle\/vyznamne-osobnosti\/mensl-frantisek\/\">Cel\u00fd p\u0159\u00edsp\u011bvek <span class=\"meta-nav\">&rarr;<\/span><\/a><\/p>\n","protected":false},"author":1,"featured_media":0,"parent":96,"menu_order":0,"comment_status":"closed","ping_status":"closed","template":"","meta":{"footnotes":""},"class_list":["post-571","page","type-page","status-publish","hentry"],"_links":{"self":[{"href":"https:\/\/regionplus.cz\/chuchle\/wp-json\/wp\/v2\/pages\/571","targetHints":{"allow":["GET"]}}],"collection":[{"href":"https:\/\/regionplus.cz\/chuchle\/wp-json\/wp\/v2\/pages"}],"about":[{"href":"https:\/\/regionplus.cz\/chuchle\/wp-json\/wp\/v2\/types\/page"}],"author":[{"embeddable":true,"href":"https:\/\/regionplus.cz\/chuchle\/wp-json\/wp\/v2\/users\/1"}],"replies":[{"embeddable":true,"href":"https:\/\/regionplus.cz\/chuchle\/wp-json\/wp\/v2\/comments?post=571"}],"version-history":[{"count":1,"href":"https:\/\/regionplus.cz\/chuchle\/wp-json\/wp\/v2\/pages\/571\/revisions"}],"predecessor-version":[{"id":573,"href":"https:\/\/regionplus.cz\/chuchle\/wp-json\/wp\/v2\/pages\/571\/revisions\/573"}],"up":[{"embeddable":true,"href":"https:\/\/regionplus.cz\/chuchle\/wp-json\/wp\/v2\/pages\/96"}],"wp:attachment":[{"href":"https:\/\/regionplus.cz\/chuchle\/wp-json\/wp\/v2\/media?parent=571"}],"curies":[{"name":"wp","href":"https:\/\/api.w.org\/{rel}","templated":true}]}}

Menšl František

<p><a href="http://regionplus.cz/chuchle/wp-content/uploads/sites/2/2023/04/frantisek_mensl.jpg"><img loading="lazy" decoding="async" class="alignright size-full wp-image-572" src="http://regionplus.cz/chuchle/wp-content/uploads/sites/2/2023/04/frantisek_mensl.jpg" alt="" width="287" height="268" /></a>Motocyklový závodník, soupeř Františka Šťastného.</p>
<p>Účastnil se mj. závodu Velká cena Prahy (16. června 1946) mezi Motolem a Košířemi, kde byl zachycený i filmovou kamerou. Zdroj: Česká televize, Hledání ztraceného času</p>
<p>Žil na adrese V Uličce 3, Malá Chuchle</p>
<p>Po 2. světové válce vlastnil automobil Tatra T52 Sport Cabriolet z roku 1932. Byl určen pro továrníka  vynálezce Františka Chvojku z Přelouče. Ten jej ale nechal přestavět podle svého návrhu ve stylu karosářů Sodomky a Uhlíka. Je umístěný od roku 2015 v Auto Moto Muzeu Oldtimer v Kopřivnici. Viz <a href="https://www.autokaleidoskop.cz/Historie/Auto-Moto-Muzeum-Oldtimer-v-Koprivnici/" target="_blank" rel="noopener">Autokaleidoskop</a> (citováno 5. 4. 2023)</p>
<p>V roce 1974 vlastnil závodní stroj Indian Altoona 750 OHV (se kterým byla odjeta první Zlatá přilba). Viz <a href="https://www.motorkari.cz/clanky/veterani/jan-pestal-vzpominky-indianskeho-nacelnika-49088.html" target="_blank" rel="noopener">Jan Peštál: Vzpomínky indiánského náčelníka</a> (citováno 5. 4. 2023)</p>

<p>Motocyklový závodník, soupeř Františka Šťastného. Účastnil se mj. závodu Velká cena Prahy (16. června 1946) mezi Motolem a Košířemi, kde byl zachycený i filmovou kamerou. Zdroj: Česká televize, Hledání ztraceného času Žil na adrese V Uličce 3, Malá Chuchle Po &hellip; <a href="https://regionplus.cz/chuchle/vyznamne-osobnosti/mensl-frantisek/">Celý příspěvek <span class="meta-nav">&rarr;</span></a></p>
