{"id":564,"date":"2022-09-26T10:22:29","date_gmt":"2022-09-26T08:22:29","guid":{"rendered":"http:\/\/regionplus.cz\/chuchle\/?page_id=564"},"modified":"2024-06-27T12:31:17","modified_gmt":"2024-06-27T10:31:17","slug":"zvonicka-na-namesti-chuchelskych-bojovniku","status":"publish","type":"page","link":"https:\/\/regionplus.cz\/chuchle\/zajimavosti\/zvonicka-na-namesti-chuchelskych-bojovniku\/","title":{"rendered":"Zvoni\u010dka na n\u00e1m\u011bst\u00ed Chuchelsk\u00fdch bojovn\u00edk\u016f"},"content":{"rendered":"<p><a href=\"http:\/\/regionplus.cz\/chuchle\/wp-content\/uploads\/sites\/2\/2023\/11\/zvonicka-chuchle-vyrez-pohlednice.jpg\"><img loading=\"lazy\" decoding=\"async\" class=\"alignright size-medium wp-image-1045\" src=\"http:\/\/regionplus.cz\/chuchle\/wp-content\/uploads\/sites\/2\/2023\/11\/zvonicka-chuchle-vyrez-pohlednice-165x300.jpg\" alt=\"\" width=\"165\" height=\"300\" srcset=\"https:\/\/regionplus.cz\/chuchle\/wp-content\/uploads\/sites\/2\/2023\/11\/zvonicka-chuchle-vyrez-pohlednice-165x300.jpg 165w, https:\/\/regionplus.cz\/chuchle\/wp-content\/uploads\/sites\/2\/2023\/11\/zvonicka-chuchle-vyrez-pohlednice.jpg 329w\" sizes=\"auto, (max-width: 165px) 100vw, 165px\" \/><\/a>21. srpna 1751 byl v habsbursk\u00e9 monarchii vyd\u00e1n oh\u0148ov\u00fd patent Marie Terezie. Z\u00e1konn\u00e1 \u00faprava tehdy p\u0159inesla prvn\u00ed protipo\u017e\u00e1rn\u00ed z\u00e1sady p\u0159i v\u00fdstavb\u011b dom\u016f, ale tak\u00e9 povinnost vybavit obce zvoni\u010dkami. Z\u0159ejm\u011b v reakci na toto na\u0159\u00edzen\u00ed vznikla ve Velk\u00e9 Chuchli prvn\u00ed zvoni\u010dka.<\/p>\n<p>Podle vzpom\u00ednek p\u0159ed\u00e1van\u00fdch z generace na generaci se jednalo o jednoduch\u00fd rozsochat\u00fd k\u016fl \u2013 tzv. dvoj\u00e1k, kde byl zav\u011b\u0161en\u00fd zvon. Doklad\u00a0 existenci zvoni\u010dky zve\u0159ejnila v roce 1995 pan\u00ed Ing. Kv\u011bta Pec\u00e1kov\u00e1, kter\u00e1 na p\u016fd\u011b objevila pozn\u00e1mky sv\u00e9ho prad\u011bde\u010dka Jana P\u0159\u00edhody (1838 &#8211; 1880). D\u00edky nim se dozv\u00edd\u00e1me, \u017ee zvoni\u010dka byla u \u010dp. 2. Dokladem, \u017ee zde zvoni\u010dka skute\u010dn\u011b byla je tak\u00e9 pom\u00edstn\u00ed jm\u00e9no \u201eZvone\u010dkovna,\u201c kter\u00e9 dosud pou\u017e\u00edv\u00e1 nejstar\u0161\u00ed generace Chuchel\u00e1k\u016f (pam\u011btn\u00edci si jist\u011b vzpomenou, \u017ee v are\u00e1lu domu, kde bydleli dlouh\u00e1 l\u00e9ta man\u017eel\u00e9 Markovi, byla kdysi mo\u0161t\u00e1rna m\u00edstn\u00edch zahr\u00e1dk\u00e1\u0159\u016f).<\/p>\n<p>Jan P\u0159\u00edhoda tak\u00e9 zaznamenal, \u017ee sou\u010dasn\u00e1 zd\u011bn\u00e1 zvoni\u010dka na n\u00e1m\u011bst\u00ed Chuchelsk\u00fdch bojovn\u00edk\u016f byla postavena v roce 1877. Le\u017e\u00ed na obecn\u00edm pozemku a bezprost\u0159edn\u011b p\u0159il\u00e9h\u00e1 ke zdi \u010cejkova statku \u010dp. 4 a sousedn\u00edho \u010dp. 11.<\/p>\n<p>O tom, \u017ee obec m\u011bla sv\u00e9ho zvon\u00edka, pod\u00e1v\u00e1 sv\u011bdectv\u00ed obecn\u00ed kronika. Kronik\u00e1\u0159 Alb\u00edn Dvo\u0159\u00e1\u010dek zp\u011btn\u011b zaznamenal k roku 1925, \u017ee obec m\u011bla sv\u00e9ho zvon\u00edka. Ten zvonil p\u0159i poh\u0159bech a tak\u00e9 tzv. klek\u00e1n\u00ed. \u0160lo o zvon\u011bn\u00ed, kter\u00e9 se opakovalo t\u0159ikr\u00e1t denn\u011b \u2013 r\u00e1no, v poledne a ve\u010der. Klek\u00e1n\u00ed slou\u017eilo k ur\u010dov\u00e1n\u00ed \u010dasu a d\u0159\u00edve m\u011blo tak\u00e9 n\u00e1bo\u017eensk\u00fd charakter. Poslucha\u010d m\u011bl po dobu modlitby pokleknout a pomodlit se modlitbu And\u011bl P\u00e1n\u011b. V kronice je zaznamen\u00e1no, \u017ee 9. b\u0159ezna 1925 obec zru\u0161ila zvon\u00edkovi poplatek za zvon\u011bn\u00ed a bylo mu povoleno vyb\u00edrat dobrovoln\u00fd poplatek.<\/p>\n<p>V n\u00e1st\u0159e\u0161n\u00ed v\u00ed\u017ece byl um\u00edst\u011bn zvon, kter\u00fd sem byl p\u0159esunut\u00fd z p\u016fvodn\u00ed zvoni\u010dky. D\u00edky poz\u016fstalosti historika um\u011bn\u00ed Zde\u0148ka Wirtha, kter\u00fd zde v roce 1942 prov\u00e1d\u011bl pam\u00e1tkov\u00fd pr\u016fzkum p\u0159edch\u00e1zej\u00edc\u00ed v\u00e1le\u010dn\u00e9 rekvizici zvon\u016f, v\u00edme, \u017ee zvon pr\u016fm\u011br 30 a v\u00fd\u0161ku 27 centimetr\u016f a ulil ho zvona\u0159 Jan Ji\u0159\u00ed K\u00fchner na Mal\u00e9 Stran\u011b. Byl ozna\u010den inici\u00e1lami I. G. K. a letopo\u010dtem 1760. Vzhledem k tomu, \u017ee mohl za v\u00e1lky slou\u017eit jako sign\u00e1ln\u00ed za\u0159\u00edzen\u00ed, v\u00e1le\u010dn\u00e9 rekvizici unikl. Pisatel \u010dl\u00e1nku si na zvon v dob\u011b sv\u00e9ho d\u011btstv\u00ed pamatuje.<\/p>\n<div id=\"attachment_1048\" style=\"width: 238px\" class=\"wp-caption alignleft\"><a href=\"http:\/\/regionplus.cz\/chuchle\/wp-content\/uploads\/sites\/2\/2023\/11\/zvonicka-chuchle-16-10-2023.jpg\"><img loading=\"lazy\" decoding=\"async\" aria-describedby=\"caption-attachment-1048\" class=\"size-medium wp-image-1048\" src=\"http:\/\/regionplus.cz\/chuchle\/wp-content\/uploads\/sites\/2\/2023\/11\/zvonicka-chuchle-16-10-2023-228x300.jpg\" alt=\"\" width=\"228\" height=\"300\" srcset=\"https:\/\/regionplus.cz\/chuchle\/wp-content\/uploads\/sites\/2\/2023\/11\/zvonicka-chuchle-16-10-2023-228x300.jpg 228w, https:\/\/regionplus.cz\/chuchle\/wp-content\/uploads\/sites\/2\/2023\/11\/zvonicka-chuchle-16-10-2023.jpg 600w\" sizes=\"auto, (max-width: 228px) 100vw, 228px\" \/><\/a><p id=\"caption-attachment-1048\" class=\"wp-caption-text\">Zvoni\u010dka 16. 10. 2023<\/p><\/div>\n<p>Bohu\u017eel vz\u00e1cn\u00e1 pam\u00e1tka nep\u0159e\u010dkala dobu nastupuj\u00edc\u00ed demokracie na po\u010d\u00e1tku 90. let minul\u00e9ho stolet\u00ed, kdy byl zvon z 18. stolet\u00ed ze zvonice ukraden. To ji\u017e zvoni\u010dka sv\u00e9mu \u00fa\u010delu dlouho neslou\u017eila a je t\u0159eba p\u0159iznat, \u017ee s v\u00fdjimkou likvidace okoln\u00ed zelen\u011b z\u016fstala stranou z\u00e1jmu obce. O interi\u00e9r zvoni\u010dky se sv\u00e9pomoc\u00ed ob\u011btav\u011b starala a\u017e do sv\u00e9 smrti pan\u00ed Alena Kl\u00e1nov\u00e1. Vybavila ho p\u0159edm\u011bty a obrazy s n\u00e1bo\u017eenskou tematikou a to i p\u0159es fakt, \u017ee prostor nikdy neslou\u017eil k n\u00e1bo\u017eensk\u00fdm \u00fa\u010del\u016fm. Zvoni\u010dka v n\u00e1sleduj\u00edc\u00edm obdob\u00ed slou\u017eila jako kulisa nap\u0159. p\u0159i p\u0159edv\u00e1no\u010dn\u00edch setk\u00e1n\u00edch nebo p\u0159i koncertech Pra\u017esk\u00e9 mobiln\u00ed zvonohry. V roce 2022 byl opraven vn\u011bj\u0161\u00ed vzhled zvoni\u010dky a veden\u00ed m\u011bstsk\u00e9 \u010d\u00e1sti zva\u017eovalo o rok pozd\u011bji po\u0159\u00edzen\u00ed zvonu a oprav\u011b v\u011b\u017ei\u010dky. K tomu v\u0161ak nedo\u0161lo vzhledem k finan\u010dn\u00ed n\u00e1ro\u010dnosti.<\/p>\n","protected":false},"excerpt":{"rendered":"<p>21. srpna 1751 byl v habsbursk\u00e9 monarchii vyd\u00e1n oh\u0148ov\u00fd patent Marie Terezie. Z\u00e1konn\u00e1 \u00faprava tehdy p\u0159inesla prvn\u00ed protipo\u017e\u00e1rn\u00ed z\u00e1sady p\u0159i v\u00fdstavb\u011b dom\u016f, ale tak\u00e9 povinnost vybavit obce zvoni\u010dkami. Z\u0159ejm\u011b v reakci na toto na\u0159\u00edzen\u00ed vznikla ve Velk\u00e9 Chuchli prvn\u00ed zvoni\u010dka. &hellip; <a href=\"https:\/\/regionplus.cz\/chuchle\/zajimavosti\/zvonicka-na-namesti-chuchelskych-bojovniku\/\">Cel\u00fd p\u0159\u00edsp\u011bvek <span class=\"meta-nav\">&rarr;<\/span><\/a><\/p>\n","protected":false},"author":1,"featured_media":0,"parent":225,"menu_order":0,"comment_status":"closed","ping_status":"closed","template":"","meta":{"footnotes":""},"class_list":["post-564","page","type-page","status-publish","hentry"],"_links":{"self":[{"href":"https:\/\/regionplus.cz\/chuchle\/wp-json\/wp\/v2\/pages\/564","targetHints":{"allow":["GET"]}}],"collection":[{"href":"https:\/\/regionplus.cz\/chuchle\/wp-json\/wp\/v2\/pages"}],"about":[{"href":"https:\/\/regionplus.cz\/chuchle\/wp-json\/wp\/v2\/types\/page"}],"author":[{"embeddable":true,"href":"https:\/\/regionplus.cz\/chuchle\/wp-json\/wp\/v2\/users\/1"}],"replies":[{"embeddable":true,"href":"https:\/\/regionplus.cz\/chuchle\/wp-json\/wp\/v2\/comments?post=564"}],"version-history":[{"count":6,"href":"https:\/\/regionplus.cz\/chuchle\/wp-json\/wp\/v2\/pages\/564\/revisions"}],"predecessor-version":[{"id":1090,"href":"https:\/\/regionplus.cz\/chuchle\/wp-json\/wp\/v2\/pages\/564\/revisions\/1090"}],"up":[{"embeddable":true,"href":"https:\/\/regionplus.cz\/chuchle\/wp-json\/wp\/v2\/pages\/225"}],"wp:attachment":[{"href":"https:\/\/regionplus.cz\/chuchle\/wp-json\/wp\/v2\/media?parent=564"}],"curies":[{"name":"wp","href":"https:\/\/api.w.org\/{rel}","templated":true}]}}

Zvonička na náměstí Chuchelských bojovníků

<p><a href="http://regionplus.cz/chuchle/wp-content/uploads/sites/2/2023/11/zvonicka-chuchle-vyrez-pohlednice.jpg"><img loading="lazy" decoding="async" class="alignright size-medium wp-image-1045" src="http://regionplus.cz/chuchle/wp-content/uploads/sites/2/2023/11/zvonicka-chuchle-vyrez-pohlednice-165x300.jpg" alt="" width="165" height="300" srcset="https://regionplus.cz/chuchle/wp-content/uploads/sites/2/2023/11/zvonicka-chuchle-vyrez-pohlednice-165x300.jpg 165w, https://regionplus.cz/chuchle/wp-content/uploads/sites/2/2023/11/zvonicka-chuchle-vyrez-pohlednice.jpg 329w" sizes="auto, (max-width: 165px) 100vw, 165px" /></a>21. srpna 1751 byl v habsburské monarchii vydán ohňový patent Marie Terezie. Zákonná úprava tehdy přinesla první protipožární zásady při výstavbě domů, ale také povinnost vybavit obce zvoničkami. Zřejmě v reakci na toto nařízení vznikla ve Velké Chuchli první zvonička.</p>
<p>Podle vzpomínek předávaných z generace na generaci se jednalo o jednoduchý rozsochatý kůl – tzv. dvoják, kde byl zavěšený zvon. Doklad  existenci zvoničky zveřejnila v roce 1995 paní Ing. Květa Pecáková, která na půdě objevila poznámky svého pradědečka Jana Příhody (1838 &#8211; 1880). Díky nim se dozvídáme, že zvonička byla u čp. 2. Dokladem, že zde zvonička skutečně byla je také pomístní jméno „Zvonečkovna,“ které dosud používá nejstarší generace Chucheláků (pamětníci si jistě vzpomenou, že v areálu domu, kde bydleli dlouhá léta manželé Markovi, byla kdysi moštárna místních zahrádkářů).</p>
<p>Jan Příhoda také zaznamenal, že současná zděná zvonička na náměstí Chuchelských bojovníků byla postavena v roce 1877. Leží na obecním pozemku a bezprostředně přiléhá ke zdi Čejkova statku čp. 4 a sousedního čp. 11.</p>
<p>O tom, že obec měla svého zvoníka, podává svědectví obecní kronika. Kronikář Albín Dvořáček zpětně zaznamenal k roku 1925, že obec měla svého zvoníka. Ten zvonil při pohřbech a také tzv. klekání. Šlo o zvonění, které se opakovalo třikrát denně – ráno, v poledne a večer. Klekání sloužilo k určování času a dříve mělo také náboženský charakter. Posluchač měl po dobu modlitby pokleknout a pomodlit se modlitbu Anděl Páně. V kronice je zaznamenáno, že 9. března 1925 obec zrušila zvoníkovi poplatek za zvonění a bylo mu povoleno vybírat dobrovolný poplatek.</p>
<p>V nástřešní vížce byl umístěn zvon, který sem byl přesunutý z původní zvoničky. Díky pozůstalosti historika umění Zdeňka Wirtha, který zde v roce 1942 prováděl památkový průzkum předcházející válečné rekvizici zvonů, víme, že zvon průměr 30 a výšku 27 centimetrů a ulil ho zvonař Jan Jiří Kühner na Malé Straně. Byl označen iniciálami I. G. K. a letopočtem 1760. Vzhledem k tomu, že mohl za války sloužit jako signální zařízení, válečné rekvizici unikl. Pisatel článku si na zvon v době svého dětství pamatuje.</p>
<div id="attachment_1048" style="width: 238px" class="wp-caption alignleft"><a href="http://regionplus.cz/chuchle/wp-content/uploads/sites/2/2023/11/zvonicka-chuchle-16-10-2023.jpg"><img loading="lazy" decoding="async" aria-describedby="caption-attachment-1048" class="size-medium wp-image-1048" src="http://regionplus.cz/chuchle/wp-content/uploads/sites/2/2023/11/zvonicka-chuchle-16-10-2023-228x300.jpg" alt="" width="228" height="300" srcset="https://regionplus.cz/chuchle/wp-content/uploads/sites/2/2023/11/zvonicka-chuchle-16-10-2023-228x300.jpg 228w, https://regionplus.cz/chuchle/wp-content/uploads/sites/2/2023/11/zvonicka-chuchle-16-10-2023.jpg 600w" sizes="auto, (max-width: 228px) 100vw, 228px" /></a><p id="caption-attachment-1048" class="wp-caption-text">Zvonička 16. 10. 2023</p></div>
<p>Bohužel vzácná památka nepřečkala dobu nastupující demokracie na počátku 90. let minulého století, kdy byl zvon z 18. století ze zvonice ukraden. To již zvonička svému účelu dlouho nesloužila a je třeba přiznat, že s výjimkou likvidace okolní zeleně zůstala stranou zájmu obce. O interiér zvoničky se svépomocí obětavě starala až do své smrti paní Alena Klánová. Vybavila ho předměty a obrazy s náboženskou tematikou a to i přes fakt, že prostor nikdy nesloužil k náboženským účelům. Zvonička v následujícím období sloužila jako kulisa např. při předvánočních setkáních nebo při koncertech Pražské mobilní zvonohry. V roce 2022 byl opraven vnější vzhled zvoničky a vedení městské části zvažovalo o rok později pořízení zvonu a opravě věžičky. K tomu však nedošlo vzhledem k finanční náročnosti.</p>

<p>21. srpna 1751 byl v habsburské monarchii vydán ohňový patent Marie Terezie. Zákonná úprava tehdy přinesla první protipožární zásady při výstavbě domů, ale také povinnost vybavit obce zvoničkami. Zřejmě v reakci na toto nařízení vznikla ve Velké Chuchli první zvonička. &hellip; <a href="https://regionplus.cz/chuchle/zajimavosti/zvonicka-na-namesti-chuchelskych-bojovniku/">Celý příspěvek <span class="meta-nav">&rarr;</span></a></p>
