{"id":547,"date":"2022-05-28T23:32:46","date_gmt":"2022-05-28T21:32:46","guid":{"rendered":"http:\/\/regionplus.cz\/chuchle\/?page_id=547"},"modified":"2023-05-10T19:12:07","modified_gmt":"2023-05-10T17:12:07","slug":"filip-ota","status":"publish","type":"page","link":"https:\/\/regionplus.cz\/chuchle\/vyznamne-osobnosti\/filip-ota\/","title":{"rendered":"Filip Ota"},"content":{"rendered":"<p>Ota Filip se narodil 9. 7. 1945. Vyu\u010dil se um\u011bleck\u00fdm kniha\u0159em a po dvou letech konzervato\u0159e z\u00edskal svoje prvn\u00ed anga\u017em\u00e1 v divadle \u201eZa Branou\u201c u Otomara Krej\u010di, kde p\u016fsobil do konce 60. let. Po p\u011btilet\u00e9m hled\u00e1n\u00ed bez anga\u017em\u00e1 zakotvil na dva roky v divadle v \u010cesk\u00e9m T\u011b\u0161\u00edn\u011b a n\u00e1sledn\u011b v st\u00e1tn\u00ed operet\u011b v Brn\u011b, kde p\u016fsobil dal\u0161\u00edch deset let. Po ro\u010dn\u00edm anga\u017em\u00e1 v Teplic\u00edch zakotvil v divadle A. Dvo\u0159\u00e1ka v P\u0159\u00edbrami.<\/p>\n<p>N\u011bkte\u0159\u00ed si Otu Filipa pamatuj\u00ed i jako Bivoje v p\u0159edstaven\u00ed h\u0159e F. R. \u010cecha D\u00edv\u010d\u00ed v\u00e1lka.<br \/>\nOta Filip byl ve filmu i televizi hercem mal\u00fdch rol\u00ed &#8211; z mnoha vyb\u00edr\u00e1me v\u00fdraznou roli po\u0161\u0165\u00e1ka v seri\u00e1lu Ran\u010d u Zelen\u00e9 sedmy (1998), taxik\u00e1\u0159e ve filmu Samot\u00e1\u0159i (2000), Muttonchopa ve filmu Hostel (2005) nebo Lectera Cooka ve filmu Hannibal &#8211; Zrozen\u00ed (2007).<\/p>\n<p>Zem\u0159el 10. srpna 2014\u00a0 ve v\u011bku 69 let. V Chuchli \u017eil v obecn\u00edm dom\u011b \u2013 v tzv. Vojt\u011b\u0161ce, U Ba\u017eantnice 264. Je poh\u0159ben\u00fd ve Velk\u00e9 Chuchli, na star\u00e9m h\u0159bitov\u011b, \u010d. hrobu 269.<\/p>\n<p>&nbsp;<\/p>\n<h1>Vzpom\u00ednka<\/h1>\n<p>Ota Filip byl chuchel\u00e1k t\u011blem i du\u0161\u00ed. Mnoz\u00ed ho znali jako v\u011brn\u00e9ho partnera sv\u00e9 man\u017eelky v r\u00e1mci tane\u010dn\u00edho studia Fantazy DC, kde ob\u011btav\u011b pom\u00e1hal, spolupracoval, ale i fandil. Jin\u00ed ho zase znali z country ve\u010d\u00edrk\u016f z restaurace \u201eU V\u00e1clava\u201c, kam velmi r\u00e1d chodil a hr\u00e1l na kytaru. V\u011bt\u0161ina \u010desk\u00e9 populace ale Otu Filipa znala v z\u00e1v\u011bru jeho \u017eivota d\u00edky reklam\u011b Komer\u010dn\u00ed banky, kde si s gustem zahr\u00e1l tureck\u00e9ho pa\u0161u. <a href=\"http:\/\/regionplus.cz\/chuchle\/wp-content\/uploads\/sites\/2\/2023\/05\/1011031_410827579032586_2046151840_n.jpg\"><img loading=\"lazy\" decoding=\"async\" class=\"aligncenter size-full wp-image-648\" src=\"http:\/\/regionplus.cz\/chuchle\/wp-content\/uploads\/sites\/2\/2023\/05\/1011031_410827579032586_2046151840_n.jpg\" alt=\"\" width=\"960\" height=\"720\" srcset=\"https:\/\/regionplus.cz\/chuchle\/wp-content\/uploads\/sites\/2\/2023\/05\/1011031_410827579032586_2046151840_n.jpg 960w, https:\/\/regionplus.cz\/chuchle\/wp-content\/uploads\/sites\/2\/2023\/05\/1011031_410827579032586_2046151840_n-300x225.jpg 300w, https:\/\/regionplus.cz\/chuchle\/wp-content\/uploads\/sites\/2\/2023\/05\/1011031_410827579032586_2046151840_n-768x576.jpg 768w, https:\/\/regionplus.cz\/chuchle\/wp-content\/uploads\/sites\/2\/2023\/05\/1011031_410827579032586_2046151840_n-400x300.jpg 400w, https:\/\/regionplus.cz\/chuchle\/wp-content\/uploads\/sites\/2\/2023\/05\/1011031_410827579032586_2046151840_n-160x120.jpg 160w\" sizes=\"auto, (max-width: 960px) 100vw, 960px\" \/><\/a><a href=\"http:\/\/regionplus.cz\/chuchle\/wp-content\/uploads\/sites\/2\/2023\/05\/305083_107544866069606_781509113_n.jpg\"><img loading=\"lazy\" decoding=\"async\" class=\"aligncenter size-full wp-image-647\" src=\"http:\/\/regionplus.cz\/chuchle\/wp-content\/uploads\/sites\/2\/2023\/05\/305083_107544866069606_781509113_n.jpg\" alt=\"\" width=\"649\" height=\"960\" srcset=\"https:\/\/regionplus.cz\/chuchle\/wp-content\/uploads\/sites\/2\/2023\/05\/305083_107544866069606_781509113_n.jpg 649w, https:\/\/regionplus.cz\/chuchle\/wp-content\/uploads\/sites\/2\/2023\/05\/305083_107544866069606_781509113_n-203x300.jpg 203w\" sizes=\"auto, (max-width: 649px) 100vw, 649px\" \/><\/a><a href=\"http:\/\/regionplus.cz\/chuchle\/wp-content\/uploads\/sites\/2\/2023\/05\/282133_107817936042299_313655271_n.jpg\"><img loading=\"lazy\" decoding=\"async\" class=\"aligncenter size-full wp-image-646\" src=\"http:\/\/regionplus.cz\/chuchle\/wp-content\/uploads\/sites\/2\/2023\/05\/282133_107817936042299_313655271_n.jpg\" alt=\"\" width=\"960\" height=\"648\" srcset=\"https:\/\/regionplus.cz\/chuchle\/wp-content\/uploads\/sites\/2\/2023\/05\/282133_107817936042299_313655271_n.jpg 960w, https:\/\/regionplus.cz\/chuchle\/wp-content\/uploads\/sites\/2\/2023\/05\/282133_107817936042299_313655271_n-300x203.jpg 300w, https:\/\/regionplus.cz\/chuchle\/wp-content\/uploads\/sites\/2\/2023\/05\/282133_107817936042299_313655271_n-768x518.jpg 768w, https:\/\/regionplus.cz\/chuchle\/wp-content\/uploads\/sites\/2\/2023\/05\/282133_107817936042299_313655271_n-444x300.jpg 444w, https:\/\/regionplus.cz\/chuchle\/wp-content\/uploads\/sites\/2\/2023\/05\/282133_107817936042299_313655271_n-120x80.jpg 120w\" sizes=\"auto, (max-width: 960px) 100vw, 960px\" \/><\/a><a href=\"http:\/\/regionplus.cz\/chuchle\/wp-content\/uploads\/sites\/2\/2023\/05\/267347_107542992736460_1263062342_n.jpg\"><img loading=\"lazy\" decoding=\"async\" class=\"aligncenter size-full wp-image-645\" src=\"http:\/\/regionplus.cz\/chuchle\/wp-content\/uploads\/sites\/2\/2023\/05\/267347_107542992736460_1263062342_n.jpg\" alt=\"\" width=\"906\" height=\"675\" srcset=\"https:\/\/regionplus.cz\/chuchle\/wp-content\/uploads\/sites\/2\/2023\/05\/267347_107542992736460_1263062342_n.jpg 906w, https:\/\/regionplus.cz\/chuchle\/wp-content\/uploads\/sites\/2\/2023\/05\/267347_107542992736460_1263062342_n-300x224.jpg 300w, https:\/\/regionplus.cz\/chuchle\/wp-content\/uploads\/sites\/2\/2023\/05\/267347_107542992736460_1263062342_n-768x572.jpg 768w, https:\/\/regionplus.cz\/chuchle\/wp-content\/uploads\/sites\/2\/2023\/05\/267347_107542992736460_1263062342_n-403x300.jpg 403w, https:\/\/regionplus.cz\/chuchle\/wp-content\/uploads\/sites\/2\/2023\/05\/267347_107542992736460_1263062342_n-160x120.jpg 160w\" sizes=\"auto, (max-width: 906px) 100vw, 906px\" \/><\/a><\/p>\n<p>&nbsp;<\/p>\n<p>&nbsp;<\/p>\n","protected":false},"excerpt":{"rendered":"<p>Ota Filip se narodil 9. 7. 1945. Vyu\u010dil se um\u011bleck\u00fdm kniha\u0159em a po dvou letech konzervato\u0159e z\u00edskal svoje prvn\u00ed anga\u017em\u00e1 v divadle \u201eZa Branou\u201c u Otomara Krej\u010di, kde p\u016fsobil do konce 60. let. Po p\u011btilet\u00e9m hled\u00e1n\u00ed bez anga\u017em\u00e1 zakotvil na &hellip; <a href=\"https:\/\/regionplus.cz\/chuchle\/vyznamne-osobnosti\/filip-ota\/\">Cel\u00fd p\u0159\u00edsp\u011bvek <span class=\"meta-nav\">&rarr;<\/span><\/a><\/p>\n","protected":false},"author":1,"featured_media":0,"parent":96,"menu_order":0,"comment_status":"closed","ping_status":"closed","template":"","meta":{"footnotes":""},"class_list":["post-547","page","type-page","status-publish","hentry"],"_links":{"self":[{"href":"https:\/\/regionplus.cz\/chuchle\/wp-json\/wp\/v2\/pages\/547","targetHints":{"allow":["GET"]}}],"collection":[{"href":"https:\/\/regionplus.cz\/chuchle\/wp-json\/wp\/v2\/pages"}],"about":[{"href":"https:\/\/regionplus.cz\/chuchle\/wp-json\/wp\/v2\/types\/page"}],"author":[{"embeddable":true,"href":"https:\/\/regionplus.cz\/chuchle\/wp-json\/wp\/v2\/users\/1"}],"replies":[{"embeddable":true,"href":"https:\/\/regionplus.cz\/chuchle\/wp-json\/wp\/v2\/comments?post=547"}],"version-history":[{"count":4,"href":"https:\/\/regionplus.cz\/chuchle\/wp-json\/wp\/v2\/pages\/547\/revisions"}],"predecessor-version":[{"id":650,"href":"https:\/\/regionplus.cz\/chuchle\/wp-json\/wp\/v2\/pages\/547\/revisions\/650"}],"up":[{"embeddable":true,"href":"https:\/\/regionplus.cz\/chuchle\/wp-json\/wp\/v2\/pages\/96"}],"wp:attachment":[{"href":"https:\/\/regionplus.cz\/chuchle\/wp-json\/wp\/v2\/media?parent=547"}],"curies":[{"name":"wp","href":"https:\/\/api.w.org\/{rel}","templated":true}]}}

<p>Ota Filip se narodil 9. 7. 1945. Vyučil se uměleckým knihařem a po dvou letech konzervatoře získal svoje první angažmá v divadle „Za Branou“ u Otomara Krejči, kde působil do konce 60. let. Po pětiletém hledání bez angažmá zakotvil na dva roky v divadle v Českém Těšíně a následně v státní operetě v Brně, kde působil dalších deset let. Po ročním angažmá v Teplicích zakotvil v divadle A. Dvořáka v Příbrami.</p>
<p>Někteří si Otu Filipa pamatují i jako Bivoje v představení hře F. R. Čecha Dívčí válka.<br />
Ota Filip byl ve filmu i televizi hercem malých rolí &#8211; z mnoha vybíráme výraznou roli pošťáka v seriálu Ranč u Zelené sedmy (1998), taxikáře ve filmu Samotáři (2000), Muttonchopa ve filmu Hostel (2005) nebo Lectera Cooka ve filmu Hannibal &#8211; Zrození (2007).</p>
<p>Zemřel 10. srpna 2014  ve věku 69 let. V Chuchli žil v obecním domě – v tzv. Vojtěšce, U Bažantnice 264. Je pohřbený ve Velké Chuchli, na starém hřbitově, č. hrobu 269.</p>
<p>&nbsp;</p>
<h1>Vzpomínka</h1>
<p>Ota Filip byl chuchelák tělem i duší. Mnozí ho znali jako věrného partnera své manželky v rámci tanečního studia Fantazy DC, kde obětavě pomáhal, spolupracoval, ale i fandil. Jiní ho zase znali z country večírků z restaurace „U Václava“, kam velmi rád chodil a hrál na kytaru. Většina české populace ale Otu Filipa znala v závěru jeho života díky reklamě Komerční banky, kde si s gustem zahrál tureckého pašu. <a href="http://regionplus.cz/chuchle/wp-content/uploads/sites/2/2023/05/1011031_410827579032586_2046151840_n.jpg"><img loading="lazy" decoding="async" class="aligncenter size-full wp-image-648" src="http://regionplus.cz/chuchle/wp-content/uploads/sites/2/2023/05/1011031_410827579032586_2046151840_n.jpg" alt="" width="960" height="720" srcset="https://regionplus.cz/chuchle/wp-content/uploads/sites/2/2023/05/1011031_410827579032586_2046151840_n.jpg 960w, https://regionplus.cz/chuchle/wp-content/uploads/sites/2/2023/05/1011031_410827579032586_2046151840_n-300x225.jpg 300w, https://regionplus.cz/chuchle/wp-content/uploads/sites/2/2023/05/1011031_410827579032586_2046151840_n-768x576.jpg 768w, https://regionplus.cz/chuchle/wp-content/uploads/sites/2/2023/05/1011031_410827579032586_2046151840_n-400x300.jpg 400w, https://regionplus.cz/chuchle/wp-content/uploads/sites/2/2023/05/1011031_410827579032586_2046151840_n-160x120.jpg 160w" sizes="auto, (max-width: 960px) 100vw, 960px" /></a><a href="http://regionplus.cz/chuchle/wp-content/uploads/sites/2/2023/05/305083_107544866069606_781509113_n.jpg"><img loading="lazy" decoding="async" class="aligncenter size-full wp-image-647" src="http://regionplus.cz/chuchle/wp-content/uploads/sites/2/2023/05/305083_107544866069606_781509113_n.jpg" alt="" width="649" height="960" srcset="https://regionplus.cz/chuchle/wp-content/uploads/sites/2/2023/05/305083_107544866069606_781509113_n.jpg 649w, https://regionplus.cz/chuchle/wp-content/uploads/sites/2/2023/05/305083_107544866069606_781509113_n-203x300.jpg 203w" sizes="auto, (max-width: 649px) 100vw, 649px" /></a><a href="http://regionplus.cz/chuchle/wp-content/uploads/sites/2/2023/05/282133_107817936042299_313655271_n.jpg"><img loading="lazy" decoding="async" class="aligncenter size-full wp-image-646" src="http://regionplus.cz/chuchle/wp-content/uploads/sites/2/2023/05/282133_107817936042299_313655271_n.jpg" alt="" width="960" height="648" srcset="https://regionplus.cz/chuchle/wp-content/uploads/sites/2/2023/05/282133_107817936042299_313655271_n.jpg 960w, https://regionplus.cz/chuchle/wp-content/uploads/sites/2/2023/05/282133_107817936042299_313655271_n-300x203.jpg 300w, https://regionplus.cz/chuchle/wp-content/uploads/sites/2/2023/05/282133_107817936042299_313655271_n-768x518.jpg 768w, https://regionplus.cz/chuchle/wp-content/uploads/sites/2/2023/05/282133_107817936042299_313655271_n-444x300.jpg 444w, https://regionplus.cz/chuchle/wp-content/uploads/sites/2/2023/05/282133_107817936042299_313655271_n-120x80.jpg 120w" sizes="auto, (max-width: 960px) 100vw, 960px" /></a><a href="http://regionplus.cz/chuchle/wp-content/uploads/sites/2/2023/05/267347_107542992736460_1263062342_n.jpg"><img loading="lazy" decoding="async" class="aligncenter size-full wp-image-645" src="http://regionplus.cz/chuchle/wp-content/uploads/sites/2/2023/05/267347_107542992736460_1263062342_n.jpg" alt="" width="906" height="675" srcset="https://regionplus.cz/chuchle/wp-content/uploads/sites/2/2023/05/267347_107542992736460_1263062342_n.jpg 906w, https://regionplus.cz/chuchle/wp-content/uploads/sites/2/2023/05/267347_107542992736460_1263062342_n-300x224.jpg 300w, https://regionplus.cz/chuchle/wp-content/uploads/sites/2/2023/05/267347_107542992736460_1263062342_n-768x572.jpg 768w, https://regionplus.cz/chuchle/wp-content/uploads/sites/2/2023/05/267347_107542992736460_1263062342_n-403x300.jpg 403w, https://regionplus.cz/chuchle/wp-content/uploads/sites/2/2023/05/267347_107542992736460_1263062342_n-160x120.jpg 160w" sizes="auto, (max-width: 906px) 100vw, 906px" /></a></p>
<p>&nbsp;</p>
<p>&nbsp;</p>

<p>Ota Filip se narodil 9. 7. 1945. Vyučil se uměleckým knihařem a po dvou letech konzervatoře získal svoje první angažmá v divadle „Za Branou“ u Otomara Krejči, kde působil do konce 60. let. Po pětiletém hledání bez angažmá zakotvil na &hellip; <a href="https://regionplus.cz/chuchle/vyznamne-osobnosti/filip-ota/">Celý příspěvek <span class="meta-nav">&rarr;</span></a></p>
