{"id":536,"date":"2022-05-28T23:01:25","date_gmt":"2022-05-28T21:01:25","guid":{"rendered":"http:\/\/regionplus.cz\/chuchle\/?page_id=536"},"modified":"2025-09-23T22:53:39","modified_gmt":"2025-09-23T20:53:39","slug":"vlak","status":"publish","type":"page","link":"https:\/\/regionplus.cz\/chuchle\/zajimavosti\/doprava\/vlak\/","title":{"rendered":"Vlak"},"content":{"rendered":"<p>Od 15. \u010dervence 1862 v\u00a0Mal\u00e9 Chuchl\u00ed zastavovaly pravideln\u011b vlaky \u010cesk\u00e9 z\u00e1padn\u00ed dr\u00e1hy. N\u00e1dra\u017e\u00ed bylo v Mal\u00e9 Chuchli a ob\u010dan\u00e9 Velk\u00e9 Chuchle museli chodit cestou pod\u00e9l dr\u00e1hy, kter\u00e1 byla v\u00a0Mal\u00e9 Chuchli zakon\u010dena ka\u0161tanovou alej\u00ed. \u00a0Bylo-li teplo, hr\u00e1l je\u0161t\u011b p\u0159ed osmdes\u00e1ti lety pan Plach\u00fd na fla\u0161inet. Cesta vedla bl\u00edzko dr\u00e1hy, a tak se stala m\u00edstem, odkud \u010dasto sk\u00e1kali sebevrazi. Na jednu takovou ud\u00e1lost upom\u00ednal k\u0159\u00ed\u017eek, kter\u00fd byl p\u0159i roz\u0161i\u0159ov\u00e1n\u00ed \u017eeleznice v\u00a0pades\u00e1t\u00fdch letech minul\u00e9ho stolet\u00ed zni\u010den.<\/p>\n<p>Tra\u0165 byla p\u016fvodn\u011b jednokolejn\u00e1, druh\u00e1 kolej byla polo\u017eena v roce 1908 a stanice byla p\u0159em\u011bn\u011bna na zast\u00e1vku. \u017deleznice za\u010dala brzy naru\u0161ovat plynulost provozu na zbraslavsk\u00e9 silnici, proto byl v roce 1935 v Mal\u00e9 Chuchli postaven podjezd. V\u00fdznam chuchelsk\u00e9 zast\u00e1vky pomalu klesal, a\u017e zast\u00e1vka zcela zanikla (pozd\u011bji byla zbour\u00e1na), kdy\u017e za\u010daly vlaky v roce 1941 trvale zastavovat ve Velk\u00e9 Chuchli pobl\u00ed\u017e \u017eelezni\u010dn\u00edho p\u0159ejezdu.<\/p>\n<p>V roce 1954 byla dokon\u010dena jedna z etap stavby \u00faseku \u017eelezni\u010dn\u00ed spojky z Radot\u00edna do Vr\u0161ovic, kterou zanikla st\u00e1vaj\u00edc\u00ed zast\u00e1vka ve Velk\u00e9 Chuchli u p\u0159ejezdu a byla nahrazena \u017eelezni\u010dn\u00ed zast\u00e1vkou bl\u00ed\u017ee k Radot\u00ednu.<\/p>\n<p style=\"text-align: right;\">(text k roku 2008)<\/p>\n","protected":false},"excerpt":{"rendered":"<p>Od 15. \u010dervence 1862 v\u00a0Mal\u00e9 Chuchl\u00ed zastavovaly pravideln\u011b vlaky \u010cesk\u00e9 z\u00e1padn\u00ed dr\u00e1hy. N\u00e1dra\u017e\u00ed bylo v Mal\u00e9 Chuchli a ob\u010dan\u00e9 Velk\u00e9 Chuchle museli chodit cestou pod\u00e9l dr\u00e1hy, kter\u00e1 byla v\u00a0Mal\u00e9 Chuchli zakon\u010dena ka\u0161tanovou alej\u00ed. \u00a0Bylo-li teplo, hr\u00e1l je\u0161t\u011b p\u0159ed osmdes\u00e1ti lety &hellip; <a href=\"https:\/\/regionplus.cz\/chuchle\/zajimavosti\/doprava\/vlak\/\">Cel\u00fd p\u0159\u00edsp\u011bvek <span class=\"meta-nav\">&rarr;<\/span><\/a><\/p>\n","protected":false},"author":1,"featured_media":0,"parent":285,"menu_order":0,"comment_status":"closed","ping_status":"closed","template":"","meta":{"footnotes":""},"class_list":["post-536","page","type-page","status-publish","hentry"],"_links":{"self":[{"href":"https:\/\/regionplus.cz\/chuchle\/wp-json\/wp\/v2\/pages\/536","targetHints":{"allow":["GET"]}}],"collection":[{"href":"https:\/\/regionplus.cz\/chuchle\/wp-json\/wp\/v2\/pages"}],"about":[{"href":"https:\/\/regionplus.cz\/chuchle\/wp-json\/wp\/v2\/types\/page"}],"author":[{"embeddable":true,"href":"https:\/\/regionplus.cz\/chuchle\/wp-json\/wp\/v2\/users\/1"}],"replies":[{"embeddable":true,"href":"https:\/\/regionplus.cz\/chuchle\/wp-json\/wp\/v2\/comments?post=536"}],"version-history":[{"count":3,"href":"https:\/\/regionplus.cz\/chuchle\/wp-json\/wp\/v2\/pages\/536\/revisions"}],"predecessor-version":[{"id":1214,"href":"https:\/\/regionplus.cz\/chuchle\/wp-json\/wp\/v2\/pages\/536\/revisions\/1214"}],"up":[{"embeddable":true,"href":"https:\/\/regionplus.cz\/chuchle\/wp-json\/wp\/v2\/pages\/285"}],"wp:attachment":[{"href":"https:\/\/regionplus.cz\/chuchle\/wp-json\/wp\/v2\/media?parent=536"}],"curies":[{"name":"wp","href":"https:\/\/api.w.org\/{rel}","templated":true}]}}

<p>Od 15. července 1862 v Malé Chuchlí zastavovaly pravidelně vlaky České západní dráhy. Nádraží bylo v Malé Chuchli a občané Velké Chuchle museli chodit cestou podél dráhy, která byla v Malé Chuchli zakončena kaštanovou alejí.  Bylo-li teplo, hrál ještě před osmdesáti lety pan Plachý na flašinet. Cesta vedla blízko dráhy, a tak se stala místem, odkud často skákali sebevrazi. Na jednu takovou událost upomínal křížek, který byl při rozšiřování železnice v padesátých letech minulého století zničen.</p>
<p>Trať byla původně jednokolejná, druhá kolej byla položena v roce 1908 a stanice byla přeměněna na zastávku. Železnice začala brzy narušovat plynulost provozu na zbraslavské silnici, proto byl v roce 1935 v Malé Chuchli postaven podjezd. Význam chuchelské zastávky pomalu klesal, až zastávka zcela zanikla (později byla zbourána), když začaly vlaky v roce 1941 trvale zastavovat ve Velké Chuchli poblíž železničního přejezdu.</p>
<p>V roce 1954 byla dokončena jedna z etap stavby úseku železniční spojky z Radotína do Vršovic, kterou zanikla stávající zastávka ve Velké Chuchli u přejezdu a byla nahrazena železniční zastávkou blíže k Radotínu.</p>
<p style="text-align: right;">(text k roku 2008)</p>

<p>Od 15. července 1862 v Malé Chuchlí zastavovaly pravidelně vlaky České západní dráhy. Nádraží bylo v Malé Chuchli a občané Velké Chuchle museli chodit cestou podél dráhy, která byla v Malé Chuchli zakončena kaštanovou alejí.  Bylo-li teplo, hrál ještě před osmdesáti lety &hellip; <a href="https://regionplus.cz/chuchle/zajimavosti/doprava/vlak/">Celý příspěvek <span class="meta-nav">&rarr;</span></a></p>
