{"id":534,"date":"2022-05-28T23:01:00","date_gmt":"2022-05-28T21:01:00","guid":{"rendered":"http:\/\/regionplus.cz\/chuchle\/?page_id=534"},"modified":"2023-04-18T15:52:35","modified_gmt":"2023-04-18T13:52:35","slug":"privozy","status":"publish","type":"page","link":"https:\/\/regionplus.cz\/chuchle\/zajimavosti\/doprava\/privozy\/","title":{"rendered":"P\u0159\u00edvozy"},"content":{"rendered":"<p><strong>Historie chuchelsk\u00fdch p\u0159\u00edvoz\u016f<\/strong><\/p>\n<ul>\n<li>Mod\u0159any (U Kina) \u2013 Velk\u00e1 Chuchle.\u00a0 P\u0159\u00edvoz byl z\u0159\u00edzen v roce 1933 pro d\u011bln\u00edky doj\u00ed\u017ed\u011bj\u00edc\u00ed z lev\u00e9ho b\u0159ehu do mod\u0159ansk\u00fdch tov\u00e1ren. Provozoval jej Josef Borovi\u010dka z Mod\u0159an. V roce 1945 byl p\u0159\u00edvoz ve spr\u00e1v\u011b MNV Mod\u0159any. 24. \u0159\u00edjna 1945 se MNV Mod\u0159any usnesl pronajmout p\u0159\u00edvoz na dobu 6 let Karlu Zetovi z Mod\u0159an za ro\u010dn\u00ed n\u00e1jemn\u00e9 3.010 K\u010ds. P\u0159\u00edvoz byl pak pronaj\u00edm\u00e1n soukromn\u00edk\u016fm<br \/>\na\u017e do z\u0159\u00edzen\u00ed Komun\u00e1ln\u00edch slu\u017eeb, kter\u00e9 ho p\u0159evzaly do vlastn\u00ed spr\u00e1vy. Na p\u0159\u00edkaz vodohospod\u00e1\u0159sk\u00e9ho org\u00e1nu byla v letech 1962-1963 provedena rekonstrukce<br \/>\np\u0159\u00edvozu v hodnot\u011b 180 tis\u00edc K\u010ds. Na obou b\u0159ez\u00edch Vltavy byly vybudov\u00e1ny<br \/>\npil\u00ed\u0159e, na nich\u017e byl napjato lano, po kter\u00e9m se pohybovala kladka vedouc\u00ed pramici po vod\u011b (dosud bylo lano dn\u011b \u0159eky), po\u0159\u00edzena nov\u00e1 lo\u010f a postaven i nov\u00fd domek pro p\u0159evozn\u00edka. P\u0159i zah\u00e1jen\u00ed v\u00fdstavby mod\u0159ansk\u00e9ho zdymadla v roce 1979 p\u0159\u00edvoz zanikl.<\/li>\n<li>Mod\u0159any (pod Bel\u00e1ri\u00ed) \u2013 Velk\u00e1 Chuchle (obec): poprv\u00e9 dolo\u017een 1898, naposledy 1919.<\/li>\n<\/ul>\n<p><a href=\"http:\/\/regionplus.cz\/chuchle\/wp-content\/uploads\/sites\/2\/2022\/05\/privoz_1966-archiv-mc-praha12.jpg\"><img loading=\"lazy\" decoding=\"async\" class=\"aligncenter size-full wp-image-543\" src=\"http:\/\/regionplus.cz\/chuchle\/wp-content\/uploads\/sites\/2\/2022\/05\/privoz_1966-archiv-mc-praha12.jpg\" alt=\"\" width=\"1366\" height=\"890\" srcset=\"https:\/\/regionplus.cz\/chuchle\/wp-content\/uploads\/sites\/2\/2022\/05\/privoz_1966-archiv-mc-praha12.jpg 1366w, https:\/\/regionplus.cz\/chuchle\/wp-content\/uploads\/sites\/2\/2022\/05\/privoz_1966-archiv-mc-praha12-300x195.jpg 300w, https:\/\/regionplus.cz\/chuchle\/wp-content\/uploads\/sites\/2\/2022\/05\/privoz_1966-archiv-mc-praha12-1024x667.jpg 1024w, https:\/\/regionplus.cz\/chuchle\/wp-content\/uploads\/sites\/2\/2022\/05\/privoz_1966-archiv-mc-praha12-768x500.jpg 768w, https:\/\/regionplus.cz\/chuchle\/wp-content\/uploads\/sites\/2\/2022\/05\/privoz_1966-archiv-mc-praha12-460x300.jpg 460w\" sizes=\"auto, (max-width: 1366px) 100vw, 1366px\" \/><\/a> <a href=\"http:\/\/regionplus.cz\/chuchle\/wp-content\/uploads\/sites\/2\/2022\/05\/privoz-60-leta.jpg\"><img loading=\"lazy\" decoding=\"async\" class=\"aligncenter size-full wp-image-544\" src=\"http:\/\/regionplus.cz\/chuchle\/wp-content\/uploads\/sites\/2\/2022\/05\/privoz-60-leta.jpg\" alt=\"\" width=\"540\" height=\"414\" srcset=\"https:\/\/regionplus.cz\/chuchle\/wp-content\/uploads\/sites\/2\/2022\/05\/privoz-60-leta.jpg 540w, https:\/\/regionplus.cz\/chuchle\/wp-content\/uploads\/sites\/2\/2022\/05\/privoz-60-leta-300x230.jpg 300w, https:\/\/regionplus.cz\/chuchle\/wp-content\/uploads\/sites\/2\/2022\/05\/privoz-60-leta-391x300.jpg 391w\" sizes=\"auto, (max-width: 540px) 100vw, 540px\" \/><\/a><\/p>\n<p style=\"text-align: center;\">Zdroj: www.praha12.cz<\/p>\n<p>&nbsp;<\/p>\n<ul>\n<li>Hodkovi\u010dky \u2013 Mal\u00e1 Chuchle: poprv\u00e9 dolo\u017een 1893, naposledy 1974<\/li>\n<li>Mal\u00e1 Chuchle \u2013 Led\u00e1rny: z\u0159\u00edzen 1913, zru\u0161en cca 1955<\/li>\n<li><span style=\"color: #000000;\">16. kv\u011btna 2022 vyjel po dlouh\u00fdch des\u00edtk\u00e1ch let na svoji trasu p\u0159\u00edvoz mezi Velkou Chuchl\u00ed a Mod\u0159any. Zast\u00e1vky jsou ozna\u010deny jako &#8222;Dostihov\u00e1&#8220; a &#8222;Bel\u00e1rie.&#8220; P\u0159\u00edvoz je sou\u010d\u00e1st\u00ed Pra\u017esk\u00e9 integrovan\u00e9 dopravy, je ozna\u010den jako P4 a m\u00e1 charakter do\u010dasn\u00e9ho provozu (od 16. kv\u011btna do konce srpna 2022) a byl z\u0159\u00edzen po dobu opravy Barrandovsk\u00e9ho mostu.\u00a0\u00a0<\/span>Dopravu zaji\u0161\u0165uje lo\u010f s ozna\u010den\u00edm TROJA pro 100 osob, p\u0159\u00edvoz provozuje Pra\u017esk\u00e1 paroplavebn\u00ed spole\u010dnost v dvacetiminutov\u00e9m taktu (v pracovn\u00edch dnech od 7 do 21 hodin, v sobotu a ned\u011bli od 8 do 21 hodin). Prvn\u00ed den provozu p\u0159\u00edvoz svezl 120 cestuj\u00edc\u00edch.<\/li>\n<\/ul>\n<p><strong>Zdroje:<\/strong><\/p>\n<p><a href=\"https:\/\/www.praha.eu\/jnp\/cz\/doprava\/mhd\/privozy\/zanikle_privozy_v_praze_na_vltave.html\">https:\/\/www.praha.eu\/jnp\/cz\/doprava\/mhd\/privozy\/zanikle_privozy_v_praze_na_vltave.html\u00a0<\/a>(citov\u00e1no dne 27. 5. 2022)<\/p>\n<p><a href=\"https:\/\/www.praha12.cz\/doprava\/d-3077\">https:\/\/www.praha12.cz\/doprava\/d-3077\u00a0\u00a0<\/a>(citov\u00e1no dne 27. 5. 2022)<\/p>\n<p><a href=\"https:\/\/www.praha12.cz\/assets\/File.ashx?id_org=80112&amp;id_dokumenty=3359\" target=\"_blank\" rel=\"noopener\">https:\/\/www.praha12.cz\/assets\/File.ashx?id_org=80112&amp;id_dokumenty=3359 <\/a>(citov\u00e1no dne 18. 4. 2023)<\/p>\n","protected":false},"excerpt":{"rendered":"<p>Historie chuchelsk\u00fdch p\u0159\u00edvoz\u016f Mod\u0159any (U Kina) \u2013 Velk\u00e1 Chuchle.\u00a0 P\u0159\u00edvoz byl z\u0159\u00edzen v roce 1933 pro d\u011bln\u00edky doj\u00ed\u017ed\u011bj\u00edc\u00ed z lev\u00e9ho b\u0159ehu do mod\u0159ansk\u00fdch tov\u00e1ren. Provozoval jej Josef Borovi\u010dka z Mod\u0159an. V roce 1945 byl p\u0159\u00edvoz ve spr\u00e1v\u011b MNV Mod\u0159any. 24. &hellip; <a href=\"https:\/\/regionplus.cz\/chuchle\/zajimavosti\/doprava\/privozy\/\">Cel\u00fd p\u0159\u00edsp\u011bvek <span class=\"meta-nav\">&rarr;<\/span><\/a><\/p>\n","protected":false},"author":1,"featured_media":0,"parent":285,"menu_order":0,"comment_status":"closed","ping_status":"closed","template":"","meta":{"footnotes":""},"class_list":["post-534","page","type-page","status-publish","hentry"],"_links":{"self":[{"href":"https:\/\/regionplus.cz\/chuchle\/wp-json\/wp\/v2\/pages\/534","targetHints":{"allow":["GET"]}}],"collection":[{"href":"https:\/\/regionplus.cz\/chuchle\/wp-json\/wp\/v2\/pages"}],"about":[{"href":"https:\/\/regionplus.cz\/chuchle\/wp-json\/wp\/v2\/types\/page"}],"author":[{"embeddable":true,"href":"https:\/\/regionplus.cz\/chuchle\/wp-json\/wp\/v2\/users\/1"}],"replies":[{"embeddable":true,"href":"https:\/\/regionplus.cz\/chuchle\/wp-json\/wp\/v2\/comments?post=534"}],"version-history":[{"count":7,"href":"https:\/\/regionplus.cz\/chuchle\/wp-json\/wp\/v2\/pages\/534\/revisions"}],"predecessor-version":[{"id":618,"href":"https:\/\/regionplus.cz\/chuchle\/wp-json\/wp\/v2\/pages\/534\/revisions\/618"}],"up":[{"embeddable":true,"href":"https:\/\/regionplus.cz\/chuchle\/wp-json\/wp\/v2\/pages\/285"}],"wp:attachment":[{"href":"https:\/\/regionplus.cz\/chuchle\/wp-json\/wp\/v2\/media?parent=534"}],"curies":[{"name":"wp","href":"https:\/\/api.w.org\/{rel}","templated":true}]}}

Přívozy

<p><strong>Historie chuchelských přívozů</strong></p>
<ul>
<li>Modřany (U Kina) – Velká Chuchle.  Přívoz byl zřízen v roce 1933 pro dělníky dojíždějící z levého břehu do modřanských továren. Provozoval jej Josef Borovička z Modřan. V roce 1945 byl přívoz ve správě MNV Modřany. 24. října 1945 se MNV Modřany usnesl pronajmout přívoz na dobu 6 let Karlu Zetovi z Modřan za roční nájemné 3.010 Kčs. Přívoz byl pak pronajímán soukromníkům<br />
až do zřízení Komunálních služeb, které ho převzaly do vlastní správy. Na příkaz vodohospodářského orgánu byla v letech 1962-1963 provedena rekonstrukce<br />
přívozu v hodnotě 180 tisíc Kčs. Na obou březích Vltavy byly vybudovány<br />
pilíře, na nichž byl napjato lano, po kterém se pohybovala kladka vedoucí pramici po vodě (dosud bylo lano dně řeky), pořízena nová loď a postaven i nový domek pro převozníka. Při zahájení výstavby modřanského zdymadla v roce 1979 přívoz zanikl.</li>
<li>Modřany (pod Belárií) – Velká Chuchle (obec): poprvé doložen 1898, naposledy 1919.</li>
</ul>
<p><a href="http://regionplus.cz/chuchle/wp-content/uploads/sites/2/2022/05/privoz_1966-archiv-mc-praha12.jpg"><img loading="lazy" decoding="async" class="aligncenter size-full wp-image-543" src="http://regionplus.cz/chuchle/wp-content/uploads/sites/2/2022/05/privoz_1966-archiv-mc-praha12.jpg" alt="" width="1366" height="890" srcset="https://regionplus.cz/chuchle/wp-content/uploads/sites/2/2022/05/privoz_1966-archiv-mc-praha12.jpg 1366w, https://regionplus.cz/chuchle/wp-content/uploads/sites/2/2022/05/privoz_1966-archiv-mc-praha12-300x195.jpg 300w, https://regionplus.cz/chuchle/wp-content/uploads/sites/2/2022/05/privoz_1966-archiv-mc-praha12-1024x667.jpg 1024w, https://regionplus.cz/chuchle/wp-content/uploads/sites/2/2022/05/privoz_1966-archiv-mc-praha12-768x500.jpg 768w, https://regionplus.cz/chuchle/wp-content/uploads/sites/2/2022/05/privoz_1966-archiv-mc-praha12-460x300.jpg 460w" sizes="auto, (max-width: 1366px) 100vw, 1366px" /></a> <a href="http://regionplus.cz/chuchle/wp-content/uploads/sites/2/2022/05/privoz-60-leta.jpg"><img loading="lazy" decoding="async" class="aligncenter size-full wp-image-544" src="http://regionplus.cz/chuchle/wp-content/uploads/sites/2/2022/05/privoz-60-leta.jpg" alt="" width="540" height="414" srcset="https://regionplus.cz/chuchle/wp-content/uploads/sites/2/2022/05/privoz-60-leta.jpg 540w, https://regionplus.cz/chuchle/wp-content/uploads/sites/2/2022/05/privoz-60-leta-300x230.jpg 300w, https://regionplus.cz/chuchle/wp-content/uploads/sites/2/2022/05/privoz-60-leta-391x300.jpg 391w" sizes="auto, (max-width: 540px) 100vw, 540px" /></a></p>
<p style="text-align: center;">Zdroj: www.praha12.cz</p>
<p>&nbsp;</p>
<ul>
<li>Hodkovičky – Malá Chuchle: poprvé doložen 1893, naposledy 1974</li>
<li>Malá Chuchle – Ledárny: zřízen 1913, zrušen cca 1955</li>
<li><span style="color: #000000;">16. května 2022 vyjel po dlouhých desítkách let na svoji trasu přívoz mezi Velkou Chuchlí a Modřany. Zastávky jsou označeny jako &#8222;Dostihová&#8220; a &#8222;Belárie.&#8220; Přívoz je součástí Pražské integrované dopravy, je označen jako P4 a má charakter dočasného provozu (od 16. května do konce srpna 2022) a byl zřízen po dobu opravy Barrandovského mostu.  </span>Dopravu zajišťuje loď s označením TROJA pro 100 osob, přívoz provozuje Pražská paroplavební společnost v dvacetiminutovém taktu (v pracovních dnech od 7 do 21 hodin, v sobotu a neděli od 8 do 21 hodin). První den provozu přívoz svezl 120 cestujících.</li>
</ul>
<p><strong>Zdroje:</strong></p>
<p><a href="https://www.praha.eu/jnp/cz/doprava/mhd/privozy/zanikle_privozy_v_praze_na_vltave.html">https://www.praha.eu/jnp/cz/doprava/mhd/privozy/zanikle_privozy_v_praze_na_vltave.html </a>(citováno dne 27. 5. 2022)</p>
<p><a href="https://www.praha12.cz/doprava/d-3077">https://www.praha12.cz/doprava/d-3077  </a>(citováno dne 27. 5. 2022)</p>
<p><a href="https://www.praha12.cz/assets/File.ashx?id_org=80112&amp;id_dokumenty=3359" target="_blank" rel="noopener">https://www.praha12.cz/assets/File.ashx?id_org=80112&amp;id_dokumenty=3359 </a>(citováno dne 18. 4. 2023)</p>

<p>Historie chuchelských přívozů Modřany (U Kina) – Velká Chuchle.  Přívoz byl zřízen v roce 1933 pro dělníky dojíždějící z levého břehu do modřanských továren. Provozoval jej Josef Borovička z Modřan. V roce 1945 byl přívoz ve správě MNV Modřany. 24. &hellip; <a href="https://regionplus.cz/chuchle/zajimavosti/doprava/privozy/">Celý příspěvek <span class="meta-nav">&rarr;</span></a></p>
