{"id":515,"date":"2022-05-14T06:35:33","date_gmt":"2022-05-14T04:35:33","guid":{"rendered":"http:\/\/regionplus.cz\/chuchle\/?page_id=515"},"modified":"2026-03-13T10:19:41","modified_gmt":"2026-03-13T09:19:41","slug":"lapacek-frantisek","status":"publish","type":"page","link":"https:\/\/regionplus.cz\/chuchle\/vyznamne-osobnosti\/lapacek-frantisek\/","title":{"rendered":"Lap\u00e1\u010dek Franti\u0161ek"},"content":{"rendered":"<p>25. 9. 1924 &#8211; 11. 5. 2022<\/p>\n<p>D\u011btstv\u00ed pro\u017eil ve Velk\u00e9 Chuchli v rodin\u011b rusk\u00e9ho legion\u00e1\u0159e. Po studiu na re\u00e1ln\u00e9m gymn\u00e1ziu vystudoval Vysokou \u0161kolu strojn\u00edho a el. in\u017een\u00fdrstv\u00ed. Od r. 1950, kdy se p\u0159est\u011bhoval do Chebu, pracoval jako hlavn\u00ed in\u017een\u00fdr a pot\u00e9 technick\u00fd n\u00e1m\u011bstek \u0159editele z\u00e1vodu na v\u00fdrobu kol Eska s.p. Proto\u017ee nebyl \u010dlenem komunistick\u00e9 strany, nemohl dlouhodob\u011b vykon\u00e1vat tuto funkci, p\u0159e\u0161el do Sdru\u017een\u00ed hn\u011bdouheln\u00fdch dol\u016f a briket\u00e1ren, kde se pod\u00edlel na stavb\u011b paroplynov\u00e9 elektr\u00e1rny V\u0159esov\u00e1.\u00a0 V pr\u016fb\u011bhu roku 1960 zakl\u00e1dal Sokolovsk\u00e9 stroj\u00edrny, kde byl tv\u016frcem \u0159ady technick\u00fdch zlep\u0161en\u00ed. V roce 1968 stal podnikov\u00fdm \u0159editelem. Po normaliza\u010dn\u00edch prov\u011brk\u00e1ch byl p\u0159e\u0159azen na ni\u017e\u0161\u00ed pozici<br \/>\na n\u00e1sledn\u011b ode\u0161el pracovat do IPS Praha. Po odchodu do d\u016fchodu zde dlouh\u00e1 l\u00e9ta p\u016fsobil v \u010dele klubu d\u016fchodc\u016f<\/p>\n<p>Na konci sedmdes\u00e1t\u00fdch let se p\u0159est\u011bhoval zp\u00e1tky do rodn\u00e9ho domu v Chuchli. V roce 1990 se pod\u00edlel na obnov\u011b chuchelsk\u00e9 samospr\u00e1vy, byl zvolen do prvn\u00edho zastupitelstva m\u011bstsk\u00e9 \u010d\u00e1sti Praha &#8211; Velk\u00e1 Chuchle, kde v letech 1990 &#8211; 1994 vykon\u00e1val funkci m\u00edstostarosty. V letech 1994 &#8211; 1996 byl historicky druh\u00fdm starostou m\u011bstsk\u00e9 \u010d\u00e1sti Praha &#8211; Velk\u00e1 Chuchle. V r\u00e1mci sv\u00e9ho technick\u00e9ho zam\u011b\u0159en\u00ed se v t\u00e9 dob\u011b v\u00fdrazn\u011b zaslou\u017eil o zah\u00e1jen\u00ed stavby ve\u0159ejn\u00fdch s\u00edt\u00ed v Mal\u00e9 a Velk\u00e9 Chuchli, stavbu Klubov\u00e9ho domu a o p\u0159\u00edstavbu z\u00e1kladn\u00ed \u0161koly. Rovn\u011b\u017e st\u00e1l za obnovou \u010dinnosti historick\u00e9ho spolku D\u011blnick\u00e9 t\u011blocvi\u010dn\u00e9 jednoty Chuchle, jeho\u017e byl dlouholet\u00fdm starostou (v letech 1990 &#8211; 2011).<\/p>\n<div id=\"attachment_518\" style=\"width: 610px\" class=\"wp-caption aligncenter\"><a href=\"http:\/\/regionplus.cz\/chuchle\/wp-content\/uploads\/sites\/2\/2022\/05\/dtj_chuchle_vh_3_3_2007_029.jpg\"><img loading=\"lazy\" decoding=\"async\" aria-describedby=\"caption-attachment-518\" class=\"size-full wp-image-518\" src=\"http:\/\/regionplus.cz\/chuchle\/wp-content\/uploads\/sites\/2\/2022\/05\/dtj_chuchle_vh_3_3_2007_029.jpg\" alt=\"\" width=\"600\" height=\"449\" srcset=\"https:\/\/regionplus.cz\/chuchle\/wp-content\/uploads\/sites\/2\/2022\/05\/dtj_chuchle_vh_3_3_2007_029.jpg 600w, https:\/\/regionplus.cz\/chuchle\/wp-content\/uploads\/sites\/2\/2022\/05\/dtj_chuchle_vh_3_3_2007_029-300x225.jpg 300w, https:\/\/regionplus.cz\/chuchle\/wp-content\/uploads\/sites\/2\/2022\/05\/dtj_chuchle_vh_3_3_2007_029-401x300.jpg 401w, https:\/\/regionplus.cz\/chuchle\/wp-content\/uploads\/sites\/2\/2022\/05\/dtj_chuchle_vh_3_3_2007_029-160x120.jpg 160w\" sizes=\"auto, (max-width: 600px) 100vw, 600px\" \/><\/a><p id=\"caption-attachment-518\" class=\"wp-caption-text\">Ing. Franti\u0161ek Lap\u00e1\u010dek p\u0159i valn\u00e9 hromad\u011b DTJ Velk\u00e1 Chuchle 3. 3. 2007<\/p><\/div>\n<p>Zaj\u00edmavost: A\u017e do pozdn\u00edho v\u011bku se pravideln\u011b \u00fa\u010dastnil pout\u011b k sv. Vav\u0159ine\u010dku &#8211; v\u00fdstupu na Sn\u011b\u017eku. Udr\u017eoval se ve vynikaj\u00edc\u00ed du\u0161evn\u00ed i fyzick\u00e9 kondici a zaj\u00edmal se o ve\u0159ejn\u00e9 d\u011bn\u00ed.<\/p>\n<p>Chuchle.cz (2019): <a href=\"https:\/\/www.chuchle.cz\/chuchelsky-oslavenec.html\">Chuchelsk\u00fd oslavenec<\/a> (p\u0159ipom\u00ednka 95 narozenin)<\/p>\n<div id=\"attachment_519\" style=\"width: 610px\" class=\"wp-caption aligncenter\"><a href=\"http:\/\/regionplus.cz\/chuchle\/wp-content\/uploads\/sites\/2\/2022\/05\/lapacek2019a.jpg\"><img loading=\"lazy\" decoding=\"async\" aria-describedby=\"caption-attachment-519\" class=\"size-full wp-image-519\" src=\"http:\/\/regionplus.cz\/chuchle\/wp-content\/uploads\/sites\/2\/2022\/05\/lapacek2019a.jpg\" alt=\"\" width=\"600\" height=\"800\" srcset=\"https:\/\/regionplus.cz\/chuchle\/wp-content\/uploads\/sites\/2\/2022\/05\/lapacek2019a.jpg 600w, https:\/\/regionplus.cz\/chuchle\/wp-content\/uploads\/sites\/2\/2022\/05\/lapacek2019a-225x300.jpg 225w\" sizes=\"auto, (max-width: 600px) 100vw, 600px\" \/><\/a><p id=\"caption-attachment-519\" class=\"wp-caption-text\">Ing. Franti\u0161ek Lap\u00e1\u010dek oslavil 25. 9. 2019 kr\u00e1sn\u00e9 95. narozeniny. Gratulovali mu Mgr. Martin Melichar (starosta 2010 &#8211; 2014) a Mgr. Lenka Felix (starostka v letech 2018 &#8211; 2021).<\/p><\/div>\n<p>Chuchelsk\u00fd zpravodaj 7-8\/2014: <a href=\"https:\/\/www.chuchle.cz\/?p=actions&amp;action=download\/file&amp;value=files&amp;id=4190\">Ing. Franti\u0161ek Lap\u00e1\u010dek se do\u017e\u00edv\u00e1 90 let<\/a><\/p>\n<hr \/>\n<ul>\n<li>V kv\u011btnov\u00fdch dnech roku 1945 pracoval jako dobrovoln\u00edk &#8211; telefonista na obecn\u00edm \u00fa\u0159adu ve Velk\u00e9 Chuchli. P\u0159ij\u00edmal hovory a pom\u00e1hal tak revolu\u010dn\u00edmu n\u00e1rodn\u00edmu v\u00fdboru.<\/li>\n<li>V dob\u011b, kdy p\u016fsobil v podniku ESKA, organizoval cyklistick\u00e9 z\u00e1vody nap\u0159\u00ed\u010d republikou.<\/li>\n<li>Ing. Franti\u0161ek Lap\u00e1\u010dek m\u011bl ve Velk\u00e9 Chuchli od roku 1990 p\u0159irozenou autoritu nejen mezi seniory, ale tak\u00e9 mezi ostatn\u00edmi obyvateli obce. Obdivovali jsme jeho pe\u010dlivost, p\u00edli, poctivost, skromnost, sebek\u00e1ze\u0148 a du\u0161evn\u00ed sv\u011b\u017eest a\u017e do posledn\u00edch chvil jeho \u017eivota.<\/li>\n<li>V z\u00e1\u0159\u00ed 2016 nato\u010dil V\u00e1clav Burle s Ing. Franti\u0161kem Lap\u00e1\u010dkem vzpom\u00ednkov\u00e9 video, ve kter\u00e9m vzpom\u00ednal na sv\u00e9 d\u011btstv\u00ed, vznik o obnovu DTJ Velk\u00e1 Chuchle, kv\u011bten 1945 i ud\u00e1losti po roce 1989. Dokument m\u011bl ve\u0159ejnou premi\u00e9ru 12. 3. 2026 v s\u00e1le K8.<\/li>\n<\/ul>\n","protected":false},"excerpt":{"rendered":"<p>25. 9. 1924 &#8211; 11. 5. 2022 D\u011btstv\u00ed pro\u017eil ve Velk\u00e9 Chuchli v rodin\u011b rusk\u00e9ho legion\u00e1\u0159e. Po studiu na re\u00e1ln\u00e9m gymn\u00e1ziu vystudoval Vysokou \u0161kolu strojn\u00edho a el. in\u017een\u00fdrstv\u00ed. Od r. 1950, kdy se p\u0159est\u011bhoval do Chebu, pracoval jako hlavn\u00ed in\u017een\u00fdr &hellip; <a href=\"https:\/\/regionplus.cz\/chuchle\/vyznamne-osobnosti\/lapacek-frantisek\/\">Cel\u00fd p\u0159\u00edsp\u011bvek <span class=\"meta-nav\">&rarr;<\/span><\/a><\/p>\n","protected":false},"author":1,"featured_media":0,"parent":96,"menu_order":0,"comment_status":"closed","ping_status":"closed","template":"","meta":{"footnotes":""},"class_list":["post-515","page","type-page","status-publish","hentry"],"_links":{"self":[{"href":"https:\/\/regionplus.cz\/chuchle\/wp-json\/wp\/v2\/pages\/515","targetHints":{"allow":["GET"]}}],"collection":[{"href":"https:\/\/regionplus.cz\/chuchle\/wp-json\/wp\/v2\/pages"}],"about":[{"href":"https:\/\/regionplus.cz\/chuchle\/wp-json\/wp\/v2\/types\/page"}],"author":[{"embeddable":true,"href":"https:\/\/regionplus.cz\/chuchle\/wp-json\/wp\/v2\/users\/1"}],"replies":[{"embeddable":true,"href":"https:\/\/regionplus.cz\/chuchle\/wp-json\/wp\/v2\/comments?post=515"}],"version-history":[{"count":5,"href":"https:\/\/regionplus.cz\/chuchle\/wp-json\/wp\/v2\/pages\/515\/revisions"}],"predecessor-version":[{"id":1256,"href":"https:\/\/regionplus.cz\/chuchle\/wp-json\/wp\/v2\/pages\/515\/revisions\/1256"}],"up":[{"embeddable":true,"href":"https:\/\/regionplus.cz\/chuchle\/wp-json\/wp\/v2\/pages\/96"}],"wp:attachment":[{"href":"https:\/\/regionplus.cz\/chuchle\/wp-json\/wp\/v2\/media?parent=515"}],"curies":[{"name":"wp","href":"https:\/\/api.w.org\/{rel}","templated":true}]}}

Lapáček František

<p>25. 9. 1924 &#8211; 11. 5. 2022</p>
<p>Dětství prožil ve Velké Chuchli v rodině ruského legionáře. Po studiu na reálném gymnáziu vystudoval Vysokou školu strojního a el. inženýrství. Od r. 1950, kdy se přestěhoval do Chebu, pracoval jako hlavní inženýr a poté technický náměstek ředitele závodu na výrobu kol Eska s.p. Protože nebyl členem komunistické strany, nemohl dlouhodobě vykonávat tuto funkci, přešel do Sdružení hnědouhelných dolů a briketáren, kde se podílel na stavbě paroplynové elektrárny Vřesová.  V průběhu roku 1960 zakládal Sokolovské strojírny, kde byl tvůrcem řady technických zlepšení. V roce 1968 stal podnikovým ředitelem. Po normalizačních prověrkách byl přeřazen na nižší pozici<br />
a následně odešel pracovat do IPS Praha. Po odchodu do důchodu zde dlouhá léta působil v čele klubu důchodců</p>
<p>Na konci sedmdesátých let se přestěhoval zpátky do rodného domu v Chuchli. V roce 1990 se podílel na obnově chuchelské samosprávy, byl zvolen do prvního zastupitelstva městské části Praha &#8211; Velká Chuchle, kde v letech 1990 &#8211; 1994 vykonával funkci místostarosty. V letech 1994 &#8211; 1996 byl historicky druhým starostou městské části Praha &#8211; Velká Chuchle. V rámci svého technického zaměření se v té době výrazně zasloužil o zahájení stavby veřejných sítí v Malé a Velké Chuchli, stavbu Klubového domu a o přístavbu základní školy. Rovněž stál za obnovou činnosti historického spolku Dělnické tělocvičné jednoty Chuchle, jehož byl dlouholetým starostou (v letech 1990 &#8211; 2011).</p>
<div id="attachment_518" style="width: 610px" class="wp-caption aligncenter"><a href="http://regionplus.cz/chuchle/wp-content/uploads/sites/2/2022/05/dtj_chuchle_vh_3_3_2007_029.jpg"><img loading="lazy" decoding="async" aria-describedby="caption-attachment-518" class="size-full wp-image-518" src="http://regionplus.cz/chuchle/wp-content/uploads/sites/2/2022/05/dtj_chuchle_vh_3_3_2007_029.jpg" alt="" width="600" height="449" srcset="https://regionplus.cz/chuchle/wp-content/uploads/sites/2/2022/05/dtj_chuchle_vh_3_3_2007_029.jpg 600w, https://regionplus.cz/chuchle/wp-content/uploads/sites/2/2022/05/dtj_chuchle_vh_3_3_2007_029-300x225.jpg 300w, https://regionplus.cz/chuchle/wp-content/uploads/sites/2/2022/05/dtj_chuchle_vh_3_3_2007_029-401x300.jpg 401w, https://regionplus.cz/chuchle/wp-content/uploads/sites/2/2022/05/dtj_chuchle_vh_3_3_2007_029-160x120.jpg 160w" sizes="auto, (max-width: 600px) 100vw, 600px" /></a><p id="caption-attachment-518" class="wp-caption-text">Ing. František Lapáček při valné hromadě DTJ Velká Chuchle 3. 3. 2007</p></div>
<p>Zajímavost: Až do pozdního věku se pravidelně účastnil poutě k sv. Vavřinečku &#8211; výstupu na Sněžku. Udržoval se ve vynikající duševní i fyzické kondici a zajímal se o veřejné dění.</p>
<p>Chuchle.cz (2019): <a href="https://www.chuchle.cz/chuchelsky-oslavenec.html">Chuchelský oslavenec</a> (připomínka 95 narozenin)</p>
<div id="attachment_519" style="width: 610px" class="wp-caption aligncenter"><a href="http://regionplus.cz/chuchle/wp-content/uploads/sites/2/2022/05/lapacek2019a.jpg"><img loading="lazy" decoding="async" aria-describedby="caption-attachment-519" class="size-full wp-image-519" src="http://regionplus.cz/chuchle/wp-content/uploads/sites/2/2022/05/lapacek2019a.jpg" alt="" width="600" height="800" srcset="https://regionplus.cz/chuchle/wp-content/uploads/sites/2/2022/05/lapacek2019a.jpg 600w, https://regionplus.cz/chuchle/wp-content/uploads/sites/2/2022/05/lapacek2019a-225x300.jpg 225w" sizes="auto, (max-width: 600px) 100vw, 600px" /></a><p id="caption-attachment-519" class="wp-caption-text">Ing. František Lapáček oslavil 25. 9. 2019 krásné 95. narozeniny. Gratulovali mu Mgr. Martin Melichar (starosta 2010 &#8211; 2014) a Mgr. Lenka Felix (starostka v letech 2018 &#8211; 2021).</p></div>
<p>Chuchelský zpravodaj 7-8/2014: <a href="https://www.chuchle.cz/?p=actions&amp;action=download/file&amp;value=files&amp;id=4190">Ing. František Lapáček se dožívá 90 let</a></p>
<hr />
<ul>
<li>V květnových dnech roku 1945 pracoval jako dobrovolník &#8211; telefonista na obecním úřadu ve Velké Chuchli. Přijímal hovory a pomáhal tak revolučnímu národnímu výboru.</li>
<li>V době, kdy působil v podniku ESKA, organizoval cyklistické závody napříč republikou.</li>
<li>Ing. František Lapáček měl ve Velké Chuchli od roku 1990 přirozenou autoritu nejen mezi seniory, ale také mezi ostatními obyvateli obce. Obdivovali jsme jeho pečlivost, píli, poctivost, skromnost, sebekázeň a duševní svěžest až do posledních chvil jeho života.</li>
<li>V září 2016 natočil Václav Burle s Ing. Františkem Lapáčkem vzpomínkové video, ve kterém vzpomínal na své dětství, vznik o obnovu DTJ Velká Chuchle, květen 1945 i události po roce 1989. Dokument měl veřejnou premiéru 12. 3. 2026 v sále K8.</li>
</ul>

<p>25. 9. 1924 &#8211; 11. 5. 2022 Dětství prožil ve Velké Chuchli v rodině ruského legionáře. Po studiu na reálném gymnáziu vystudoval Vysokou školu strojního a el. inženýrství. Od r. 1950, kdy se přestěhoval do Chebu, pracoval jako hlavní inženýr &hellip; <a href="https://regionplus.cz/chuchle/vyznamne-osobnosti/lapacek-frantisek/">Celý příspěvek <span class="meta-nav">&rarr;</span></a></p>
