{"id":492,"date":"2022-04-10T22:31:14","date_gmt":"2022-04-10T20:31:14","guid":{"rendered":"http:\/\/regionplus.cz\/chuchle\/?page_id=492"},"modified":"2022-04-12T08:17:27","modified_gmt":"2022-04-12T06:17:27","slug":"vozniak-zbysek","status":"publish","type":"page","link":"https:\/\/regionplus.cz\/chuchle\/vyznamne-osobnosti\/vozniak-zbysek\/","title":{"rendered":"Vo\u017eniak Zby\u0161ek"},"content":{"rendered":"<p>23. 1. 1953 &#8211; 28. 3. 2011<\/p>\n<p>Zby\u0161ek Vo\u017eniak se narodil 23. 1. 1953 v Jablonci nad Nisou. Ml\u00e1d\u00ed pro\u017eil v Lib\u010dic\u00edch nad Vltavou, kde byl od rann\u00e9ho d\u011btstv\u00ed \u010dlenem zdej\u0161\u00edho sboru dobrovoln\u00fdch hasi\u010d\u016f. Po z\u00e1kladn\u00ed vojensk\u00e9 slu\u017eb\u011b p\u0159ijal m\u00edsto v tehdej\u0161\u00ed \u010ceskoslovensk\u00e9 televizi, kde slou\u017eil jako profesion\u00e1ln\u00ed hasi\u010d. Z\u00e1rove\u0148 byl \u010dlenem sboru dobrovoln\u00fdch hasi\u010d\u016f v Praze 4, kde vedl ml\u00e1de\u017enick\u00fd odd\u00edl. V roce 1978 vstoupil do Z\u00e1chrann\u00e9ho hasi\u010dsk\u00e9ho sboru hl. m. Prahy, kde p\u016fsobil a\u017e do v\u00fdsluhy v roce 2006. V letech 1995 \u2013 2000 slou\u017eil jako<br \/>\nochranka prezidenta V\u00e1clava Havla na Pra\u017esk\u00e9m hrad\u011b v r\u00e1mci ZHS. B\u011bhem jeho profesn\u00ed \u010dinnosti se z\u00fa\u010dastnil mimo jin\u00e9 velk\u00fdch po\u017e\u00e1r\u016f v Praze a okol\u00ed a rovn\u011b\u017e povodn\u00ed na Morav\u011b v r. 1997 a v Praze r. 2002.<\/p>\n<p>Jeho velkou v\u00e1\u0161n\u00ed bylo sb\u00edr\u00e1n\u00ed v\u0161ech p\u0159edm\u011bt\u016f t\u00fdkaj\u00edc\u00edch se hasi\u010d\u016f a jejich historie.<br \/>\nJak on tvrdil, za\u010d\u00ednal jako shroma\u017e\u010fovatel, ale postupem \u010dasu jak jeho sb\u00edrka rostla i s<br \/>\np\u0159isp\u011bn\u00edm jeho \u017eeny se st\u00e1val sb\u011bratelem. Za\u010d\u00e1tkem 90. let minul\u00e9ho stolet\u00ed se stal \u010dlenem Centra hasi\u010dsk\u00e9ho hnut\u00ed v P\u0159ibyslavi &#8211; \u00a0sekce historik\u016f a sb\u011bratel\u016f hasi\u010dstva, pozd\u011bji se stal \u010dlenem CTIF (mezin\u00e1rodn\u00ed sekce). V r\u00e1mci sv\u00e9 sb\u011bratelsk\u00e9 v\u00e1\u0161n\u011b se mu poda\u0159ila cel\u00e1 \u0159ada objev\u016f, lze zm\u00ednit jeho v\u00fdrazn\u00fd pod\u00edl na dokumentaci a z\u00e1chran\u011b hasi\u010dsk\u00e9 st\u0159\u00edka\u010dky obce Lidice.<\/p>\n<p>V roce 2002 se p\u0159est\u011bhoval do Velk\u00e9 Chuchle, kde o rok pozd\u011bji otev\u0159el v p\u0159\u00edzem\u00ed sv\u00e9ho domu 1. Pra\u017esk\u00e9 hasi\u010dsk\u00e9 muzeum. V roce 2004 bylo jeho muzeum p\u0159ijato do Asociace muze\u00ed a galeri\u00ed a Zby\u0161ek Vo\u017eniak od t\u00e9 doby hrd\u011b s radost\u00ed prov\u00e1d\u011bl v\u0161echny z\u00e1jemce sv\u00fdm muzeem. Bohu\u017eel koncem roku 2010 onemocn\u011bl a 28. 3. 2011<br \/>\nzem\u0159el. Na jeho v\u00fdslovn\u00e9 p\u0159\u00e1n\u00ed byl zpopeln\u011bn bez ob\u0159adu. Urna s jeho popelem je um\u00edst\u011bna v muzeu.<\/p>\n<p>&nbsp;<\/p>\n<p><strong><span style=\"color: #ff0000;\">Dal\u0161\u00ed informace:\u00a0<\/span><\/strong><\/p>\n<ul>\n<li><a href=\"http:\/\/regionplus.cz\/chuchle\/zajimavosti\/prvni-prazske-hasicske-muzeum\/\">Prvn\u00ed pra\u017esk\u00e9 hasi\u010dsk\u00e9 muzeum<\/a><\/li>\n<li><a href=\"http:\/\/www.chh.cz\/assets\/File.ashx?id_org=200266&amp;id_dokumenty=1101\" target=\"_blank\" rel=\"noopener\">Centrum hasi\u010dsk\u00e9ho hnut\u00ed P\u0159ibyslav<\/a><\/li>\n<\/ul>\n","protected":false},"excerpt":{"rendered":"<p>23. 1. 1953 &#8211; 28. 3. 2011 Zby\u0161ek Vo\u017eniak se narodil 23. 1. 1953 v Jablonci nad Nisou. Ml\u00e1d\u00ed pro\u017eil v Lib\u010dic\u00edch nad Vltavou, kde byl od rann\u00e9ho d\u011btstv\u00ed \u010dlenem zdej\u0161\u00edho sboru dobrovoln\u00fdch hasi\u010d\u016f. Po z\u00e1kladn\u00ed vojensk\u00e9 slu\u017eb\u011b p\u0159ijal m\u00edsto &hellip; <a href=\"https:\/\/regionplus.cz\/chuchle\/vyznamne-osobnosti\/vozniak-zbysek\/\">Cel\u00fd p\u0159\u00edsp\u011bvek <span class=\"meta-nav\">&rarr;<\/span><\/a><\/p>\n","protected":false},"author":1,"featured_media":0,"parent":96,"menu_order":0,"comment_status":"closed","ping_status":"closed","template":"","meta":{"footnotes":""},"class_list":["post-492","page","type-page","status-publish","hentry"],"_links":{"self":[{"href":"https:\/\/regionplus.cz\/chuchle\/wp-json\/wp\/v2\/pages\/492","targetHints":{"allow":["GET"]}}],"collection":[{"href":"https:\/\/regionplus.cz\/chuchle\/wp-json\/wp\/v2\/pages"}],"about":[{"href":"https:\/\/regionplus.cz\/chuchle\/wp-json\/wp\/v2\/types\/page"}],"author":[{"embeddable":true,"href":"https:\/\/regionplus.cz\/chuchle\/wp-json\/wp\/v2\/users\/1"}],"replies":[{"embeddable":true,"href":"https:\/\/regionplus.cz\/chuchle\/wp-json\/wp\/v2\/comments?post=492"}],"version-history":[{"count":4,"href":"https:\/\/regionplus.cz\/chuchle\/wp-json\/wp\/v2\/pages\/492\/revisions"}],"predecessor-version":[{"id":496,"href":"https:\/\/regionplus.cz\/chuchle\/wp-json\/wp\/v2\/pages\/492\/revisions\/496"}],"up":[{"embeddable":true,"href":"https:\/\/regionplus.cz\/chuchle\/wp-json\/wp\/v2\/pages\/96"}],"wp:attachment":[{"href":"https:\/\/regionplus.cz\/chuchle\/wp-json\/wp\/v2\/media?parent=492"}],"curies":[{"name":"wp","href":"https:\/\/api.w.org\/{rel}","templated":true}]}}

Vožniak Zbyšek

<p>23. 1. 1953 &#8211; 28. 3. 2011</p>
<p>Zbyšek Vožniak se narodil 23. 1. 1953 v Jablonci nad Nisou. Mládí prožil v Libčicích nad Vltavou, kde byl od ranného dětství členem zdejšího sboru dobrovolných hasičů. Po základní vojenské službě přijal místo v tehdejší Československé televizi, kde sloužil jako profesionální hasič. Zároveň byl členem sboru dobrovolných hasičů v Praze 4, kde vedl mládežnický oddíl. V roce 1978 vstoupil do Záchranného hasičského sboru hl. m. Prahy, kde působil až do výsluhy v roce 2006. V letech 1995 – 2000 sloužil jako<br />
ochranka prezidenta Václava Havla na Pražském hradě v rámci ZHS. Během jeho profesní činnosti se zúčastnil mimo jiné velkých požárů v Praze a okolí a rovněž povodní na Moravě v r. 1997 a v Praze r. 2002.</p>
<p>Jeho velkou vášní bylo sbírání všech předmětů týkajících se hasičů a jejich historie.<br />
Jak on tvrdil, začínal jako shromažďovatel, ale postupem času jak jeho sbírka rostla i s<br />
přispěním jeho ženy se stával sběratelem. Začátkem 90. let minulého století se stal členem Centra hasičského hnutí v Přibyslavi &#8211;  sekce historiků a sběratelů hasičstva, později se stal členem CTIF (mezinárodní sekce). V rámci své sběratelské vášně se mu podařila celá řada objevů, lze zmínit jeho výrazný podíl na dokumentaci a záchraně hasičské stříkačky obce Lidice.</p>
<p>V roce 2002 se přestěhoval do Velké Chuchle, kde o rok později otevřel v přízemí svého domu 1. Pražské hasičské muzeum. V roce 2004 bylo jeho muzeum přijato do Asociace muzeí a galerií a Zbyšek Vožniak od té doby hrdě s radostí prováděl všechny zájemce svým muzeem. Bohužel koncem roku 2010 onemocněl a 28. 3. 2011<br />
zemřel. Na jeho výslovné přání byl zpopelněn bez obřadu. Urna s jeho popelem je umístěna v muzeu.</p>
<p>&nbsp;</p>
<p><strong><span style="color: #ff0000;">Další informace: </span></strong></p>
<ul>
<li><a href="http://regionplus.cz/chuchle/zajimavosti/prvni-prazske-hasicske-muzeum/">První pražské hasičské muzeum</a></li>
<li><a href="http://www.chh.cz/assets/File.ashx?id_org=200266&amp;id_dokumenty=1101" target="_blank" rel="noopener">Centrum hasičského hnutí Přibyslav</a></li>
</ul>

<p>23. 1. 1953 &#8211; 28. 3. 2011 Zbyšek Vožniak se narodil 23. 1. 1953 v Jablonci nad Nisou. Mládí prožil v Libčicích nad Vltavou, kde byl od ranného dětství členem zdejšího sboru dobrovolných hasičů. Po základní vojenské službě přijal místo &hellip; <a href="https://regionplus.cz/chuchle/vyznamne-osobnosti/vozniak-zbysek/">Celý příspěvek <span class="meta-nav">&rarr;</span></a></p>
