{"id":424,"date":"2022-01-20T15:47:31","date_gmt":"2022-01-20T14:47:31","guid":{"rendered":"http:\/\/regionplus.cz\/chuchle\/?page_id=424"},"modified":"2022-01-20T15:47:55","modified_gmt":"2022-01-20T14:47:55","slug":"pomnik-na-nam-chuchelskych-bojovniku","status":"publish","type":"page","link":"https:\/\/regionplus.cz\/chuchle\/zajimavosti\/pomnik-na-nam-chuchelskych-bojovniku\/","title":{"rendered":"Pomn\u00edk na n\u00e1m. Chuchelsk\u00fdch bojovn\u00edk\u016f"},"content":{"rendered":"<p>Pomn\u00edk Anton\u00edna \u0160vehly, dlouholet\u00e9ho \u010deskoslovensk\u00e9ho premi\u00e9ra, vznikl p\u00e9\u010d\u00ed \u201eKomit\u00e9tu m\u00edstn\u00ed republik\u00e1nsk\u00e9 strany zem\u011bd\u011blsk\u00e9.\u201c Odhalen byl 5. z\u00e1\u0159\u00ed 1937. P\u0159e\u017eil druhou sv\u011btovou v\u00e1lku, na rozd\u00edl od okoln\u00edch lip. Patn\u00edky p\u0159ipom\u00ednaj\u00edc\u00ed Bene\u0161e a Masaryka byly po 15. b\u0159eznu 1939 vytr\u017eeny ze zem\u011b a ulo\u017eeny v m\u00edstn\u00ed \u0161kole. V roce 1945 byly p\u0159esunuty na m\u00edstn\u00ed n\u00e1rodn\u00ed v\u00fdbor, a pak se jejich stopa ztratila.<\/p>\n<p>V roce 1959 bylo rozhodnuto, \u017ee torzo pomn\u00edku poslou\u017e\u00ed pro vybudov\u00e1n\u00ed pam\u00e1tn\u00edku ob\u011btem odboje v letech 1914\u20131918 a revoluce v roce 1945. Jaroslav Hauner, jeho\u017e syn zde v dob\u011b revoluce padl, upravil \u017eulov\u00fd kv\u00e1dr a do m\u011bdi vytepal st\u00e1tn\u00ed znak a lipov\u00e9 ratolesti. Slavnostn\u00ed odhalen\u00ed pomn\u00edku bylo 8. listopadu 1959 v r\u00e1mci oslav M\u011bs\u00edce \u010deskoslovensko\u2013sov\u011btsk\u00e9ho p\u0159\u00e1telstv\u00ed.<\/p>\n","protected":false},"excerpt":{"rendered":"<p>Pomn\u00edk Anton\u00edna \u0160vehly, dlouholet\u00e9ho \u010deskoslovensk\u00e9ho premi\u00e9ra, vznikl p\u00e9\u010d\u00ed \u201eKomit\u00e9tu m\u00edstn\u00ed republik\u00e1nsk\u00e9 strany zem\u011bd\u011blsk\u00e9.\u201c Odhalen byl 5. z\u00e1\u0159\u00ed 1937. P\u0159e\u017eil druhou sv\u011btovou v\u00e1lku, na rozd\u00edl od okoln\u00edch lip. Patn\u00edky p\u0159ipom\u00ednaj\u00edc\u00ed Bene\u0161e a Masaryka byly po 15. b\u0159eznu 1939 vytr\u017eeny ze zem\u011b &hellip; <a href=\"https:\/\/regionplus.cz\/chuchle\/zajimavosti\/pomnik-na-nam-chuchelskych-bojovniku\/\">Cel\u00fd p\u0159\u00edsp\u011bvek <span class=\"meta-nav\">&rarr;<\/span><\/a><\/p>\n","protected":false},"author":1,"featured_media":0,"parent":225,"menu_order":0,"comment_status":"closed","ping_status":"closed","template":"","meta":{"footnotes":""},"class_list":["post-424","page","type-page","status-publish","hentry"],"_links":{"self":[{"href":"https:\/\/regionplus.cz\/chuchle\/wp-json\/wp\/v2\/pages\/424","targetHints":{"allow":["GET"]}}],"collection":[{"href":"https:\/\/regionplus.cz\/chuchle\/wp-json\/wp\/v2\/pages"}],"about":[{"href":"https:\/\/regionplus.cz\/chuchle\/wp-json\/wp\/v2\/types\/page"}],"author":[{"embeddable":true,"href":"https:\/\/regionplus.cz\/chuchle\/wp-json\/wp\/v2\/users\/1"}],"replies":[{"embeddable":true,"href":"https:\/\/regionplus.cz\/chuchle\/wp-json\/wp\/v2\/comments?post=424"}],"version-history":[{"count":2,"href":"https:\/\/regionplus.cz\/chuchle\/wp-json\/wp\/v2\/pages\/424\/revisions"}],"predecessor-version":[{"id":426,"href":"https:\/\/regionplus.cz\/chuchle\/wp-json\/wp\/v2\/pages\/424\/revisions\/426"}],"up":[{"embeddable":true,"href":"https:\/\/regionplus.cz\/chuchle\/wp-json\/wp\/v2\/pages\/225"}],"wp:attachment":[{"href":"https:\/\/regionplus.cz\/chuchle\/wp-json\/wp\/v2\/media?parent=424"}],"curies":[{"name":"wp","href":"https:\/\/api.w.org\/{rel}","templated":true}]}}

Pomník na nám. Chuchelských bojovníků

<p>Pomník Antonína Švehly, dlouholetého československého premiéra, vznikl péčí „Komitétu místní republikánské strany zemědělské.“ Odhalen byl 5. září 1937. Přežil druhou světovou válku, na rozdíl od okolních lip. Patníky připomínající Beneše a Masaryka byly po 15. březnu 1939 vytrženy ze země a uloženy v místní škole. V roce 1945 byly přesunuty na místní národní výbor, a pak se jejich stopa ztratila.</p>
<p>V roce 1959 bylo rozhodnuto, že torzo pomníku poslouží pro vybudování památníku obětem odboje v letech 1914–1918 a revoluce v roce 1945. Jaroslav Hauner, jehož syn zde v době revoluce padl, upravil žulový kvádr a do mědi vytepal státní znak a lipové ratolesti. Slavnostní odhalení pomníku bylo 8. listopadu 1959 v rámci oslav Měsíce československo–sovětského přátelství.</p>

<p>Pomník Antonína Švehly, dlouholetého československého premiéra, vznikl péčí „Komitétu místní republikánské strany zemědělské.“ Odhalen byl 5. září 1937. Přežil druhou světovou válku, na rozdíl od okolních lip. Patníky připomínající Beneše a Masaryka byly po 15. březnu 1939 vytrženy ze země &hellip; <a href="https://regionplus.cz/chuchle/zajimavosti/pomnik-na-nam-chuchelskych-bojovniku/">Celý příspěvek <span class="meta-nav">&rarr;</span></a></p>
