{"id":378,"date":"2022-01-19T14:49:06","date_gmt":"2022-01-19T13:49:06","guid":{"rendered":"http:\/\/regionplus.cz\/chuchle\/?page_id=378"},"modified":"2022-01-19T14:50:03","modified_gmt":"2022-01-19T13:50:03","slug":"vrchlicky-jaroslav","status":"publish","type":"page","link":"https:\/\/regionplus.cz\/chuchle\/vyznamne-osobnosti\/vrchlicky-jaroslav\/","title":{"rendered":"Vrchlick\u00fd Jaroslav"},"content":{"rendered":"<p><em>Ty, Pane, s\u00e1m jsi \u017eivot, jim\u017e zkru\u0161en ka\u017ed\u00fd zmar,<\/em><\/p>\n<p><em>v\u0161e pln\u00ed\u0161 zem i mo\u0159e, v\u0161ech zjev\u016f star\u00fd tvar,<\/em><\/p>\n<p><em>prch pocit pr\u00e1zdna z\u00a0du\u0161e, tys vyplnil ji s\u00e1m,<\/em><\/p>\n<p><em>jak tento k\u00e1men. Pane, tv\u016fj otisk v\u00a0srdci m\u00e1m.<\/em><\/p>\n<p>&nbsp;<\/p>\n<p>Tolik \u00faryvek z b\u00e1sn\u011b \u201eLegenda chuchelsk\u00e1\u201c, kterou Jaroslav Vrchlick\u00fd napsal v roce 1891.<\/p>\n<p>K Chuchli, konkr\u00e9tn\u011b potom k Mal\u00e9, m\u011bl Jaroslav Vrchlick\u00fd (1853 &#8211; 1912) velmi bl\u00edzko. Jezd\u00edval sem, do b\u00fdval\u00e9 myslivny, vily Marie (\u010dp. 43), do ulice V L\u00e1zn\u00edch na tzv. \u201eletn\u00ed byt\u201c. O tom, \u017ee m\u00edstn\u00ed lid\u00e9 si ho velmi v\u00e1\u017eili, sv\u011bd\u010d\u00ed i to, \u017ee od chuchelsk\u00e9ho zastupitelstva obdr\u017eel \u010destn\u00fd diplom. Na druhou stranu na sv\u016fj pobyt v pozd\u011bj\u0161\u00edm obdob\u00ed ji\u017e nevzpom\u00ednal, proto\u017ee se zde provalila nev\u011bra jeho man\u017eelky s hercem N\u00e1rodn\u00edho divadla Jakubem Seifertem.<\/p>\n","protected":false},"excerpt":{"rendered":"<p>Ty, Pane, s\u00e1m jsi \u017eivot, jim\u017e zkru\u0161en ka\u017ed\u00fd zmar, v\u0161e pln\u00ed\u0161 zem i mo\u0159e, v\u0161ech zjev\u016f star\u00fd tvar, prch pocit pr\u00e1zdna z\u00a0du\u0161e, tys vyplnil ji s\u00e1m, jak tento k\u00e1men. Pane, tv\u016fj otisk v\u00a0srdci m\u00e1m. &nbsp; Tolik \u00faryvek z b\u00e1sn\u011b \u201eLegenda &hellip; <a href=\"https:\/\/regionplus.cz\/chuchle\/vyznamne-osobnosti\/vrchlicky-jaroslav\/\">Cel\u00fd p\u0159\u00edsp\u011bvek <span class=\"meta-nav\">&rarr;<\/span><\/a><\/p>\n","protected":false},"author":1,"featured_media":0,"parent":96,"menu_order":0,"comment_status":"closed","ping_status":"closed","template":"","meta":{"footnotes":""},"class_list":["post-378","page","type-page","status-publish","hentry"],"_links":{"self":[{"href":"https:\/\/regionplus.cz\/chuchle\/wp-json\/wp\/v2\/pages\/378","targetHints":{"allow":["GET"]}}],"collection":[{"href":"https:\/\/regionplus.cz\/chuchle\/wp-json\/wp\/v2\/pages"}],"about":[{"href":"https:\/\/regionplus.cz\/chuchle\/wp-json\/wp\/v2\/types\/page"}],"author":[{"embeddable":true,"href":"https:\/\/regionplus.cz\/chuchle\/wp-json\/wp\/v2\/users\/1"}],"replies":[{"embeddable":true,"href":"https:\/\/regionplus.cz\/chuchle\/wp-json\/wp\/v2\/comments?post=378"}],"version-history":[{"count":2,"href":"https:\/\/regionplus.cz\/chuchle\/wp-json\/wp\/v2\/pages\/378\/revisions"}],"predecessor-version":[{"id":380,"href":"https:\/\/regionplus.cz\/chuchle\/wp-json\/wp\/v2\/pages\/378\/revisions\/380"}],"up":[{"embeddable":true,"href":"https:\/\/regionplus.cz\/chuchle\/wp-json\/wp\/v2\/pages\/96"}],"wp:attachment":[{"href":"https:\/\/regionplus.cz\/chuchle\/wp-json\/wp\/v2\/media?parent=378"}],"curies":[{"name":"wp","href":"https:\/\/api.w.org\/{rel}","templated":true}]}}

Vrchlický Jaroslav

<p><em>Ty, Pane, sám jsi život, jimž zkrušen každý zmar,</em></p>
<p><em>vše plníš zem i moře, všech zjevů starý tvar,</em></p>
<p><em>prch pocit prázdna z duše, tys vyplnil ji sám,</em></p>
<p><em>jak tento kámen. Pane, tvůj otisk v srdci mám.</em></p>
<p>&nbsp;</p>
<p>Tolik úryvek z básně „Legenda chuchelská“, kterou Jaroslav Vrchlický napsal v roce 1891.</p>
<p>K Chuchli, konkrétně potom k Malé, měl Jaroslav Vrchlický (1853 &#8211; 1912) velmi blízko. Jezdíval sem, do bývalé myslivny, vily Marie (čp. 43), do ulice V Lázních na tzv. „letní byt“. O tom, že místní lidé si ho velmi vážili, svědčí i to, že od chuchelského zastupitelstva obdržel čestný diplom. Na druhou stranu na svůj pobyt v pozdějším období již nevzpomínal, protože se zde provalila nevěra jeho manželky s hercem Národního divadla Jakubem Seifertem.</p>

<p>Ty, Pane, sám jsi život, jimž zkrušen každý zmar, vše plníš zem i moře, všech zjevů starý tvar, prch pocit prázdna z duše, tys vyplnil ji sám, jak tento kámen. Pane, tvůj otisk v srdci mám. &nbsp; Tolik úryvek z básně „Legenda &hellip; <a href="https://regionplus.cz/chuchle/vyznamne-osobnosti/vrchlicky-jaroslav/">Celý příspěvek <span class="meta-nav">&rarr;</span></a></p>
