{"id":339,"date":"2021-11-27T22:37:19","date_gmt":"2021-11-27T21:37:19","guid":{"rendered":"http:\/\/regionplus.cz\/chuchle\/?page_id=339"},"modified":"2021-11-27T22:39:29","modified_gmt":"2021-11-27T21:39:29","slug":"fryd-norbert","status":"publish","type":"page","link":"https:\/\/regionplus.cz\/chuchle\/vyznamne-osobnosti\/fryd-norbert\/","title":{"rendered":"Fr\u00fdd Norbert"},"content":{"rendered":"<p><span style=\"font-weight: 400;\">Norbert Fr\u00fdd se narodil 21. dubna 1913 v \u010cesk\u00fdch Bud\u011bjovic\u00edch, kde vystudoval i gymn\u00e1zium. V roce\u00a0 1932 zah\u00e1jil studium pr\u00e1v na Univerzit\u011b Karlov\u011b. Zpr\u00e1va o schv\u00e1len\u00ed rigor\u00f3zn\u00ed pr\u00e1ce p\u0159i\u0161la symbolicky 17. 11. 1939, v den uzav\u0159en\u00ed \u010desk\u00fdch vysok\u00fdch \u0161kol (doktorsk\u00e1 promoce se uskute\u010dnila a\u017e 1945). Druhou polovinu v\u00e1le\u010dn\u00fdch let byl internov\u00e1n v Terez\u00edn\u011b, Osv\u011btimi (kde ztratil t\u011bhotnou \u017eenu a otce) a v Dachau. Po v\u00e1lce se vr\u00e1til jako jedin\u00fd z cel\u00e9 rodiny. V letech 1947-51 p\u016fsobil jako kulturn\u00ed ata\u0161\u00e9 na \u010ds. zastupitelsk\u00fdch \u00fa\u0159adech v USA a v Mexiku. Pozn\u00e1val Kubu, Guatemalu, \u00fa\u010dastnil se v\u011bdeck\u00e9 expedice do nov\u011b objeven\u00e9ho maysk\u00e9ho m\u011bsta Bonampaku.\u00a0 Od roku 1951 pracoval jako redaktor v rozhlase, od 1953 byl spisovatelem z povol\u00e1n\u00ed a p\u016fsobil jako deleg\u00e1t UNESCO. Roku 1965 mu byl ud\u011blen titul zaslou\u017eil\u00fd um\u011blec.<\/span><\/p>\n<p><span style=\"font-weight: 400;\">Liter\u00e1rn\u011b \u010dinn\u00fd byl od prvn\u00ed poloviny 30. let. Po 2. sv\u011btov\u00e9 v\u00e1lce napsal na t\u0159i des\u00edtky knih, mimo jin\u00e9 report\u00e1\u017en\u00ed pr\u00e1ce z cest po americk\u00e9m, asijsk\u00e9m kontinentu a rom\u00e1ny situovan\u00e9 do Mexika. V\u011bnoval se tak\u00e9 obdob\u00ed holocaustu a historii sv\u00e9 rodiny.\u00a0<\/span><\/p>\n<p><span style=\"font-weight: 400;\">Pro spisovatele, kter\u00fd od roku 1958 \u017eil a\u017e do sv\u00e9 smrti na Barrandov\u011b, byl Chuchelsk\u00fd h\u00e1j obl\u00edben\u00fdm m\u00edstem ka\u017edodenn\u00edch proch\u00e1zek a je m\u00edstem posledn\u00edho odpo\u010dinku (zem\u0159el 18. b\u0159ezna 1976). Je poh\u0159ben\u00fd na zdej\u0161\u00edm h\u0159bitov\u011b.<\/span><\/p>\n<p><span style=\"font-weight: 400;\">Fr\u00fddova tvorba se profilovala pozvolna, poznamen\u00e1na extenzitou z\u00e1jm\u016f i \u017eivotn\u00edch osud\u016f. Kni\u017en\u011b debutoval n\u011bmecky psanou poezi\u00ed o Praze, a\u017e do po\u010d\u00e1tku 40. let pak psal \u010desky osobn\u00ed lyriku a ver\u0161e pro d\u011bti (po v\u00e1lce \u010d\u00e1st v knih\u00e1ch Bratr Jan a Kv\u011btovan\u00fd k\u016f\u0148). V t\u00e9to dob\u011b se tak\u00e9 pokusil nejen o \u017e\u00e1nr poh\u00e1dky (Pus\u0165te basu do rozhlasu), ale i o rom\u00e1ny, kter\u00e9 byly historick\u00fdm podobenstv\u00edm a existenci\u00e1ln\u00ed anal\u00fdzou dobov\u00e9 atmosf\u00e9ry a \u017eivotn\u00ed zku\u0161enosti lid\u00ed na prahu v\u00e1lky (Divn\u00e1 p\u00edse\u0148, Don Juan jde do divadla). Rovn\u011b\u017e po v\u00e1lce p\u0159evl\u00e1dala ve Fr\u00fddov\u011b d\u00edle \u017e\u00e1nrov\u00e1 r\u016fznorodost. V cestopisn\u00fdch report\u00e1\u017e\u00edch (Mexiko je v Americe, \u00dasm\u011bvav\u00e1 Quatemala), v dobrodru\u017en\u00fdch rom\u00e1nech (Prales, C\u00edsa\u0159ovna), v komedi\u00e1ln\u00ed perzifl\u00e1\u017ei Noc kotrmelc\u016f i v odborn\u00e9 publikaci Mexick\u00e1 grafika t\u011b\u017eil zejm\u00e9na z pobyt\u016f na americk\u00e9m kontinent\u011b. Sna\u017eil se v\u0161ak vyhov\u011bt t\u00e9\u017e dobov\u00fdm ideologick\u00fdm po\u017eadavk\u016fm (Studna sup\u016f, Me\u010d archand\u011bl\u016f) a norm\u00e1m budovatelsk\u00e9 literatury (beletrizovan\u00e1 report\u00e1\u017e Hav\u00ed\u0159 Gavlas). Pozd\u011bji psal tak\u00e9 psychologick\u00e9, do cykl\u016f se sdru\u017euj\u00edc\u00ed pr\u00f3zy o mor\u00e1ln\u00edch konfliktech v \u017eivot\u011b drobn\u00e9ho \u010dlov\u011bka (T\u0159i mal\u00e9 \u017eeny, T\u0159i nepatrn\u00ed mu\u017ei). Nejvlastn\u011bj\u0161\u00ed tv\u016fr\u010d\u00ed oblast\u00ed se mu stala autobiograficky motivovan\u00e1 pr\u00f3za o \u00fad\u011blu \u010desk\u00fdch \u017did\u016f. Zku\u0161enost z koncentra\u010dn\u00edho t\u00e1bora zachytil v rom\u00e1nu Krabice \u017eiv\u00fdch (pl\u00e1novan\u00e9 pokra\u010dov\u00e1n\u00ed z\u016fstalo v rukopisn\u00e9m torzu). Historii asimila\u010dn\u00edch snah t\u0159\u00ed generac\u00ed sv\u00e9 rodiny i jej\u00edho z\u00e1niku pak v\u011bnoval kronik\u00e1\u0159skou trilogii, je\u017e potvrzuje jeho vyprav\u011b\u010dsk\u00fd talent a schopnost propojit autenti\u010dnost \u017eivotn\u00edch osud\u016f s obecn\u011bj\u0161\u00edm obrazem doby (Vzorek bez ceny a pan biskup, Hedv\u00e1bn\u00e9 starosti, Lahvov\u00e1 po\u0161ta, voln\u00e9 pokra\u010dov\u00e1n\u00ed v anekdotick\u00fdch p\u0159\u00edb\u011bz\u00edch Almara pln\u00e1 pov\u00edda\u010dek).<\/span><\/p>\n<p>&nbsp;<\/p>\n<p><span style=\"color: #ff0000;\"><strong>P\u0159ipom\u00ednka 100. v\u00fdro\u010d\u00ed narozen\u00ed<\/strong><\/span><\/p>\n<p><span style=\"font-weight: 400;\">V p\u00e1tek 19. dubna 2013 se konalo slavnostn\u00ed shrom\u00e1\u017ed\u011bn\u00ed u hrobu \u010d. 202 na h\u0159bitov\u011b v Chuchelsk\u00e9m h\u00e1ji za p\u0159\u00edtomnosti \u017e\u00e1k\u016f VIII. t\u0159\u00eddy Z\u0160 Charlotty Masarykov\u00e9, starosty m\u011bstsk\u00e9 \u010d\u00e1sti Mgr. Martina Melichara, dcery Norberta Fr\u00fdda pan\u00ed \u017dandy Fr\u00fddov\u00e9 a dal\u0161\u00edch z\u00e1jemc\u016f. V kr\u00e1tk\u00e9m proslovu p\u0159ipomenul \u017eivotn\u00ed osudy spisovatele kronik\u00e1\u0159 Mgr. Tom\u00e1\u0161 Hrom\u00e1dka, o vztahu Norberta Fr\u00fdda k Chuchelsk\u00e9mu h\u00e1ji pohovo\u0159ila pan\u00ed \u017danda Fr\u00fddov\u00e1.<\/span><\/p>\n<p>&nbsp;<\/p>\n","protected":false},"excerpt":{"rendered":"<p>Norbert Fr\u00fdd se narodil 21. dubna 1913 v \u010cesk\u00fdch Bud\u011bjovic\u00edch, kde vystudoval i gymn\u00e1zium. V roce\u00a0 1932 zah\u00e1jil studium pr\u00e1v na Univerzit\u011b Karlov\u011b. Zpr\u00e1va o schv\u00e1len\u00ed rigor\u00f3zn\u00ed pr\u00e1ce p\u0159i\u0161la symbolicky 17. 11. 1939, v den uzav\u0159en\u00ed \u010desk\u00fdch vysok\u00fdch \u0161kol (doktorsk\u00e1 &hellip; <a href=\"https:\/\/regionplus.cz\/chuchle\/vyznamne-osobnosti\/fryd-norbert\/\">Cel\u00fd p\u0159\u00edsp\u011bvek <span class=\"meta-nav\">&rarr;<\/span><\/a><\/p>\n","protected":false},"author":1,"featured_media":0,"parent":96,"menu_order":0,"comment_status":"closed","ping_status":"closed","template":"","meta":{"footnotes":""},"class_list":["post-339","page","type-page","status-publish","hentry"],"_links":{"self":[{"href":"https:\/\/regionplus.cz\/chuchle\/wp-json\/wp\/v2\/pages\/339","targetHints":{"allow":["GET"]}}],"collection":[{"href":"https:\/\/regionplus.cz\/chuchle\/wp-json\/wp\/v2\/pages"}],"about":[{"href":"https:\/\/regionplus.cz\/chuchle\/wp-json\/wp\/v2\/types\/page"}],"author":[{"embeddable":true,"href":"https:\/\/regionplus.cz\/chuchle\/wp-json\/wp\/v2\/users\/1"}],"replies":[{"embeddable":true,"href":"https:\/\/regionplus.cz\/chuchle\/wp-json\/wp\/v2\/comments?post=339"}],"version-history":[{"count":3,"href":"https:\/\/regionplus.cz\/chuchle\/wp-json\/wp\/v2\/pages\/339\/revisions"}],"predecessor-version":[{"id":342,"href":"https:\/\/regionplus.cz\/chuchle\/wp-json\/wp\/v2\/pages\/339\/revisions\/342"}],"up":[{"embeddable":true,"href":"https:\/\/regionplus.cz\/chuchle\/wp-json\/wp\/v2\/pages\/96"}],"wp:attachment":[{"href":"https:\/\/regionplus.cz\/chuchle\/wp-json\/wp\/v2\/media?parent=339"}],"curies":[{"name":"wp","href":"https:\/\/api.w.org\/{rel}","templated":true}]}}

Frýd Norbert

<p><span style="font-weight: 400;">Norbert Frýd se narodil 21. dubna 1913 v Českých Budějovicích, kde vystudoval i gymnázium. V roce  1932 zahájil studium práv na Univerzitě Karlově. Zpráva o schválení rigorózní práce přišla symbolicky 17. 11. 1939, v den uzavření českých vysokých škol (doktorská promoce se uskutečnila až 1945). Druhou polovinu válečných let byl internován v Terezíně, Osvětimi (kde ztratil těhotnou ženu a otce) a v Dachau. Po válce se vrátil jako jediný z celé rodiny. V letech 1947-51 působil jako kulturní atašé na čs. zastupitelských úřadech v USA a v Mexiku. Poznával Kubu, Guatemalu, účastnil se vědecké expedice do nově objeveného mayského města Bonampaku.  Od roku 1951 pracoval jako redaktor v rozhlase, od 1953 byl spisovatelem z povolání a působil jako delegát UNESCO. Roku 1965 mu byl udělen titul zasloužilý umělec.</span></p>
<p><span style="font-weight: 400;">Literárně činný byl od první poloviny 30. let. Po 2. světové válce napsal na tři desítky knih, mimo jiné reportážní práce z cest po americkém, asijském kontinentu a romány situované do Mexika. Věnoval se také období holocaustu a historii své rodiny. </span></p>
<p><span style="font-weight: 400;">Pro spisovatele, který od roku 1958 žil až do své smrti na Barrandově, byl Chuchelský háj oblíbeným místem každodenních procházek a je místem posledního odpočinku (zemřel 18. března 1976). Je pohřbený na zdejším hřbitově.</span></p>
<p><span style="font-weight: 400;">Frýdova tvorba se profilovala pozvolna, poznamenána extenzitou zájmů i životních osudů. Knižně debutoval německy psanou poezií o Praze, až do počátku 40. let pak psal česky osobní lyriku a verše pro děti (po válce část v knihách Bratr Jan a Květovaný kůň). V této době se také pokusil nejen o žánr pohádky (Pusťte basu do rozhlasu), ale i o romány, které byly historickým podobenstvím a existenciální analýzou dobové atmosféry a životní zkušenosti lidí na prahu války (Divná píseň, Don Juan jde do divadla). Rovněž po válce převládala ve Frýdově díle žánrová různorodost. V cestopisných reportážích (Mexiko je v Americe, Úsměvavá Quatemala), v dobrodružných románech (Prales, Císařovna), v komediální perzifláži Noc kotrmelců i v odborné publikaci Mexická grafika těžil zejména z pobytů na americkém kontinentě. Snažil se však vyhovět též dobovým ideologickým požadavkům (Studna supů, Meč archandělů) a normám budovatelské literatury (beletrizovaná reportáž Havíř Gavlas). Později psal také psychologické, do cyklů se sdružující prózy o morálních konfliktech v životě drobného člověka (Tři malé ženy, Tři nepatrní muži). Nejvlastnější tvůrčí oblastí se mu stala autobiograficky motivovaná próza o údělu českých Židů. Zkušenost z koncentračního tábora zachytil v románu Krabice živých (plánované pokračování zůstalo v rukopisném torzu). Historii asimilačních snah tří generací své rodiny i jejího zániku pak věnoval kronikářskou trilogii, jež potvrzuje jeho vypravěčský talent a schopnost propojit autentičnost životních osudů s obecnějším obrazem doby (Vzorek bez ceny a pan biskup, Hedvábné starosti, Lahvová pošta, volné pokračování v anekdotických příbězích Almara plná povídaček).</span></p>
<p>&nbsp;</p>
<p><span style="color: #ff0000;"><strong>Připomínka 100. výročí narození</strong></span></p>
<p><span style="font-weight: 400;">V pátek 19. dubna 2013 se konalo slavnostní shromáždění u hrobu č. 202 na hřbitově v Chuchelském háji za přítomnosti žáků VIII. třídy ZŠ Charlotty Masarykové, starosty městské části Mgr. Martina Melichara, dcery Norberta Frýda paní Žandy Frýdové a dalších zájemců. V krátkém proslovu připomenul životní osudy spisovatele kronikář Mgr. Tomáš Hromádka, o vztahu Norberta Frýda k Chuchelskému háji pohovořila paní Žanda Frýdová.</span></p>
<p>&nbsp;</p>

<p>Norbert Frýd se narodil 21. dubna 1913 v Českých Budějovicích, kde vystudoval i gymnázium. V roce  1932 zahájil studium práv na Univerzitě Karlově. Zpráva o schválení rigorózní práce přišla symbolicky 17. 11. 1939, v den uzavření českých vysokých škol (doktorská &hellip; <a href="https://regionplus.cz/chuchle/vyznamne-osobnosti/fryd-norbert/">Celý příspěvek <span class="meta-nav">&rarr;</span></a></p>
