{"id":295,"date":"2021-10-03T00:11:06","date_gmt":"2021-10-02T22:11:06","guid":{"rendered":"http:\/\/regionplus.cz\/chuchle\/?page_id=295"},"modified":"2024-01-14T07:54:31","modified_gmt":"2024-01-14T06:54:31","slug":"radnice","status":"publish","type":"page","link":"https:\/\/regionplus.cz\/chuchle\/mc-praha-velka-chuchle\/radnice\/","title":{"rendered":"Radnice"},"content":{"rendered":"<p>A\u017e do roku 1936 s\u00eddlil obecn\u00ed \u00fa\u0159ad v\u00a0m\u00edstn\u00ed obecn\u00ed pastou\u0161ce \u010dp. 6, kter\u00e1 byla na dne\u0161n\u00edm N\u00e1m\u011bst\u00ed chuchelsk\u00fdch bojovn\u00edk\u016f. V\u00a0tomto roce byl objekt vzhledem k\u00a0roz\u0161i\u0159ov\u00e1n\u00ed silnice zbo\u0159en a na jeho m\u00edsto byl o rok pozd\u011bji postaven pomn\u00edk Anton\u00ednu \u0160vehlovi a na po\u010dest T. G. Masaryka a E. Bene\u0161e zde byly zasazeny dv\u011b l\u00edpy. Nic z\u00a0toho prakticky nep\u0159e\u017eilo 2. sv\u011btovou v\u00e1lku. Nejprve N\u011bmci zni\u010dili ob\u011b l\u00edpy a po v\u00e1lce byl str\u017een i pomn\u00edk, na jeho\u017e m\u00edst\u011b pozd\u011bji, v\u00a0roce 1959 byl odhalen pomn\u00edk ob\u011btem odboje a revoluce, kter\u00fd zde stoj\u00ed dodnes.<\/p>\n<p>Po zbour\u00e1n\u00ed pastou\u0161ky byl obecn\u00ed \u00fa\u0159ad a\u017e do roku 1945 um\u00edst\u011bn\u00fd v budov\u011b obecn\u00ed \u0161koly postaven\u00e9 v roce 1933. M\u00edstnost \u00fa\u0159adu byla v dne\u0161n\u00ed p\u0159\u00edzemn\u00ed t\u0159\u00edd\u011b budovy A a byl k n\u00ed vybudovan\u00fd zvl\u00e1\u0161tn\u00ed vchod. Ze \u0161koly se nov\u011b vznikl\u00fd M\u00edstn\u00ed n\u00e1rodn\u00ed v\u00fdbor p\u0159esunul v roce 1945 do vily \u010dp. 262 v dne\u0161n\u00ed ulici U Sk\u00e1ly, kde s\u00eddl\u00ed i sou\u010dasn\u00fd \u00da\u0159ad m\u011bstsk\u00e9 \u010d\u00e1sti Praha \u2013 Velk\u00e1 Chuchle. Tato vila byla postavena v polovin\u011b t\u0159ic\u00e1t\u00fdch let minul\u00e9ho stolet\u00ed a je konfisk\u00e1tem po N\u011bmce A. M. Richterov\u00e9.<\/p>\n<div id=\"attachment_1067\" style=\"width: 610px\" class=\"wp-caption aligncenter\"><a href=\"http:\/\/regionplus.cz\/chuchle\/wp-content\/uploads\/sites\/2\/2024\/01\/umc-chuchle-6-10-2022.jpg\"><img loading=\"lazy\" decoding=\"async\" aria-describedby=\"caption-attachment-1067\" class=\"wp-image-1067 size-full\" src=\"http:\/\/regionplus.cz\/chuchle\/wp-content\/uploads\/sites\/2\/2024\/01\/umc-chuchle-6-10-2022.jpg\" alt=\"\" width=\"600\" height=\"453\" srcset=\"https:\/\/regionplus.cz\/chuchle\/wp-content\/uploads\/sites\/2\/2024\/01\/umc-chuchle-6-10-2022.jpg 600w, https:\/\/regionplus.cz\/chuchle\/wp-content\/uploads\/sites\/2\/2024\/01\/umc-chuchle-6-10-2022-300x227.jpg 300w, https:\/\/regionplus.cz\/chuchle\/wp-content\/uploads\/sites\/2\/2024\/01\/umc-chuchle-6-10-2022-397x300.jpg 397w, https:\/\/regionplus.cz\/chuchle\/wp-content\/uploads\/sites\/2\/2024\/01\/umc-chuchle-6-10-2022-160x120.jpg 160w\" sizes=\"auto, (max-width: 600px) 100vw, 600px\" \/><\/a><p id=\"caption-attachment-1067\" class=\"wp-caption-text\">\u00da\u0159ad m\u011bstsk\u00e9 \u010d\u00e1sti Praha &#8211; Velk\u00e1 Chuchle 6. 10. 2022<\/p><\/div>\n","protected":false},"excerpt":{"rendered":"<p>A\u017e do roku 1936 s\u00eddlil obecn\u00ed \u00fa\u0159ad v\u00a0m\u00edstn\u00ed obecn\u00ed pastou\u0161ce \u010dp. 6, kter\u00e1 byla na dne\u0161n\u00edm N\u00e1m\u011bst\u00ed chuchelsk\u00fdch bojovn\u00edk\u016f. V\u00a0tomto roce byl objekt vzhledem k\u00a0roz\u0161i\u0159ov\u00e1n\u00ed silnice zbo\u0159en a na jeho m\u00edsto byl o rok pozd\u011bji postaven pomn\u00edk Anton\u00ednu \u0160vehlovi a &hellip; <a href=\"https:\/\/regionplus.cz\/chuchle\/mc-praha-velka-chuchle\/radnice\/\">Cel\u00fd p\u0159\u00edsp\u011bvek <span class=\"meta-nav\">&rarr;<\/span><\/a><\/p>\n","protected":false},"author":1,"featured_media":0,"parent":157,"menu_order":0,"comment_status":"closed","ping_status":"closed","template":"","meta":{"footnotes":""},"class_list":["post-295","page","type-page","status-publish","hentry"],"_links":{"self":[{"href":"https:\/\/regionplus.cz\/chuchle\/wp-json\/wp\/v2\/pages\/295","targetHints":{"allow":["GET"]}}],"collection":[{"href":"https:\/\/regionplus.cz\/chuchle\/wp-json\/wp\/v2\/pages"}],"about":[{"href":"https:\/\/regionplus.cz\/chuchle\/wp-json\/wp\/v2\/types\/page"}],"author":[{"embeddable":true,"href":"https:\/\/regionplus.cz\/chuchle\/wp-json\/wp\/v2\/users\/1"}],"replies":[{"embeddable":true,"href":"https:\/\/regionplus.cz\/chuchle\/wp-json\/wp\/v2\/comments?post=295"}],"version-history":[{"count":4,"href":"https:\/\/regionplus.cz\/chuchle\/wp-json\/wp\/v2\/pages\/295\/revisions"}],"predecessor-version":[{"id":1068,"href":"https:\/\/regionplus.cz\/chuchle\/wp-json\/wp\/v2\/pages\/295\/revisions\/1068"}],"up":[{"embeddable":true,"href":"https:\/\/regionplus.cz\/chuchle\/wp-json\/wp\/v2\/pages\/157"}],"wp:attachment":[{"href":"https:\/\/regionplus.cz\/chuchle\/wp-json\/wp\/v2\/media?parent=295"}],"curies":[{"name":"wp","href":"https:\/\/api.w.org\/{rel}","templated":true}]}}

<p>Až do roku 1936 sídlil obecní úřad v místní obecní pastoušce čp. 6, která byla na dnešním Náměstí chuchelských bojovníků. V tomto roce byl objekt vzhledem k rozšiřování silnice zbořen a na jeho místo byl o rok později postaven pomník Antonínu Švehlovi a na počest T. G. Masaryka a E. Beneše zde byly zasazeny dvě lípy. Nic z toho prakticky nepřežilo 2. světovou válku. Nejprve Němci zničili obě lípy a po válce byl stržen i pomník, na jehož místě později, v roce 1959 byl odhalen pomník obětem odboje a revoluce, který zde stojí dodnes.</p>
<p>Po zbourání pastoušky byl obecní úřad až do roku 1945 umístěný v budově obecní školy postavené v roce 1933. Místnost úřadu byla v dnešní přízemní třídě budovy A a byl k ní vybudovaný zvláštní vchod. Ze školy se nově vzniklý Místní národní výbor přesunul v roce 1945 do vily čp. 262 v dnešní ulici U Skály, kde sídlí i současný Úřad městské části Praha – Velká Chuchle. Tato vila byla postavena v polovině třicátých let minulého století a je konfiskátem po Němce A. M. Richterové.</p>
<div id="attachment_1067" style="width: 610px" class="wp-caption aligncenter"><a href="http://regionplus.cz/chuchle/wp-content/uploads/sites/2/2024/01/umc-chuchle-6-10-2022.jpg"><img loading="lazy" decoding="async" aria-describedby="caption-attachment-1067" class="wp-image-1067 size-full" src="http://regionplus.cz/chuchle/wp-content/uploads/sites/2/2024/01/umc-chuchle-6-10-2022.jpg" alt="" width="600" height="453" srcset="https://regionplus.cz/chuchle/wp-content/uploads/sites/2/2024/01/umc-chuchle-6-10-2022.jpg 600w, https://regionplus.cz/chuchle/wp-content/uploads/sites/2/2024/01/umc-chuchle-6-10-2022-300x227.jpg 300w, https://regionplus.cz/chuchle/wp-content/uploads/sites/2/2024/01/umc-chuchle-6-10-2022-397x300.jpg 397w, https://regionplus.cz/chuchle/wp-content/uploads/sites/2/2024/01/umc-chuchle-6-10-2022-160x120.jpg 160w" sizes="auto, (max-width: 600px) 100vw, 600px" /></a><p id="caption-attachment-1067" class="wp-caption-text">Úřad městské části Praha &#8211; Velká Chuchle 6. 10. 2022</p></div>

<p>Až do roku 1936 sídlil obecní úřad v místní obecní pastoušce čp. 6, která byla na dnešním Náměstí chuchelských bojovníků. V tomto roce byl objekt vzhledem k rozšiřování silnice zbořen a na jeho místo byl o rok později postaven pomník Antonínu Švehlovi a &hellip; <a href="https://regionplus.cz/chuchle/mc-praha-velka-chuchle/radnice/">Celý příspěvek <span class="meta-nav">&rarr;</span></a></p>
