{"id":293,"date":"2021-10-03T00:10:44","date_gmt":"2021-10-02T22:10:44","guid":{"rendered":"http:\/\/regionplus.cz\/chuchle\/?page_id=293"},"modified":"2025-06-17T20:58:29","modified_gmt":"2025-06-17T18:58:29","slug":"samosprava","status":"publish","type":"page","link":"https:\/\/regionplus.cz\/chuchle\/mc-praha-velka-chuchle\/samosprava\/","title":{"rendered":"Samospr\u00e1va"},"content":{"rendered":"<p><strong>P\u0159ehled p\u0159edstavitel\u016f chuchelsk\u00e9 samospr\u00e1vy<\/strong><\/p>\n<p>Vznik samospr\u00e1vy v Mal\u00e9 a Velk\u00e9 Chuchli souvisel s definitivn\u00edm z\u00e1nikem feud\u00e1ln\u00edho syst\u00e9mu a n\u00e1stupem konstitu\u010dn\u00ed monarchie v Rakousku. P\u0159edpokladem bylo zru\u0161en\u00ed roboty a poddanstv\u00ed v revolu\u010dn\u00edm roce 1848. Obecn\u00ed z\u0159\u00edzen\u00ed bylo uz\u00e1kon\u011bno v tzv. Stadionov\u011b \u00fastav\u011b v roce 1849, kde bylo \u0159e\u010deno, \u017ee &#8222;<i>Z\u00e1kladem svobodn\u00e9ho st\u00e1tu je svobodn\u00e1 obec\u201c.\u00a0<\/i>S r\u016fzn\u00fdmi zm\u011bnami dan\u00fdmi povahou st\u00e1tu a politick\u00fdm z\u0159\u00edzen\u00edm existovala samospr\u00e1va a\u017e do roku 1945, kdy byla nahrazena syst\u00e9mem m\u00edstn\u00edch n\u00e1rodn\u00edch v\u00fdbor\u016f, kter\u00e9 byly pod\u0159\u00edzeny st\u00e1tn\u00edm org\u00e1n\u016fm. Samospr\u00e1va byla obnovena a\u017e v roce 1990 (z\u00e1konem \u010cesk\u00e9 n\u00e1rodn\u00ed rady \u010d. 367\/1990 Sb.). M\u011bstsk\u00e1 \u010d\u00e1st Praha &#8211; Velk\u00e1 Chuchle se svou samospr\u00e1vou vznikla na z\u00e1klad\u011b z\u00e1kona 418\/1990 Sb. Od roku 1993 jsou z\u00e1klady samospr\u00e1vy uvedeny v \u00fastavn\u00edm z\u00e1kon\u011b \u010cesk\u00e9 republiky.<\/p>\n<p>&nbsp;<\/p>\n<p><strong>Starostov\u00e9 Mal\u00e9 a Velk\u00e9 Chuchle<\/strong><\/p>\n<p>Jan Ou\u0159ada (1850 &#8211; 1860)<\/p>\n<p>Josef Li\u0161ka\u00a0 (1861 &#8211; 1869)<\/p>\n<p>Jan P\u0159\u00edhoda (1870 &#8211; 1873)<\/p>\n<p>Jan B\u00edl\u00fd\u00a0 (1874 &#8211; 1882)<\/p>\n<p>Mat\u011bj Ou\u0159ada, roln\u00edk z \u010dp. 3\u00a0 (1883 &#8211; 1888)<\/p>\n<p>Franti\u0161ek Helmich, hostinsk\u00fd (1889 &#8211; 1891)<\/p>\n<p>Mat\u011bj Ou\u0159ada\u00a0 (1892 &#8211; 1899)<\/p>\n<p>Jaroslav P\u0159\u00edhoda, roln\u00edk ve Velk\u00e9 Chuchli, \u010dp 19 (1899 &#8211; 1911)<\/p>\n<p>Anton\u00edn \u010cejka, roln\u00edk z \u010dp. 4\u00a0 (1911 &#8211; 1919)<\/p>\n<p>&nbsp;<\/p>\n<p><strong>Starostov\u00e9 Velk\u00e9 Chuchle<\/strong><\/p>\n<p>Karel Proch\u00e1zka, stavitel, Strana n\u00e1rodn\u011b socialistick\u00e1 (1919 &#8211; 1920)<\/p>\n<p>Anton\u00edn Hrdli\u010dka, Soci\u00e1ln\u011b demokratick\u00e1 strana (1920)<\/p>\n<p>Josef Hrab\u00e1k, \u00fa\u0159edn\u00edk, Strana n\u00e1rodn\u011b socialistick\u00e1 (1920 &#8211; 1921)<\/p>\n<p>Josef Hrab\u00e1k, \u00fa\u0159edn\u00edk, jako p\u0159edseda obec. spr\u00e1v. komise (1922)<\/p>\n<p>Josef Do\u010dkal, \u00fa\u0159edn\u00edk, jako p\u0159edseda obec. spr\u00e1v. komise\u00a0 (1922)<\/p>\n<p>Anton\u00edn Hrdli\u010dka, Soci\u00e1ln\u011b demokratick\u00e1 strana (1923 -1935)<\/p>\n<p>Franti\u0161ek Kocourek, strojn\u00edk lihovaru, Soci\u00e1ln\u011b demokratick\u00e1 strana (1935 &#8211; 1938)<\/p>\n<p>Rudolf Langer, \u00fa\u0159edn\u00edk, Soci\u00e1ln\u011b demokratick\u00e1 strana (1938 a\u017e 1939)<\/p>\n<p>Anton\u00edn Vokurka (1939 &#8211; 1943)<\/p>\n<p>Josef Kl\u00e1n (1943 &#8211; 1945)<\/p>\n<p>(Mal\u00e1 Chuchle v\u00a0t\u00e9 dob\u011b podl\u00e9hala \u00fa\u0159ad\u016fm Prahy XVI)<\/p>\n<p>&nbsp;<\/p>\n<p><strong>P\u0159edsedov\u00e9 M\u00edstn\u00edho n\u00e1rodn\u00edho v\u00fdboru (MNV)<\/strong><\/p>\n<p>Josef Hrab\u00e1k (1945)<\/p>\n<p>Franti\u0161ek Rambousek\u00a0 (1945)<\/p>\n<p>Otakar \u0160ebek, KS\u010c (1945 &#8211; 1946)<\/p>\n<p>Jarom\u00edr P\u0159\u00edhoda, Strana n\u00e1rodn\u011b socialistick\u00e1 (1946 &#8211; 1948)<\/p>\n<p>Franti\u0161ek Mich\u00e1lek, KS\u010c, t\u00e9\u017e p\u0159edseda ak\u010dn\u00edho n\u00e1rodn\u00edho v\u00fdboru (1948 &#8211; 1950)<\/p>\n<p>V\u00e1clav Vesel\u00fd, tiska\u0159sk\u00fd zam\u011bstnanec, KS\u010c (1950 &#8211; 1952)<\/p>\n<p>Anton\u00edn Zaj\u00edc, KS\u010c (1953 &#8211; 1968)<\/p>\n<p>Ing. Ji\u0159\u00ed Prek, nestran\u00edk (1968 &#8211; 1971)<\/p>\n<p>Anton\u00edn Hrdli\u010dka, KS\u010c (1971 &#8211; 1976)<\/p>\n<p>Ladislav Zazvonil, KS\u010c (1976 &#8211; 1981)<\/p>\n<p>Josef Vostr\u00fd, KS\u010c (1981 &#8211; 1986)<\/p>\n<p>Miroslav Moser, KS\u010c (1986 &#8211; 1990)<\/p>\n<p>(Od roku 1960 byla Mal\u00e1 Chuchle sou\u010d\u00e1st\u00ed obvodu Praha 5 a podl\u00e9hala Obvodn\u00edmu n\u00e1rodn\u00edmu v\u00fdboru Praha 5. Do roku 1990 p\u016fsobil na jej\u00edm \u00fazem\u00ed Ob\u010dansk\u00fd v\u00fdbor 59a, kter\u00fd m\u011bl minim\u00e1ln\u00ed vymezen\u00e9 pravomoci v oblasti samospr\u00e1vy.)<\/p>\n<p>&nbsp;<\/p>\n<p><strong>Starostov\u00e9 m\u011bstsk\u00e9 \u010d\u00e1sti Praha \u2013 Velk\u00e1 Chuchle<\/strong><\/p>\n<p>Ing. arch. Ji\u0159\u00ed Prek, Ob\u010dansk\u00e9 f\u00f3rum (1990 &#8211; 1994)<\/p>\n<p>Ing. Franti\u0161ek Lap\u00e1\u010dek, \u010cesk\u00e1 strana soci\u00e1ln\u011b demokratick\u00e1 (1994 &#8211; 1996)<\/p>\n<p>Stanislav Fresl, Sdru\u017een\u00ed nez\u00e1visl\u00fdch kandid\u00e1t\u016f, pozd\u011bji Ob\u010dansk\u00e1 demokratick\u00e1 strana\u00a0 (1996 &#8211; 2010, 2014 &#8211; 2018)<\/p>\n<p>Mgr. Martin Melichar, TOP 09 (2010 &#8211; 2014)<\/p>\n<p>Mgr. Lenka Felix, Chuchel\u00e1ci trochu jinak (2018 &#8211; 2021)<\/p>\n<p>Obdob\u00ed bez starosty (2021)<\/p>\n<p>MUDr. Jarom\u00edr Pisk\u00e1\u010dek, ODS (2021 &#8211; 2022)<\/p>\n<p>Viktor Kobes (2022 &#8211; 2023)<\/p>\n<p>Obdob\u00ed bez starosty (2023)<\/p>\n<p>Ing. Jan K\u0159en (2023 &#8211;<\/p>\n<p>&nbsp;<\/p>\n<p><strong>Galerie starost\u016f m\u011bstsk\u00e9 \u010d\u00e1sti Praha &#8211; Velk\u00e1 Chuchle<\/strong><\/p>\n<div id=\"attachment_1181\" style=\"width: 218px\" class=\"wp-caption alignleft\"><a href=\"http:\/\/regionplus.cz\/chuchle\/wp-content\/uploads\/sites\/2\/2025\/06\/prek_prvni-starosta-zm.jpg\"><img loading=\"lazy\" decoding=\"async\" aria-describedby=\"caption-attachment-1181\" class=\"size-medium wp-image-1181\" src=\"http:\/\/regionplus.cz\/chuchle\/wp-content\/uploads\/sites\/2\/2025\/06\/prek_prvni-starosta-zm-208x300.jpg\" alt=\"\" width=\"208\" height=\"300\" srcset=\"https:\/\/regionplus.cz\/chuchle\/wp-content\/uploads\/sites\/2\/2025\/06\/prek_prvni-starosta-zm-208x300.jpg 208w, https:\/\/regionplus.cz\/chuchle\/wp-content\/uploads\/sites\/2\/2025\/06\/prek_prvni-starosta-zm.jpg 400w\" sizes=\"auto, (max-width: 208px) 100vw, 208px\" \/><\/a><p id=\"caption-attachment-1181\" class=\"wp-caption-text\">Ing. arch. Ji\u0159\u00ed Prek<\/p><\/div>\n<p>&nbsp;<\/p>\n","protected":false},"excerpt":{"rendered":"<p>P\u0159ehled p\u0159edstavitel\u016f chuchelsk\u00e9 samospr\u00e1vy Vznik samospr\u00e1vy v Mal\u00e9 a Velk\u00e9 Chuchli souvisel s definitivn\u00edm z\u00e1nikem feud\u00e1ln\u00edho syst\u00e9mu a n\u00e1stupem konstitu\u010dn\u00ed monarchie v Rakousku. P\u0159edpokladem bylo zru\u0161en\u00ed roboty a poddanstv\u00ed v revolu\u010dn\u00edm roce 1848. Obecn\u00ed z\u0159\u00edzen\u00ed bylo uz\u00e1kon\u011bno v tzv. Stadionov\u011b &hellip; <a href=\"https:\/\/regionplus.cz\/chuchle\/mc-praha-velka-chuchle\/samosprava\/\">Cel\u00fd p\u0159\u00edsp\u011bvek <span class=\"meta-nav\">&rarr;<\/span><\/a><\/p>\n","protected":false},"author":1,"featured_media":0,"parent":157,"menu_order":0,"comment_status":"closed","ping_status":"closed","template":"","meta":{"footnotes":""},"class_list":["post-293","page","type-page","status-publish","hentry"],"_links":{"self":[{"href":"https:\/\/regionplus.cz\/chuchle\/wp-json\/wp\/v2\/pages\/293","targetHints":{"allow":["GET"]}}],"collection":[{"href":"https:\/\/regionplus.cz\/chuchle\/wp-json\/wp\/v2\/pages"}],"about":[{"href":"https:\/\/regionplus.cz\/chuchle\/wp-json\/wp\/v2\/types\/page"}],"author":[{"embeddable":true,"href":"https:\/\/regionplus.cz\/chuchle\/wp-json\/wp\/v2\/users\/1"}],"replies":[{"embeddable":true,"href":"https:\/\/regionplus.cz\/chuchle\/wp-json\/wp\/v2\/comments?post=293"}],"version-history":[{"count":6,"href":"https:\/\/regionplus.cz\/chuchle\/wp-json\/wp\/v2\/pages\/293\/revisions"}],"predecessor-version":[{"id":1182,"href":"https:\/\/regionplus.cz\/chuchle\/wp-json\/wp\/v2\/pages\/293\/revisions\/1182"}],"up":[{"embeddable":true,"href":"https:\/\/regionplus.cz\/chuchle\/wp-json\/wp\/v2\/pages\/157"}],"wp:attachment":[{"href":"https:\/\/regionplus.cz\/chuchle\/wp-json\/wp\/v2\/media?parent=293"}],"curies":[{"name":"wp","href":"https:\/\/api.w.org\/{rel}","templated":true}]}}

Samospráva

<p><strong>Přehled představitelů chuchelské samosprávy</strong></p>
<p>Vznik samosprávy v Malé a Velké Chuchli souvisel s definitivním zánikem feudálního systému a nástupem konstituční monarchie v Rakousku. Předpokladem bylo zrušení roboty a poddanství v revolučním roce 1848. Obecní zřízení bylo uzákoněno v tzv. Stadionově ústavě v roce 1849, kde bylo řečeno, že &#8222;<i>Základem svobodného státu je svobodná obec“. </i>S různými změnami danými povahou státu a politickým zřízením existovala samospráva až do roku 1945, kdy byla nahrazena systémem místních národních výborů, které byly podřízeny státním orgánům. Samospráva byla obnovena až v roce 1990 (zákonem České národní rady č. 367/1990 Sb.). Městská část Praha &#8211; Velká Chuchle se svou samosprávou vznikla na základě zákona 418/1990 Sb. Od roku 1993 jsou základy samosprávy uvedeny v ústavním zákoně České republiky.</p>
<p>&nbsp;</p>
<p><strong>Starostové Malé a Velké Chuchle</strong></p>
<p>Jan Ouřada (1850 &#8211; 1860)</p>
<p>Josef Liška  (1861 &#8211; 1869)</p>
<p>Jan Příhoda (1870 &#8211; 1873)</p>
<p>Jan Bílý  (1874 &#8211; 1882)</p>
<p>Matěj Ouřada, rolník z čp. 3  (1883 &#8211; 1888)</p>
<p>František Helmich, hostinský (1889 &#8211; 1891)</p>
<p>Matěj Ouřada  (1892 &#8211; 1899)</p>
<p>Jaroslav Příhoda, rolník ve Velké Chuchli, čp 19 (1899 &#8211; 1911)</p>
<p>Antonín Čejka, rolník z čp. 4  (1911 &#8211; 1919)</p>
<p>&nbsp;</p>
<p><strong>Starostové Velké Chuchle</strong></p>
<p>Karel Procházka, stavitel, Strana národně socialistická (1919 &#8211; 1920)</p>
<p>Antonín Hrdlička, Sociálně demokratická strana (1920)</p>
<p>Josef Hrabák, úředník, Strana národně socialistická (1920 &#8211; 1921)</p>
<p>Josef Hrabák, úředník, jako předseda obec. správ. komise (1922)</p>
<p>Josef Dočkal, úředník, jako předseda obec. správ. komise  (1922)</p>
<p>Antonín Hrdlička, Sociálně demokratická strana (1923 -1935)</p>
<p>František Kocourek, strojník lihovaru, Sociálně demokratická strana (1935 &#8211; 1938)</p>
<p>Rudolf Langer, úředník, Sociálně demokratická strana (1938 až 1939)</p>
<p>Antonín Vokurka (1939 &#8211; 1943)</p>
<p>Josef Klán (1943 &#8211; 1945)</p>
<p>(Malá Chuchle v té době podléhala úřadům Prahy XVI)</p>
<p>&nbsp;</p>
<p><strong>Předsedové Místního národního výboru (MNV)</strong></p>
<p>Josef Hrabák (1945)</p>
<p>František Rambousek  (1945)</p>
<p>Otakar Šebek, KSČ (1945 &#8211; 1946)</p>
<p>Jaromír Příhoda, Strana národně socialistická (1946 &#8211; 1948)</p>
<p>František Michálek, KSČ, též předseda akčního národního výboru (1948 &#8211; 1950)</p>
<p>Václav Veselý, tiskařský zaměstnanec, KSČ (1950 &#8211; 1952)</p>
<p>Antonín Zajíc, KSČ (1953 &#8211; 1968)</p>
<p>Ing. Jiří Prek, nestraník (1968 &#8211; 1971)</p>
<p>Antonín Hrdlička, KSČ (1971 &#8211; 1976)</p>
<p>Ladislav Zazvonil, KSČ (1976 &#8211; 1981)</p>
<p>Josef Vostrý, KSČ (1981 &#8211; 1986)</p>
<p>Miroslav Moser, KSČ (1986 &#8211; 1990)</p>
<p>(Od roku 1960 byla Malá Chuchle součástí obvodu Praha 5 a podléhala Obvodnímu národnímu výboru Praha 5. Do roku 1990 působil na jejím území Občanský výbor 59a, který měl minimální vymezené pravomoci v oblasti samosprávy.)</p>
<p>&nbsp;</p>
<p><strong>Starostové městské části Praha – Velká Chuchle</strong></p>
<p>Ing. arch. Jiří Prek, Občanské fórum (1990 &#8211; 1994)</p>
<p>Ing. František Lapáček, Česká strana sociálně demokratická (1994 &#8211; 1996)</p>
<p>Stanislav Fresl, Sdružení nezávislých kandidátů, později Občanská demokratická strana  (1996 &#8211; 2010, 2014 &#8211; 2018)</p>
<p>Mgr. Martin Melichar, TOP 09 (2010 &#8211; 2014)</p>
<p>Mgr. Lenka Felix, Chucheláci trochu jinak (2018 &#8211; 2021)</p>
<p>Období bez starosty (2021)</p>
<p>MUDr. Jaromír Piskáček, ODS (2021 &#8211; 2022)</p>
<p>Viktor Kobes (2022 &#8211; 2023)</p>
<p>Období bez starosty (2023)</p>
<p>Ing. Jan Křen (2023 &#8211;</p>
<p>&nbsp;</p>
<p><strong>Galerie starostů městské části Praha &#8211; Velká Chuchle</strong></p>
<div id="attachment_1181" style="width: 218px" class="wp-caption alignleft"><a href="http://regionplus.cz/chuchle/wp-content/uploads/sites/2/2025/06/prek_prvni-starosta-zm.jpg"><img loading="lazy" decoding="async" aria-describedby="caption-attachment-1181" class="size-medium wp-image-1181" src="http://regionplus.cz/chuchle/wp-content/uploads/sites/2/2025/06/prek_prvni-starosta-zm-208x300.jpg" alt="" width="208" height="300" srcset="https://regionplus.cz/chuchle/wp-content/uploads/sites/2/2025/06/prek_prvni-starosta-zm-208x300.jpg 208w, https://regionplus.cz/chuchle/wp-content/uploads/sites/2/2025/06/prek_prvni-starosta-zm.jpg 400w" sizes="auto, (max-width: 208px) 100vw, 208px" /></a><p id="caption-attachment-1181" class="wp-caption-text">Ing. arch. Jiří Prek</p></div>
<p>&nbsp;</p>

<p>Přehled představitelů chuchelské samosprávy Vznik samosprávy v Malé a Velké Chuchli souvisel s definitivním zánikem feudálního systému a nástupem konstituční monarchie v Rakousku. Předpokladem bylo zrušení roboty a poddanství v revolučním roce 1848. Obecní zřízení bylo uzákoněno v tzv. Stadionově &hellip; <a href="https://regionplus.cz/chuchle/mc-praha-velka-chuchle/samosprava/">Celý příspěvek <span class="meta-nav">&rarr;</span></a></p>
