{"id":283,"date":"2021-10-03T00:07:26","date_gmt":"2021-10-02T22:07:26","guid":{"rendered":"http:\/\/regionplus.cz\/chuchle\/?page_id=283"},"modified":"2022-01-20T16:21:28","modified_gmt":"2022-01-20T15:21:28","slug":"pomistni-jmena","status":"publish","type":"page","link":"https:\/\/regionplus.cz\/chuchle\/zajimavosti\/pomistni-jmena\/","title":{"rendered":"Pom\u00edstn\u00ed jm\u00e9na"},"content":{"rendered":"<p>Krom\u011b n\u00e1zv\u016f ulic dodnes pou\u017e\u00edvaj\u00ed obyvatel\u00e9 Mal\u00e9 i Velk\u00e9 Chuchle pro ur\u010den\u00ed m\u00edsta v obci hojn\u011b i pom\u00edstn\u00ed jm\u00e9na. Nen\u00ed zde tud\u00ed\u017e stav podobn\u00fd centru Prahy, kde pom\u00edstn\u00ed jm\u00e9na vlivem neutuchaj\u00edc\u00edch zm\u011bn a stavebn\u00edho ruchu t\u00e9m\u011b\u0159 vymizela. V Mal\u00e9 a Velk\u00e9 Chuchle je to d\u00e1no zejm\u00e9na jejich p\u0159\u00edm\u011bstsk\u00fdm a\u017e vesnick\u00fdm charakterem. Jak ji\u017e bylo v \u00favodu uvedeno, m\u011bstsk\u00e1 \u010d\u00e1st je obklopena v\u00fdrazn\u00fdmi p\u0159\u00edrodn\u00edmi i antropogen\u00edmi tvary reli\u00e9fu, poli a lesy, co\u017e zna\u010d\u00ed ide\u00e1ln\u00ed situaci pro v\u00fdskyt pom\u00edstn\u00edch jmen.<\/p>\n<p>V\u00fdvoj pom\u00edstn\u00edch jmen v Mal\u00e9 i ve Velk\u00e9 Chuchli m\u016f\u017eeme rozd\u011blit do n\u011bkolika generac\u00ed.<\/p>\n<p>Prvn\u00ed pom\u00edstn\u00ed jm\u00e9na jsou zachov\u00e1na v map\u011b stabiln\u00edho katastru ze 40. let 19. stolet\u00ed. Jedn\u00e1 se v\u011bt\u0161inou o n\u00e1zvy pol\u00ed a vyv\u00fd\u0161enin (Na boku, Sirowatka, Na Lahowsky, Stran\u011b na Rohacku, Na Swrtich, Pod stran\u011bma, Za Stud\u00e1nky, Nad Pr\u016fhonem a Za domkem) a vinic(H\u00e1j). Tato jm\u00e9na se postupem \u010dasu\u00a0 v mapov\u00fdch d\u00edlech vyv\u00edjela, p\u0159\u00edkladem je katastr\u00e1ln\u00ed mapa vytvo\u0159en\u00e1 o \u0161edes\u00e1t let pozd\u011bji a ulo\u017een\u00e1 v\u00a0okresn\u00edm archivu, v\u00a0n\u00ed\u017e jsou zastoupena pom\u00edstn\u00ed jm\u00e9na: H\u00e1j, Doly, Pod hajkama, Sirovatka,\u00a0 Na Lahovsk\u00fd, Na \u010dtvrt\u00edch, U Stud\u00e1nek, Pod str\u00e1n\u011bma, Nad Pr\u016fhonem, V N\u00e1kl\u00edch a Pod Pr\u016fhonem. Dnes ji\u017e v\u011bt\u0161ina t\u011bchto jmen zanikla a v b\u011b\u017en\u00e9m hovoru a nepou\u017e\u00edvaj\u00ed. O d\u016fle\u017eitosti pom\u00edstn\u00edch jmen sv\u011bd\u010d\u00ed v\u0161ak fakt, \u017ee mnoh\u00e1 z\u00a0nich jsou zastoupena i v sou\u010dasn\u00fdch map\u00e1ch velk\u00e9ho m\u011b\u0159\u00edtka a pl\u00e1nech (co\u017e je zp\u016fsobeno p\u0159ekreslov\u00e1n\u00edm z map stabiln\u00edho katastru do katastr\u00e1ln\u00edch map) &#8211;\u00a0 nap\u0159. Sirov\u00e1tka v jihoz\u00e1padn\u00ed \u010d\u00e1sti obce, nebo nedaleko Vltavy pom\u00edstn\u00ed jm\u00e9no Nad pr\u016fhonem jsou dokonce v aktu\u00e1ln\u00edch pl\u00e1nech Prahy.<\/p>\n<p>Z\u00a0katastr\u00e1ln\u00edch map vych\u00e1zel tak\u00e9 Regula\u010dn\u00ed pl\u00e1n Velk\u00e9 Chuchle\u00a0 z roku 1926, kter\u00fd byl vyhotoven pro pot\u0159eby obecn\u00edho \u00fa\u0159adu a v\u00a0n\u011bm\u017e byly zachyceny mo\u017en\u00e9 varianty \u00fazemn\u00edho rozvoje obce. I v\u00a0n\u011bm jsou pochopiteln\u011b zastoupena pom\u00edstn\u00ed jm\u00e9na: Doly (nespr\u00e1vn\u011b ozna\u010deny v dne\u0161n\u00edm Chuchelsk\u00e9m h\u00e1ji), V\u00e1penice, Doly (v dne\u0161n\u00edm lese Amerika), Pod h\u00e1jkama, Sirov\u00e1tka, Na Lahovsk\u00e9m, Na \u010dtvrt\u00edch, Pod Str\u00e1n\u011bmi, u Stud\u00e1nek, Nad pr\u016fhonem, Pod Pr\u016fhonem, V N\u00e1kl\u00edch.<\/p>\n<p>O vzniku dal\u0161\u00edch pom\u00edstn\u00edch jmen se m\u016f\u017eeme do\u010d\u00edst ze z\u00e1pis\u016f v Pam\u011btn\u00ed knize Velk\u00e9 Chuchle z prvn\u00edch z\u00e1pis\u016f \u0159\u00edd\u00edc\u00edho u\u010ditele v.v. Vladim\u00edra P\u0159ib\u00edka i jeho pokra\u010dovatele, kronik\u00e1\u0159e Alb\u00edna Dvo\u0159\u00e1\u010dka. Oba v\u00a0kronice zaznamen\u00e1vaj\u00ed pom\u00edstn\u00ed jm\u00e9na \u017eij\u00edc\u00ed v pam\u011bti obyvatel. V\u011bt\u0161ina z nich je d\u00e1na polohou m\u00edsta (nap\u0159\u00edklad U \u0159eky, Za h\u00e1jem, U Lochkova, U sliveneck\u00e9ho lesa, Sk\u00e1la pod kostelem sv. Jana, \u00davozov\u00e1 cesta). Nicm\u00e9n\u011b ve Velk\u00e9 Chuchli je tak\u00e9 zachov\u00e1no pom\u00edstn\u00ed jm\u00e9no Amerika (pro les z\u00e1padn\u011b od centra obce), kter\u00e9 vzniklo, jako reakce na majetek ob\u010dana, kter\u00fd se vyst\u011bhoval do Ameriky nebo tak\u00e9 pom\u00edstn\u00ed jm\u00e9no Waltrovka, je\u017e vzniklo po roce 1872, kdy do Velk\u00e9 Chuchle p\u0159es\u00eddlil zahradnick\u00fd z\u00e1vod firmy Waltr.<\/p>\n<p>Na p\u0159elomu 19. a 20. stolet\u00ed, v souvislosti se zna\u010dn\u00fdm rozvojem obce (Mal\u00e1 i Velk\u00e1 Chuchle byly tehdy obl\u00edben\u00fdm v\u00fdletn\u00edm m\u00edstem) a roz\u0161i\u0159uj\u00edc\u00ed se v\u00fdstavbou vznikly n\u00e1zvy sad\u016f a m\u00edstn\u00edch \u010d\u00e1st\u00ed, kter\u00e9 se dodnes hojn\u011b pou\u017e\u00edvaj\u00ed (nap\u0159\u00edklad Lib\u0159e \u2013 pom\u00edstn\u00ed jm\u00e9no pro sad a potok, Mr\u00e1zovka \u2013 \u010d\u00e1st obce na ji\u017en\u00edm svahu, v\u011bt\u0161ina dom\u016f se zde \u00fadajn\u011b stav\u011bla v zim\u011b) V dol\u00edch \u2013 v\u00e1pencov\u00e9 lomy v z\u00e1padn\u00ed \u010d\u00e1sti, Hv\u011bzd\u00e1rna \u2013 \u010d\u00e1st obce na kopci, odkud je dalek\u00fd rozhled).<\/p>\n<p>V Mal\u00e9 Chuchli je pom\u00edstn\u00edch jmen mnohem m\u00e9n\u011b, co\u017e je d\u00e1no zejm\u00e9na jej\u00ed malou rozlohou. Dodnes se ale zachovalo pom\u00edstn\u00ed jm\u00e9no U jelena pojmenov\u00e1vaj\u00edc\u00ed m\u00edsto, kde se nach\u00e1z\u00ed dosud pitn\u00fd pramen (poz\u016fstatek kdysi vyhl\u00e1\u0161en\u00fdch chuchelsk\u00fdch l\u00e1zn\u00ed), jeho\u017e prameni\u0161t\u011b bylo ozdobeno stylizovanou hlavou jelena. Dal\u0161\u00ed pom\u00edstn\u00ed jm\u00e9no Na mlejnku ukazuje na m\u00edsto, kde byl kdysi ml\u00fdn.<\/p>\n<p>Krom\u011b ji\u017e uveden\u00fdch pom\u00edstn\u00edch jmen ve Velk\u00e9 Chuchli dlouho existovala jm\u00e9na, vyjad\u0159uj\u00edc\u00ed majetek dan\u00e9 osoby nebo instituce (nap\u0159\u00edklad pole Na \u010cervenkovic, \u017d\u00e1k\u016fv nebo Obecn\u00ed lom).<\/p>\n<p>V roce 1964 zpracoval pro Onomastick\u00fd \u00fasek \u00dastavu pro jazyk \u010desk\u00fd \u010cSAV soupis pom\u00edstn\u00edch jmen m\u00edstn\u00ed ob\u010dan, Anton\u00edn \u010cejka a pr\u00e1v\u011b z n\u011bj jsou \u010derp\u00e1na ji\u017e zmi\u0148ovan\u00e1 pom\u00edstn\u00ed jm\u00e9na. \u00a0Pom\u00edstn\u00ed jm\u00e9na rychle vznikaj\u00ed, ale tak\u00e9 rychle zanikaj\u00ed. A tak mnoh\u00e1, kter\u00e1 zachytil Anton\u00edn \u010cejka do sv\u00e9ho soupisu se ji\u017e nepou\u017e\u00edvaj\u00ed (nap\u0159\u00edklad Na \u010cervenkovic, Star\u00e1 cesta, Nov\u00e1 cesta). Nov\u00e1 zase vznikla (v Mal\u00e9 Chuchli nap\u0159\u00edklad hodonymum Most Inteligence \u2013 jm\u00e9no pro Branick\u00fd most, nebo nejnov\u011bj\u0161\u00ed Klubov\u00fd d\u016fm ve Velk\u00e9 Chuchli).<\/p>\n<p>Zaj\u00edmav\u00e1 jsou v\u00a0Chuchli jm\u00e9na pro objekty neslou\u017e\u00edc\u00ed k\u00a0trval\u00e9mu bydlen\u00ed. V pam\u011bti ob\u010dan\u016f \u017eije je\u0161t\u011b jm\u00e9no Kresovna, kter\u00fdm byl ozna\u010den obecn\u00ed d\u016fm na m\u00edst\u011b dne\u0161n\u00edho Klubov\u00e9ho domu. N\u00e1zev nesl podle p\u016fvodn\u00edho majitele.<\/p>\n<p>Zaj\u00edmavou historii m\u00e1 tzv. Zvone\u010dkovna (\u010dp. 2). U n\u00ed byla toti\u017e a\u017e do roku 1876 d\u0159ev\u011bn\u00e1 zvoni\u010dka. Pro sv\u016fj \u0161patn\u00fd stav v\u0161ak byla str\u017eena a i kdy\u017e nov\u00e1 zvoni\u010dka byla postavena o sto metr\u016f d\u00e1le u \u010cejkova statku, p\u016fvodn\u00ed jm\u00e9no objektu z\u016fstalo. V Mal\u00e9 Chuchli se d\u00e1le dochovaly n\u00e1zvy zanikl\u00fdch restaurac\u00ed: Vysko\u010dilka (v sou\u010dasnosti je tak pojmenov\u00e1na v\u00fdznamn\u00e1 paleontologick\u00e1 lokalita) a Koruna.<\/p>\n<p>Dnes se pom\u00edstn\u00ed jm\u00e9na pou\u017e\u00edvaj\u00ed \u010dasto ve ve\u0159ejn\u00e9m i neve\u0159ejn\u00e9m styku. Zejm\u00e9na n\u00e1zvy m\u00edstn\u00edch \u010d\u00e1st\u00ed, p\u016fvodn\u011b pom\u00edstn\u00ed jm\u00e9na, p\u0159e\u0161la dnes do ofici\u00e1ln\u00edho styku pojmenov\u00e1n\u00edm ulic (Na Hv\u011bzd\u00e1rn\u011b, Na Mr\u00e1zovce, V dol\u00edch, Nad Lib\u0159\u00ed). Vlivem roz\u0161i\u0159uj\u00edc\u00ed se z\u00e1stavby v\u0161ak mnoh\u00e1 pom\u00edstn\u00ed jm\u00e9na zanikla nebo byla nahrazena jm\u00e9ny m\u00edstn\u00edmi (p\u0159e\u0161la do n\u00e1zvu ulice).<\/p>\n","protected":false},"excerpt":{"rendered":"<p>Krom\u011b n\u00e1zv\u016f ulic dodnes pou\u017e\u00edvaj\u00ed obyvatel\u00e9 Mal\u00e9 i Velk\u00e9 Chuchle pro ur\u010den\u00ed m\u00edsta v obci hojn\u011b i pom\u00edstn\u00ed jm\u00e9na. Nen\u00ed zde tud\u00ed\u017e stav podobn\u00fd centru Prahy, kde pom\u00edstn\u00ed jm\u00e9na vlivem neutuchaj\u00edc\u00edch zm\u011bn a stavebn\u00edho ruchu t\u00e9m\u011b\u0159 vymizela. V Mal\u00e9 a &hellip; <a href=\"https:\/\/regionplus.cz\/chuchle\/zajimavosti\/pomistni-jmena\/\">Cel\u00fd p\u0159\u00edsp\u011bvek <span class=\"meta-nav\">&rarr;<\/span><\/a><\/p>\n","protected":false},"author":1,"featured_media":0,"parent":225,"menu_order":0,"comment_status":"closed","ping_status":"closed","template":"","meta":{"footnotes":""},"class_list":["post-283","page","type-page","status-publish","hentry"],"_links":{"self":[{"href":"https:\/\/regionplus.cz\/chuchle\/wp-json\/wp\/v2\/pages\/283","targetHints":{"allow":["GET"]}}],"collection":[{"href":"https:\/\/regionplus.cz\/chuchle\/wp-json\/wp\/v2\/pages"}],"about":[{"href":"https:\/\/regionplus.cz\/chuchle\/wp-json\/wp\/v2\/types\/page"}],"author":[{"embeddable":true,"href":"https:\/\/regionplus.cz\/chuchle\/wp-json\/wp\/v2\/users\/1"}],"replies":[{"embeddable":true,"href":"https:\/\/regionplus.cz\/chuchle\/wp-json\/wp\/v2\/comments?post=283"}],"version-history":[{"count":2,"href":"https:\/\/regionplus.cz\/chuchle\/wp-json\/wp\/v2\/pages\/283\/revisions"}],"predecessor-version":[{"id":443,"href":"https:\/\/regionplus.cz\/chuchle\/wp-json\/wp\/v2\/pages\/283\/revisions\/443"}],"up":[{"embeddable":true,"href":"https:\/\/regionplus.cz\/chuchle\/wp-json\/wp\/v2\/pages\/225"}],"wp:attachment":[{"href":"https:\/\/regionplus.cz\/chuchle\/wp-json\/wp\/v2\/media?parent=283"}],"curies":[{"name":"wp","href":"https:\/\/api.w.org\/{rel}","templated":true}]}}

Pomístní jména

<p>Kromě názvů ulic dodnes používají obyvatelé Malé i Velké Chuchle pro určení místa v obci hojně i pomístní jména. Není zde tudíž stav podobný centru Prahy, kde pomístní jména vlivem neutuchajících změn a stavebního ruchu téměř vymizela. V Malé a Velké Chuchle je to dáno zejména jejich příměstským až vesnickým charakterem. Jak již bylo v úvodu uvedeno, městská část je obklopena výraznými přírodními i antropogeními tvary reliéfu, poli a lesy, což značí ideální situaci pro výskyt pomístních jmen.</p>
<p>Vývoj pomístních jmen v Malé i ve Velké Chuchli můžeme rozdělit do několika generací.</p>
<p>První pomístní jména jsou zachována v mapě stabilního katastru ze 40. let 19. století. Jedná se většinou o názvy polí a vyvýšenin (Na boku, Sirowatka, Na Lahowsky, Straně na Rohacku, Na Swrtich, Pod straněma, Za Studánky, Nad Průhonem a Za domkem) a vinic(Háj). Tato jména se postupem času  v mapových dílech vyvíjela, příkladem je katastrální mapa vytvořená o šedesát let později a uložená v okresním archivu, v níž jsou zastoupena pomístní jména: Háj, Doly, Pod hajkama, Sirovatka,  Na Lahovský, Na čtvrtích, U Studánek, Pod stráněma, Nad Průhonem, V Náklích a Pod Průhonem. Dnes již většina těchto jmen zanikla a v běžném hovoru a nepoužívají. O důležitosti pomístních jmen svědčí však fakt, že mnohá z nich jsou zastoupena i v současných mapách velkého měřítka a plánech (což je způsobeno překreslováním z map stabilního katastru do katastrálních map) &#8211;  např. Sirovátka v jihozápadní části obce, nebo nedaleko Vltavy pomístní jméno Nad průhonem jsou dokonce v aktuálních plánech Prahy.</p>
<p>Z katastrálních map vycházel také Regulační plán Velké Chuchle  z roku 1926, který byl vyhotoven pro potřeby obecního úřadu a v němž byly zachyceny možné varianty územního rozvoje obce. I v něm jsou pochopitelně zastoupena pomístní jména: Doly (nesprávně označeny v dnešním Chuchelském háji), Vápenice, Doly (v dnešním lese Amerika), Pod hájkama, Sirovátka, Na Lahovském, Na čtvrtích, Pod Stráněmi, u Studánek, Nad průhonem, Pod Průhonem, V Náklích.</p>
<p>O vzniku dalších pomístních jmen se můžeme dočíst ze zápisů v Pamětní knize Velké Chuchle z prvních zápisů řídícího učitele v.v. Vladimíra Přibíka i jeho pokračovatele, kronikáře Albína Dvořáčka. Oba v kronice zaznamenávají pomístní jména žijící v paměti obyvatel. Většina z nich je dána polohou místa (například U řeky, Za hájem, U Lochkova, U sliveneckého lesa, Skála pod kostelem sv. Jana, Úvozová cesta). Nicméně ve Velké Chuchli je také zachováno pomístní jméno Amerika (pro les západně od centra obce), které vzniklo, jako reakce na majetek občana, který se vystěhoval do Ameriky nebo také pomístní jméno Waltrovka, jež vzniklo po roce 1872, kdy do Velké Chuchle přesídlil zahradnický závod firmy Waltr.</p>
<p>Na přelomu 19. a 20. století, v souvislosti se značným rozvojem obce (Malá i Velká Chuchle byly tehdy oblíbeným výletním místem) a rozšiřující se výstavbou vznikly názvy sadů a místních částí, které se dodnes hojně používají (například Libře – pomístní jméno pro sad a potok, Mrázovka – část obce na jižním svahu, většina domů se zde údajně stavěla v zimě) V dolích – vápencové lomy v západní části, Hvězdárna – část obce na kopci, odkud je daleký rozhled).</p>
<p>V Malé Chuchli je pomístních jmen mnohem méně, což je dáno zejména její malou rozlohou. Dodnes se ale zachovalo pomístní jméno U jelena pojmenovávající místo, kde se nachází dosud pitný pramen (pozůstatek kdysi vyhlášených chuchelských lázní), jehož prameniště bylo ozdobeno stylizovanou hlavou jelena. Další pomístní jméno Na mlejnku ukazuje na místo, kde byl kdysi mlýn.</p>
<p>Kromě již uvedených pomístních jmen ve Velké Chuchli dlouho existovala jména, vyjadřující majetek dané osoby nebo instituce (například pole Na Červenkovic, Žákův nebo Obecní lom).</p>
<p>V roce 1964 zpracoval pro Onomastický úsek Ústavu pro jazyk český ČSAV soupis pomístních jmen místní občan, Antonín Čejka a právě z něj jsou čerpána již zmiňovaná pomístní jména.  Pomístní jména rychle vznikají, ale také rychle zanikají. A tak mnohá, která zachytil Antonín Čejka do svého soupisu se již nepoužívají (například Na Červenkovic, Stará cesta, Nová cesta). Nová zase vznikla (v Malé Chuchli například hodonymum Most Inteligence – jméno pro Branický most, nebo nejnovější Klubový dům ve Velké Chuchli).</p>
<p>Zajímavá jsou v Chuchli jména pro objekty nesloužící k trvalému bydlení. V paměti občanů žije ještě jméno Kresovna, kterým byl označen obecní dům na místě dnešního Klubového domu. Název nesl podle původního majitele.</p>
<p>Zajímavou historii má tzv. Zvonečkovna (čp. 2). U ní byla totiž až do roku 1876 dřevěná zvonička. Pro svůj špatný stav však byla stržena a i když nová zvonička byla postavena o sto metrů dále u Čejkova statku, původní jméno objektu zůstalo. V Malé Chuchli se dále dochovaly názvy zaniklých restaurací: Vyskočilka (v současnosti je tak pojmenována významná paleontologická lokalita) a Koruna.</p>
<p>Dnes se pomístní jména používají často ve veřejném i neveřejném styku. Zejména názvy místních částí, původně pomístní jména, přešla dnes do oficiálního styku pojmenováním ulic (Na Hvězdárně, Na Mrázovce, V dolích, Nad Libří). Vlivem rozšiřující se zástavby však mnohá pomístní jména zanikla nebo byla nahrazena jmény místními (přešla do názvu ulice).</p>

<p>Kromě názvů ulic dodnes používají obyvatelé Malé i Velké Chuchle pro určení místa v obci hojně i pomístní jména. Není zde tudíž stav podobný centru Prahy, kde pomístní jména vlivem neutuchajících změn a stavebního ruchu téměř vymizela. V Malé a &hellip; <a href="https://regionplus.cz/chuchle/zajimavosti/pomistni-jmena/">Celý příspěvek <span class="meta-nav">&rarr;</span></a></p>
