{"id":254,"date":"2021-10-02T23:58:11","date_gmt":"2021-10-02T21:58:11","guid":{"rendered":"http:\/\/regionplus.cz\/chuchle\/?page_id=254"},"modified":"2024-06-27T11:51:38","modified_gmt":"2024-06-27T09:51:38","slug":"zahradkari","status":"publish","type":"page","link":"https:\/\/regionplus.cz\/chuchle\/spolky\/zahradkari\/","title":{"rendered":"Zahr\u00e1dk\u00e1\u0159i"},"content":{"rendered":"<p>Poloha Chuchle uprost\u0159ed zelen\u011b a pod\u00e9l Vltavy umoc\u0148ovala v\u017edy z\u00e1jem m\u00edstn\u00edch obyvatel nejenom o zahrady sv\u00fdch dom\u016f, ale tak\u00e9 o m\u00edstn\u00ed zele\u0148. Na p\u0159elomu 19. a 20. stolet\u00ed se dozv\u00edd\u00e1me z\u00a0archivn\u00edch dokument\u016f o Okra\u0161lovac\u00edm spolku pro Velkou Chuchli. V \u0159\u00edjnu roku 1920 byl zalo\u017een v Lib\u0159i obecn\u00ed sad a v roce 1937\u00a0 v\u00a0Chuchli existovala &#8222;Spole\u010dnost\u00a0 p\u0159\u00e1tel zahrady&#8220;.\u00a0 Tato spole\u010dnost se pozd\u011bji p\u0159etvo\u0159ila v Jednotu zahr\u00e1dk\u00e1\u0159\u016f, jej\u00edm\u017e \u010dlenem byl i V\u00e1clav \u0160\u0165av\u00edk, odborn\u011b zn\u00e1m\u00fd \u0161lechtitel ovocn\u00fdch strom\u016f.<\/p>\n<p>V roce 1957 vznikla v obci Z\u00e1kladn\u00ed organizace \u010desk\u00e9ho zahr\u00e1dk\u00e1\u0159sk\u00e9ho svazu spolu s prvn\u00ed zahr\u00e1dk\u00e1\u0159skou osadou, kter\u00e1 byla v Lib\u0159i. V roce 1983 byla zalo\u017eena osada Vi\u0161\u0148ovka, o rok pozd\u011bji osada Ba\u017eantnice.\u00a0 V roce 1985 byla zalo\u017eena osada U \u0161kolky, kter\u00e1 v roce 2008 zanikla rovn\u011b\u017e z d\u016fvodu navr\u00e1cen\u00ed pozemku p\u016fvodn\u00edmu majiteli. V roce vzniku zalo\u017een\u00ed posledn\u011b jmenovan\u00e9 osady vznikla v ulici Na Ciheln\u011b v objektu Zvone\u010dkovny v ulici Na Ciheln\u011b ve\u0159ejn\u00e1 mo\u0161t\u00e1rna ovoce, kter\u00e1 slou\u017eila a\u017e do roku 2005, kdy z d\u016fvodu restituce objektu byli nuceni zahr\u00e1dk\u00e1\u0159i ukon\u010dit jej\u00ed \u010dinnost. O v\u00fdznamn\u00fd rozvoj aktivit m\u00edstn\u00ed organizace se zaslou\u017eil na p\u0159elomu stolet\u00ed\u00a0 jej\u00ed p\u0159edseda Rudolf Peterek, kter\u00fd byl rovn\u011b\u017e \u010dinn\u00fd i na \u00fast\u0159ed\u00ed \u010cesk\u00e9ho svazu zahr\u00e1dk\u00e1\u0159\u016f.<\/p>\n","protected":false},"excerpt":{"rendered":"<p>Poloha Chuchle uprost\u0159ed zelen\u011b a pod\u00e9l Vltavy umoc\u0148ovala v\u017edy z\u00e1jem m\u00edstn\u00edch obyvatel nejenom o zahrady sv\u00fdch dom\u016f, ale tak\u00e9 o m\u00edstn\u00ed zele\u0148. Na p\u0159elomu 19. a 20. stolet\u00ed se dozv\u00edd\u00e1me z\u00a0archivn\u00edch dokument\u016f o Okra\u0161lovac\u00edm spolku pro Velkou Chuchli. V \u0159\u00edjnu &hellip; <a href=\"https:\/\/regionplus.cz\/chuchle\/spolky\/zahradkari\/\">Cel\u00fd p\u0159\u00edsp\u011bvek <span class=\"meta-nav\">&rarr;<\/span><\/a><\/p>\n","protected":false},"author":1,"featured_media":0,"parent":241,"menu_order":0,"comment_status":"closed","ping_status":"closed","template":"","meta":{"footnotes":""},"class_list":["post-254","page","type-page","status-publish","hentry"],"_links":{"self":[{"href":"https:\/\/regionplus.cz\/chuchle\/wp-json\/wp\/v2\/pages\/254","targetHints":{"allow":["GET"]}}],"collection":[{"href":"https:\/\/regionplus.cz\/chuchle\/wp-json\/wp\/v2\/pages"}],"about":[{"href":"https:\/\/regionplus.cz\/chuchle\/wp-json\/wp\/v2\/types\/page"}],"author":[{"embeddable":true,"href":"https:\/\/regionplus.cz\/chuchle\/wp-json\/wp\/v2\/users\/1"}],"replies":[{"embeddable":true,"href":"https:\/\/regionplus.cz\/chuchle\/wp-json\/wp\/v2\/comments?post=254"}],"version-history":[{"count":4,"href":"https:\/\/regionplus.cz\/chuchle\/wp-json\/wp\/v2\/pages\/254\/revisions"}],"predecessor-version":[{"id":1088,"href":"https:\/\/regionplus.cz\/chuchle\/wp-json\/wp\/v2\/pages\/254\/revisions\/1088"}],"up":[{"embeddable":true,"href":"https:\/\/regionplus.cz\/chuchle\/wp-json\/wp\/v2\/pages\/241"}],"wp:attachment":[{"href":"https:\/\/regionplus.cz\/chuchle\/wp-json\/wp\/v2\/media?parent=254"}],"curies":[{"name":"wp","href":"https:\/\/api.w.org\/{rel}","templated":true}]}}

Zahrádkáři

<p>Poloha Chuchle uprostřed zeleně a podél Vltavy umocňovala vždy zájem místních obyvatel nejenom o zahrady svých domů, ale také o místní zeleň. Na přelomu 19. a 20. století se dozvídáme z archivních dokumentů o Okrašlovacím spolku pro Velkou Chuchli. V říjnu roku 1920 byl založen v Libři obecní sad a v roce 1937  v Chuchli existovala &#8222;Společnost  přátel zahrady&#8220;.  Tato společnost se později přetvořila v Jednotu zahrádkářů, jejímž členem byl i Václav Šťavík, odborně známý šlechtitel ovocných stromů.</p>
<p>V roce 1957 vznikla v obci Základní organizace českého zahrádkářského svazu spolu s první zahrádkářskou osadou, která byla v Libři. V roce 1983 byla založena osada Višňovka, o rok později osada Bažantnice.  V roce 1985 byla založena osada U školky, která v roce 2008 zanikla rovněž z důvodu navrácení pozemku původnímu majiteli. V roce vzniku založení posledně jmenované osady vznikla v ulici Na Cihelně v objektu Zvonečkovny v ulici Na Cihelně veřejná moštárna ovoce, která sloužila až do roku 2005, kdy z důvodu restituce objektu byli nuceni zahrádkáři ukončit její činnost. O významný rozvoj aktivit místní organizace se zasloužil na přelomu století  její předseda Rudolf Peterek, který byl rovněž činný i na ústředí Českého svazu zahrádkářů.</p>

<p>Poloha Chuchle uprostřed zeleně a podél Vltavy umocňovala vždy zájem místních obyvatel nejenom o zahrady svých domů, ale také o místní zeleň. Na přelomu 19. a 20. století se dozvídáme z archivních dokumentů o Okrašlovacím spolku pro Velkou Chuchli. V říjnu &hellip; <a href="https://regionplus.cz/chuchle/spolky/zahradkari/">Celý příspěvek <span class="meta-nav">&rarr;</span></a></p>
