{"id":239,"date":"2021-10-02T23:52:14","date_gmt":"2021-10-02T21:52:14","guid":{"rendered":"http:\/\/regionplus.cz\/chuchle\/?page_id=239"},"modified":"2023-04-18T15:37:05","modified_gmt":"2023-04-18T13:37:05","slug":"institut-vzdelavani-a-poradenstvi-czu","status":"publish","type":"page","link":"https:\/\/regionplus.cz\/chuchle\/skoly\/institut-vzdelavani-a-poradenstvi-czu\/","title":{"rendered":"Institut vzd\u011bl\u00e1v\u00e1n\u00ed a poradenstv\u00ed \u010cZU"},"content":{"rendered":"<p>V objektu b\u00fdval\u00e9 obecn\u00e9 \u0161koly (\u010dp. 15) v Mal\u00e9 Chuchli kr\u00e1tce po jej\u00edm zru\u0161en\u00ed v roce 1963 p\u016fsobilo st\u0159edn\u00ed odborn\u00e9 u\u010dili\u0161t\u011b s oborem zlatnictv\u00ed, kter\u00e9 bylo z\u0159\u00edzeno pod n\u00e1rodn\u00edm podnikem SAFINA. N\u00e1zev tohoto podniku byl pozd\u011bji p\u0159evzat i pro pojmenov\u00e1n\u00ed cel\u00e9 budovy. V druh\u00e9 polovin\u011b sedmdes\u00e1t\u00fdch let p\u0159evzala objekt Vysok\u00e1 \u0161kola zem\u011bd\u011blsk\u00e1 (Katedra pedagogiky) a v roce 1978 zde bylo zah\u00e1jeno vyu\u010dov\u00e1n\u00ed ve t\u0159ech u\u010debn\u00e1ch.<\/p>\n<p>Katedra pedagogiky Vysok\u00e9 \u0161koly zem\u011bd\u011blsk\u00e9 dosud obhospoda\u0159ovala budovy b\u00fdval\u00e9 l\u00e1ze\u0148sk\u00e9 restaurace, kter\u00e9 p\u0159evzala v roce 1966 (n\u00e1jemce l\u00e1ze\u0148sk\u00e9 restaurace toti\u017e po druh\u00e9 sv\u011btov\u00e9 v\u00e1lce vyst\u0159\u00eddali voj\u00e1ci a coby voj\u00e1k zde b\u011bhal i olympionik Emil Z\u00e1topek. V roce 1955 byla v Chuchli z\u0159\u00edzena \u0160kola pro p\u0159edsedy JZD, kter\u00e1 byla pozd\u011bji p\u0159ejmenov\u00e1na na \u0160kolu pro funkcion\u00e1\u0159e socialistick\u00fdch zem\u011bd\u011blsk\u00fdch z\u00e1vod\u016f). Od roku 1960 zde p\u016fsobila St\u0159edn\u00ed zem\u011bd\u011blsk\u00e1 technick\u00e1 \u0161kola s u\u010debn\u00edm oborem P\u011bstitelstv\u00ed a chovatelstv\u00ed). V\u00a0\u0161edes\u00e1t\u00fdch letech p\u0159evzala do spr\u00e1vy are\u00e1l b\u00fdval\u00e9 l\u00e1ze\u0148sk\u00e9 restaurace Vysok\u00e1 \u0161kola zem\u011bd\u011blsk\u00e1 a um\u00edstila zde Katedru pedagogiky.<\/p>\n<p>V roce 1975 bylo rozhodnuto obnovit cel\u00fd ji\u017e zna\u010dn\u011b zch\u00e1tral\u00fd are\u00e1l. Prvn\u00edm objektem byla n\u011bkdej\u0161\u00ed l\u00e1ze\u0148sk\u00e1 restaurace, jej\u00ed\u017e rekonstrukce trvala p\u011bt let (1979\u20131984). Byly zde vybudov\u00e1ny posluch\u00e1rny a u\u010debny, laborato\u0159 pro v\u00fdpo\u010detn\u00ed a didaktickou techniku, ubytovna, zasedac\u00ed m\u00edstnost, kabinety a kancel\u00e1\u0159e pro person\u00e1l.<\/p>\n<p>Hned po dokon\u010den\u00ed stavby do\u0161lo k p\u0159\u00edprav\u011b rekonstrukce p\u016fvodn\u00ed \u0161koln\u00ed budovy. Ta v\u0161ak mohla za\u010d\u00edt a\u017e v roce 1988 a trvala do roku 1990. Byly zde vytvo\u0159eny semin\u00e1rn\u00ed pracovna, po\u010d\u00edta\u010dov\u00e1 u\u010debna, psychologick\u00e1 laborato\u0159 a pracovny u\u010ditel\u016f.<\/p>\n<p>V roce 1995 bylo akademick\u00e9 pracovi\u0161t\u011b p\u0159ejmenov\u00e1no na Katedru pedagogiky \u010cesk\u00e9 zem\u011bd\u011blsk\u00e9 univerzity, a o \u0161est let pozd\u011bji na Institut vzd\u011bl\u00e1v\u00e1n\u00ed a poradenstv\u00ed \u010cesk\u00e9 zem\u011bd\u011blsk\u00e9 univerzity.<\/p>\n<p>V Mal\u00e9 Chuchli je je\u0161t\u011b jedno akademick\u00e9 pracovi\u0161t\u011b, lod\u011bnice \u010cesk\u00e9ho vysok\u00e9ho u\u010den\u00ed technick\u00e9ho u Vltavy. Tento objekt byl vybudov\u00e1n v roce 1981 a slou\u017e\u00ed vysoko\u0161kol\u00e1k\u016fm k povinn\u00e9 v\u00fduce i rekreaci.<\/p>\n","protected":false},"excerpt":{"rendered":"<p>V objektu b\u00fdval\u00e9 obecn\u00e9 \u0161koly (\u010dp. 15) v Mal\u00e9 Chuchli kr\u00e1tce po jej\u00edm zru\u0161en\u00ed v roce 1963 p\u016fsobilo st\u0159edn\u00ed odborn\u00e9 u\u010dili\u0161t\u011b s oborem zlatnictv\u00ed, kter\u00e9 bylo z\u0159\u00edzeno pod n\u00e1rodn\u00edm podnikem SAFINA. N\u00e1zev tohoto podniku byl pozd\u011bji p\u0159evzat i pro pojmenov\u00e1n\u00ed &hellip; <a href=\"https:\/\/regionplus.cz\/chuchle\/skoly\/institut-vzdelavani-a-poradenstvi-czu\/\">Cel\u00fd p\u0159\u00edsp\u011bvek <span class=\"meta-nav\">&rarr;<\/span><\/a><\/p>\n","protected":false},"author":1,"featured_media":0,"parent":231,"menu_order":0,"comment_status":"closed","ping_status":"closed","template":"","meta":{"footnotes":""},"class_list":["post-239","page","type-page","status-publish","hentry"],"_links":{"self":[{"href":"https:\/\/regionplus.cz\/chuchle\/wp-json\/wp\/v2\/pages\/239","targetHints":{"allow":["GET"]}}],"collection":[{"href":"https:\/\/regionplus.cz\/chuchle\/wp-json\/wp\/v2\/pages"}],"about":[{"href":"https:\/\/regionplus.cz\/chuchle\/wp-json\/wp\/v2\/types\/page"}],"author":[{"embeddable":true,"href":"https:\/\/regionplus.cz\/chuchle\/wp-json\/wp\/v2\/users\/1"}],"replies":[{"embeddable":true,"href":"https:\/\/regionplus.cz\/chuchle\/wp-json\/wp\/v2\/comments?post=239"}],"version-history":[{"count":4,"href":"https:\/\/regionplus.cz\/chuchle\/wp-json\/wp\/v2\/pages\/239\/revisions"}],"predecessor-version":[{"id":615,"href":"https:\/\/regionplus.cz\/chuchle\/wp-json\/wp\/v2\/pages\/239\/revisions\/615"}],"up":[{"embeddable":true,"href":"https:\/\/regionplus.cz\/chuchle\/wp-json\/wp\/v2\/pages\/231"}],"wp:attachment":[{"href":"https:\/\/regionplus.cz\/chuchle\/wp-json\/wp\/v2\/media?parent=239"}],"curies":[{"name":"wp","href":"https:\/\/api.w.org\/{rel}","templated":true}]}}

Institut vzdělávání a poradenství ČZU

<p>V objektu bývalé obecné školy (čp. 15) v Malé Chuchli krátce po jejím zrušení v roce 1963 působilo střední odborné učiliště s oborem zlatnictví, které bylo zřízeno pod národním podnikem SAFINA. Název tohoto podniku byl později převzat i pro pojmenování celé budovy. V druhé polovině sedmdesátých let převzala objekt Vysoká škola zemědělská (Katedra pedagogiky) a v roce 1978 zde bylo zahájeno vyučování ve třech učebnách.</p>
<p>Katedra pedagogiky Vysoké školy zemědělské dosud obhospodařovala budovy bývalé lázeňské restaurace, které převzala v roce 1966 (nájemce lázeňské restaurace totiž po druhé světové válce vystřídali vojáci a coby voják zde běhal i olympionik Emil Zátopek. V roce 1955 byla v Chuchli zřízena Škola pro předsedy JZD, která byla později přejmenována na Školu pro funkcionáře socialistických zemědělských závodů). Od roku 1960 zde působila Střední zemědělská technická škola s učebním oborem Pěstitelství a chovatelství). V šedesátých letech převzala do správy areál bývalé lázeňské restaurace Vysoká škola zemědělská a umístila zde Katedru pedagogiky.</p>
<p>V roce 1975 bylo rozhodnuto obnovit celý již značně zchátralý areál. Prvním objektem byla někdejší lázeňská restaurace, jejíž rekonstrukce trvala pět let (1979–1984). Byly zde vybudovány posluchárny a učebny, laboratoř pro výpočetní a didaktickou techniku, ubytovna, zasedací místnost, kabinety a kanceláře pro personál.</p>
<p>Hned po dokončení stavby došlo k přípravě rekonstrukce původní školní budovy. Ta však mohla začít až v roce 1988 a trvala do roku 1990. Byly zde vytvořeny seminární pracovna, počítačová učebna, psychologická laboratoř a pracovny učitelů.</p>
<p>V roce 1995 bylo akademické pracoviště přejmenováno na Katedru pedagogiky České zemědělské univerzity, a o šest let později na Institut vzdělávání a poradenství České zemědělské univerzity.</p>
<p>V Malé Chuchli je ještě jedno akademické pracoviště, loděnice Českého vysokého učení technického u Vltavy. Tento objekt byl vybudován v roce 1981 a slouží vysokoškolákům k povinné výuce i rekreaci.</p>

<p>V objektu bývalé obecné školy (čp. 15) v Malé Chuchli krátce po jejím zrušení v roce 1963 působilo střední odborné učiliště s oborem zlatnictví, které bylo zřízeno pod národním podnikem SAFINA. Název tohoto podniku byl později převzat i pro pojmenování &hellip; <a href="https://regionplus.cz/chuchle/skoly/institut-vzdelavani-a-poradenstvi-czu/">Celý příspěvek <span class="meta-nav">&rarr;</span></a></p>
