{"id":235,"date":"2021-10-02T23:49:29","date_gmt":"2021-10-02T21:49:29","guid":{"rendered":"http:\/\/regionplus.cz\/chuchle\/?page_id=235"},"modified":"2023-04-18T15:15:06","modified_gmt":"2023-04-18T13:15:06","slug":"zakladni-skola","status":"publish","type":"page","link":"https:\/\/regionplus.cz\/chuchle\/skoly\/zakladni-skola\/","title":{"rendered":"Z\u00e1kladn\u00ed \u0161kola Charlotty Masarykov\u00e9"},"content":{"rendered":"<p><strong>Ve Velk\u00e9 Chuchli Zemsk\u00e1 \u0161koln\u00ed rada v Praze povolila z\u0159\u00edzen\u00ed samostatn\u00e9 obecn\u00e9 dvojt\u0159\u00eddn\u00ed \u0161koly a\u017e v\u00a0roce 1930. To ji\u017e byl pro jej\u00ed stavbu vybr\u00e1n obecn\u00ed pozemek u silnice ke Slivenci. Ve v\u00fdb\u011brov\u00e9m \u0159\u00edzen\u00ed Byla vybr\u00e1na stavebn\u00ed firma a stavebn\u00ed dozor p\u0159evzali \u010dlenov\u00e9 \u0161koln\u00ed rady, mj. Franti\u0161ek Lap\u00e1\u010dek a Franti\u0161ek \u010cmelinsk\u00fd. 31.8. 1933 byla stavba dokon\u010dena a zkolaudov\u00e1na. Zastupitelstvo se usneslo, aby \u0161kola nesla jm\u00e9no Charlotty Masarykov\u00e9. Prezidentsk\u00e1 kancel\u00e1\u0159 vyhov\u011bla, na slavnost byla pozv\u00e1na dcera prezidenta Alice Masarykov\u00e1, kter\u00e1 se pro zanepr\u00e1zdn\u011bn\u00ed nedostavila. \u0160kola byla vybavena z dar\u016f p\u0159\u00edznivc\u016f a p\u0159ed\u00e1na ve\u0159ejnosti 17. z\u00e1\u0159\u00ed 1933.<\/strong><\/p>\n<p><strong>Prvn\u00edm \u0159editelem \u0161koly byl Alb\u00edn Dvo\u0159\u00e1\u010dek, \u0161kola byla p\u011btit\u0159\u00eddn\u00ed a p\u0159ed druhou sv\u011btovou<\/strong> v\u00e1lkou do n\u00ed chodilo pr\u016fm\u011brn\u011b 222 \u017e\u00e1k\u016f. V roce 1939 nastoupil m\u00edsto \u0159editele V\u00e1clav Chmel\u00ed\u0159 a zast\u00e1val toto m\u00edsto a\u017e do roku 1950, kdy ho vyst\u0159\u00eddal Josef Ne\u010desan\u00fd. V kv\u011btnu 1945 \u0161kola poslou\u017eila jako lazaret pro zran\u011bn\u00e9 a teprve 22. kv\u011btna 1945 \u017e\u00e1ci nastoupili do \u0161koly s nezm\u011bn\u011bn\u00fdm u\u010ditelsk\u00fdm sborem. \u0160koln\u00ed rok tehdy skon\u010dil 12. \u010dervence 1945.<\/p>\n<p>V l\u00e9tech 1946 a\u017e 47 bylo omezeno vyu\u010dov\u00e1n\u00ed z d\u016fvodu nedostatku uhl\u00ed. D\u011bti dost\u00e1valy sva\u010diny, kakao a rohl\u00edk, na podporu fyzick\u00e9 kondice i ryb\u00ed tuk. Na p\u0159ilep\u0161enou 51 bal\u00ed\u010dk\u016f \u010dokol\u00e1dy. Pr\u016fm\u011brn\u00fd stav \u017eatva v letech 1945 a\u017e 1956 byl 164 \u017e\u00e1k\u016f. V roce 1953 nav\u0161t\u00edvila \u0161kolu \u010d\u00ednsk\u00e1 delegace s p\u0159edsedou vl\u00e1dy lidov\u011b demokratick\u00e9 \u010c\u00edny. K mezin\u00e1rodn\u00edmu Dni d\u011bt\u00ed p\u0159ijeli zase host\u00e9 ze \u0160pan\u011blska. \u017d\u00e1ci se z\u00fa\u010dastnili I. Spartaki\u00e1dy i se sv\u00fdmi u\u010diteli.<\/p>\n<p>Od \u0161koln\u00edho roku 1956 &#8211; 57 byla zah\u00e1jena \u201eOsmilet\u00e1 st\u0159edn\u00ed \u0161kola\u201c se 7 postupov\u00fdmi t\u0159\u00eddami. Organizoval se sb\u011br pap\u00edru a hadr\u016f. \u0160kolu nav\u0161t\u00edvil Jean Piagef &#8211; psycholog z pa\u0159\u00ed\u017esk\u00e9 Sorbonny a ud\u011blal testy v 1. t\u0159\u00edd\u011b. Rovn\u011b\u017e byla zah\u00e1jena v\u00fdstavba \u0161koli\u010dek (pavilon\u016f), n\u00e1sleduj\u00edc\u00edho roku byla druh\u00e1 \u0161koli\u010dka otev\u0159ena a zah\u00e1jeno vyu\u010dov\u00e1n\u00ed v 8. postupn\u00fdch ro\u010dn\u00edc\u00edch. Ve \u0161kole byla p\u0159ijata ma\u010farsk\u00e1 vl\u00e1dn\u00ed delegace.<\/p>\n<p>\u0160kola byla ur\u010dena jako v\u00fdzkumn\u00e1. Ve \u0161koln\u00edm roce 1957 &#8211; 58 byly p\u0159ipraveny pro \u017e\u00e1ky 8. t\u0159\u00edd z\u00e1v\u011bre\u010dn\u00e9 zkou\u0161ky. V letech 1956 &#8211; 58 chodilo do \u0161koly pr\u016fm\u011brn\u011b 225 d\u011bt\u00ed. Ve \u0161koln\u00edm roce 1958 &#8211; 59 byla \u0161koln\u00ed doch\u00e1zka prodlou\u017eena o 1 rok, tedy 9 t\u0159\u00edd. P\u0159ijela n\u00e1v\u0161t\u011bva turist\u016f z Ruska.<\/p>\n<p>V roce 1960 se \u017e\u00e1ci povinn\u011b z\u00fa\u010dastnili II. Spartaki\u00e1dy na kterou skladby nacvi\u010dili u\u010ditel\u00e9 v hodin\u00e1ch t\u011blesn\u00e9 v\u00fdchovy. Ve \u0161kole prob\u00edhaly rozhlasov\u00e9 relace a desetiminutovky Pion\u00fdrsk\u00e9 organizace. V roce 1963 nastoupil na \u0161kolu \u0159editel Stanislav Jind\u0159ich. V roce 1965 byla III. celost\u00e1tn\u00ed Spartaki\u00e1da &#8211; op\u011bt s \u017e\u00e1ky \u0161koly. Leningrad\u0161t\u00ed turist\u00e9 nav\u0161t\u00edvili \u0161kolu.<\/p>\n<p>Od roku 1958 do roku 1975 byl pr\u016fm\u011br \u017e\u00e1k\u016f 213. \u0158editelem od 1974 do 1978 byl V\u00e1clav Hobz\u00edk.<\/p>\n<p>Ve \u0161koln\u00edm roce 1981 byla op\u011bt zavedena osmilet\u00e1 povinn\u00e1 \u0161koln\u00ed doch\u00e1zka.<\/p>\n<p>Od roku 1978 &#8211; 81 byl \u0159editelem Jarom\u00edr Sulkovsk\u00fd. \u0160koln\u00ed rok 1981 &#8211; 1982 vedla \u0161kolu Milada Hanzel\u00ednov\u00e1. Od roku 1983 do roku 1991 st\u00e1l v \u010dele \u0161koly Pavel Van\u011bk. Rok 1991 z\u00e1\u0159\u00ed byl ve znamen\u00ed zm\u011bny cel\u00e9 spole\u010dnosti a \u0161kolu od t\u00e9 doby vedl Ji\u0159\u00ed Kova\u0159\u00edk. Od roku 1997 byla ve \u0161kole op\u011bt zavedena dev\u00edtilet\u00e1 \u0161koln\u00ed doch\u00e1zka. Postupn\u011b byla postavena nov\u00e1 \u0161koln\u00ed j\u00eddelna, p\u0159istavena sborovna, sklad u\u010debnic, u\u010debna jazyk\u016f a v\u0161echny t\u0159i budovy byly propojeny spojovac\u00ed chodbou.<\/p>\n<p>V posledn\u00edch letech m\u00e1 \u0161kola stabiln\u011b okolo 175 \u017e\u00e1k\u016f. Od roku 1999 nese op\u011bt \u0161kola jm\u00e9no man\u017eelky prvn\u00edho \u010deskoslovensk\u00e9ho prezidenta Charlotty Garrigueov\u00e9 Masarykov\u00e9. V roce 2001 byla ve \u0161kola instalovan\u00e1 po\u010d\u00edta\u010dov\u00e1 s\u00ed\u0165 v r\u00e1mci celost\u00e1tn\u00edho projektu Internet do \u0161kol. V\u00a0n\u00e1sleduj\u00edc\u00edm roce \u0161kola poslou\u017eila jako evakua\u010dn\u00ed st\u0159edisko pro posti\u017een\u00e9 povodn\u00ed a v\u00a0roce 2003 se do spodn\u00edho pavilonu (kter\u00fd byl k\u00a0tomu \u00fa\u010delu upraven) na t\u0159i n\u00e1sleduj\u00edc\u00ed roky p\u0159est\u011bhovala mate\u0159sk\u00e1 \u0161kola. Od 5.2.2007 je \u0159editelkou \u0161koly Mgr. Eli\u0161ka Jan\u010d\u00edkov\u00e1 a ve \u0161koln\u00edm roce 2007\/2008\u00a0 \u0161kola zah\u00e1jila v\u00fduku v\u00a01. a 6. ro\u010dn\u00edku podle \u0161koln\u00edho vzd\u011bl\u00e1vac\u00edho programu Podkovi\u010dka.<\/p>\n","protected":false},"excerpt":{"rendered":"<p>Ve Velk\u00e9 Chuchli Zemsk\u00e1 \u0161koln\u00ed rada v Praze povolila z\u0159\u00edzen\u00ed samostatn\u00e9 obecn\u00e9 dvojt\u0159\u00eddn\u00ed \u0161koly a\u017e v\u00a0roce 1930. To ji\u017e byl pro jej\u00ed stavbu vybr\u00e1n obecn\u00ed pozemek u silnice ke Slivenci. Ve v\u00fdb\u011brov\u00e9m \u0159\u00edzen\u00ed Byla vybr\u00e1na stavebn\u00ed firma a stavebn\u00ed dozor &hellip; <a href=\"https:\/\/regionplus.cz\/chuchle\/skoly\/zakladni-skola\/\">Cel\u00fd p\u0159\u00edsp\u011bvek <span class=\"meta-nav\">&rarr;<\/span><\/a><\/p>\n","protected":false},"author":1,"featured_media":0,"parent":231,"menu_order":0,"comment_status":"closed","ping_status":"closed","template":"","meta":{"footnotes":""},"class_list":["post-235","page","type-page","status-publish","hentry"],"_links":{"self":[{"href":"https:\/\/regionplus.cz\/chuchle\/wp-json\/wp\/v2\/pages\/235","targetHints":{"allow":["GET"]}}],"collection":[{"href":"https:\/\/regionplus.cz\/chuchle\/wp-json\/wp\/v2\/pages"}],"about":[{"href":"https:\/\/regionplus.cz\/chuchle\/wp-json\/wp\/v2\/types\/page"}],"author":[{"embeddable":true,"href":"https:\/\/regionplus.cz\/chuchle\/wp-json\/wp\/v2\/users\/1"}],"replies":[{"embeddable":true,"href":"https:\/\/regionplus.cz\/chuchle\/wp-json\/wp\/v2\/comments?post=235"}],"version-history":[{"count":5,"href":"https:\/\/regionplus.cz\/chuchle\/wp-json\/wp\/v2\/pages\/235\/revisions"}],"predecessor-version":[{"id":610,"href":"https:\/\/regionplus.cz\/chuchle\/wp-json\/wp\/v2\/pages\/235\/revisions\/610"}],"up":[{"embeddable":true,"href":"https:\/\/regionplus.cz\/chuchle\/wp-json\/wp\/v2\/pages\/231"}],"wp:attachment":[{"href":"https:\/\/regionplus.cz\/chuchle\/wp-json\/wp\/v2\/media?parent=235"}],"curies":[{"name":"wp","href":"https:\/\/api.w.org\/{rel}","templated":true}]}}

Základní škola Charlotty Masarykové

<p><strong>Ve Velké Chuchli Zemská školní rada v Praze povolila zřízení samostatné obecné dvojtřídní školy až v roce 1930. To již byl pro její stavbu vybrán obecní pozemek u silnice ke Slivenci. Ve výběrovém řízení Byla vybrána stavební firma a stavební dozor převzali členové školní rady, mj. František Lapáček a František Čmelinský. 31.8. 1933 byla stavba dokončena a zkolaudována. Zastupitelstvo se usneslo, aby škola nesla jméno Charlotty Masarykové. Prezidentská kancelář vyhověla, na slavnost byla pozvána dcera prezidenta Alice Masaryková, která se pro zaneprázdnění nedostavila. Škola byla vybavena z darů příznivců a předána veřejnosti 17. září 1933.</strong></p>
<p><strong>Prvním ředitelem školy byl Albín Dvořáček, škola byla pětitřídní a před druhou světovou</strong> válkou do ní chodilo průměrně 222 žáků. V roce 1939 nastoupil místo ředitele Václav Chmelíř a zastával toto místo až do roku 1950, kdy ho vystřídal Josef Nečesaný. V květnu 1945 škola posloužila jako lazaret pro zraněné a teprve 22. května 1945 žáci nastoupili do školy s nezměněným učitelským sborem. Školní rok tehdy skončil 12. července 1945.</p>
<p>V létech 1946 až 47 bylo omezeno vyučování z důvodu nedostatku uhlí. Děti dostávaly svačiny, kakao a rohlík, na podporu fyzické kondice i rybí tuk. Na přilepšenou 51 balíčků čokolády. Průměrný stav žatva v letech 1945 až 1956 byl 164 žáků. V roce 1953 navštívila školu čínská delegace s předsedou vlády lidově demokratické Číny. K mezinárodnímu Dni dětí přijeli zase hosté ze Španělska. Žáci se zúčastnili I. Spartakiády i se svými učiteli.</p>
<p>Od školního roku 1956 &#8211; 57 byla zahájena „Osmiletá střední škola“ se 7 postupovými třídami. Organizoval se sběr papíru a hadrů. Školu navštívil Jean Piagef &#8211; psycholog z pařížské Sorbonny a udělal testy v 1. třídě. Rovněž byla zahájena výstavba školiček (pavilonů), následujícího roku byla druhá školička otevřena a zahájeno vyučování v 8. postupných ročnících. Ve škole byla přijata maďarská vládní delegace.</p>
<p>Škola byla určena jako výzkumná. Ve školním roce 1957 &#8211; 58 byly připraveny pro žáky 8. tříd závěrečné zkoušky. V letech 1956 &#8211; 58 chodilo do školy průměrně 225 dětí. Ve školním roce 1958 &#8211; 59 byla školní docházka prodloužena o 1 rok, tedy 9 tříd. Přijela návštěva turistů z Ruska.</p>
<p>V roce 1960 se žáci povinně zúčastnili II. Spartakiády na kterou skladby nacvičili učitelé v hodinách tělesné výchovy. Ve škole probíhaly rozhlasové relace a desetiminutovky Pionýrské organizace. V roce 1963 nastoupil na školu ředitel Stanislav Jindřich. V roce 1965 byla III. celostátní Spartakiáda &#8211; opět s žáky školy. Leningradští turisté navštívili školu.</p>
<p>Od roku 1958 do roku 1975 byl průměr žáků 213. Ředitelem od 1974 do 1978 byl Václav Hobzík.</p>
<p>Ve školním roce 1981 byla opět zavedena osmiletá povinná školní docházka.</p>
<p>Od roku 1978 &#8211; 81 byl ředitelem Jaromír Sulkovský. Školní rok 1981 &#8211; 1982 vedla školu Milada Hanzelínová. Od roku 1983 do roku 1991 stál v čele školy Pavel Vaněk. Rok 1991 září byl ve znamení změny celé společnosti a školu od té doby vedl Jiří Kovařík. Od roku 1997 byla ve škole opět zavedena devítiletá školní docházka. Postupně byla postavena nová školní jídelna, přistavena sborovna, sklad učebnic, učebna jazyků a všechny tři budovy byly propojeny spojovací chodbou.</p>
<p>V posledních letech má škola stabilně okolo 175 žáků. Od roku 1999 nese opět škola jméno manželky prvního československého prezidenta Charlotty Garrigueové Masarykové. V roce 2001 byla ve škola instalovaná počítačová síť v rámci celostátního projektu Internet do škol. V následujícím roce škola posloužila jako evakuační středisko pro postižené povodní a v roce 2003 se do spodního pavilonu (který byl k tomu účelu upraven) na tři následující roky přestěhovala mateřská škola. Od 5.2.2007 je ředitelkou školy Mgr. Eliška Jančíková a ve školním roce 2007/2008  škola zahájila výuku v 1. a 6. ročníku podle školního vzdělávacího programu Podkovička.</p>

<p>Ve Velké Chuchli Zemská školní rada v Praze povolila zřízení samostatné obecné dvojtřídní školy až v roce 1930. To již byl pro její stavbu vybrán obecní pozemek u silnice ke Slivenci. Ve výběrovém řízení Byla vybrána stavební firma a stavební dozor &hellip; <a href="https://regionplus.cz/chuchle/skoly/zakladni-skola/">Celý příspěvek <span class="meta-nav">&rarr;</span></a></p>
