{"id":229,"date":"2021-10-02T23:47:32","date_gmt":"2021-10-02T21:47:32","guid":{"rendered":"http:\/\/regionplus.cz\/chuchle\/?page_id=229"},"modified":"2023-11-18T23:48:37","modified_gmt":"2023-11-18T22:48:37","slug":"branicky-most","status":"publish","type":"page","link":"https:\/\/regionplus.cz\/chuchle\/zajimavosti\/branicky-most\/","title":{"rendered":"Branick\u00fd most"},"content":{"rendered":"<p>Branick\u00fd \u017eelezni\u010dn\u00ed most (ofici\u00e1ln\u00ed pojmenov\u00e1n\u00ed mostu poch\u00e1z\u00ed z roku 1969), d\u016fv\u011brn\u011b zn\u00e1m\u00fd jako \u201emost Inteligence\u201c\u00a0 byl postaven v\u00a0 letech 1952\u20131955 podle n\u00e1vrhu arch. Z. Kru\u0161iny a V. Valou\u0161ka jako 13. most v Praze.\u00a0 Tvo\u0159\u00ed jej patn\u00e1ct mostn\u00edch oblouk\u016f, ka\u017ed\u00fd o rozp\u011bt\u00ed 53,5 m. Celkov\u00e1 d\u00e9lka mostu je 910 metr\u016f.<\/p>\n<p>Velk\u00e9 drama se zde odehr\u00e1lo p\u0159i zat\u011b\u017ek\u00e1vac\u00ed zkou\u0161ce v roce 1955, kdy m\u00e1lem do\u0161lo k trag\u00e9dii. P\u0159\u00edjezd lokomotiv byl toti\u017e mo\u017en\u00fd jen z chuchelsk\u00e9 strany, a tak p\u0159i rychlostn\u00ed zkou\u0161ce vlak nesta\u010dil brzdit a t\u00e9m\u011b\u0159 vyjel z trati. Most, p\u016fvodn\u011b pl\u00e1novan\u00fd jako dvojkolejn\u00fd, byl\u00a0 nakonec osazen pouze jedinou kolej\u00ed a v provozu je ofici\u00e1ln\u011b od 30. kv\u011btna 1964 (ministr dopravy Alois Indra ale u\u017e v roce 1961 slavnostn\u011b otev\u0159el tra\u0165 Radot\u00edn &#8211; Kr\u010d &#8211; Vr\u0161ovice).<\/p>\n<p>Mohutn\u00e1 \u017eelezobetonov\u00e1 stavba byla postavena z potu a mozol\u016f v\u011bdc\u016f, pr\u00e1vn\u00edk\u016f a filozof\u016f, kte\u0159\u00ed tak m\u011bli demonstrovat sep\u011bt\u00ed inteligence s d\u011blnickou t\u0159\u00eddou. Krom\u011b ji\u017e shora uveden\u00fdch n\u00e1zv\u016f se mostu tak\u00e9 ob\u010das posm\u011b\u0161n\u011b p\u0159ezd\u00edv\u00e1 \u201enejdel\u0161\u00ed l\u00e1vka pro p\u011b\u0161\u00ed v Praze\u201c. Ve sv\u00e9 dob\u011b byl nejdel\u0161\u00edm dvoukolejn\u00fdm \u017eelezobetonov\u00fdm \u017eelezni\u010dn\u00edm mostem v Evrop\u011b.<\/p>\n<div id=\"attachment_1012\" style=\"width: 310px\" class=\"wp-caption alignright\"><a href=\"http:\/\/regionplus.cz\/chuchle\/wp-content\/uploads\/sites\/2\/2023\/11\/2023-7-13-zahajeni_rekonstrukce_branicky_most.jpeg\"><img loading=\"lazy\" decoding=\"async\" aria-describedby=\"caption-attachment-1012\" class=\"size-medium wp-image-1012\" src=\"http:\/\/regionplus.cz\/chuchle\/wp-content\/uploads\/sites\/2\/2023\/11\/2023-7-13-zahajeni_rekonstrukce_branicky_most-300x225.jpeg\" alt=\"\" width=\"300\" height=\"225\" srcset=\"https:\/\/regionplus.cz\/chuchle\/wp-content\/uploads\/sites\/2\/2023\/11\/2023-7-13-zahajeni_rekonstrukce_branicky_most-300x225.jpeg 300w, https:\/\/regionplus.cz\/chuchle\/wp-content\/uploads\/sites\/2\/2023\/11\/2023-7-13-zahajeni_rekonstrukce_branicky_most-400x300.jpeg 400w, https:\/\/regionplus.cz\/chuchle\/wp-content\/uploads\/sites\/2\/2023\/11\/2023-7-13-zahajeni_rekonstrukce_branicky_most-160x120.jpeg 160w, https:\/\/regionplus.cz\/chuchle\/wp-content\/uploads\/sites\/2\/2023\/11\/2023-7-13-zahajeni_rekonstrukce_branicky_most.jpeg 600w\" sizes=\"auto, (max-width: 300px) 100vw, 300px\" \/><\/a><p id=\"caption-attachment-1012\" class=\"wp-caption-text\">Zah\u00e1jen\u00ed rekonstrukce Branick\u00e9ho mostu 13. 7. 2023<\/p><\/div>\n<p>13. \u010dervence 2023 zah\u00e1jila Spr\u00e1va \u017eeleznic rekonstrukci mostu s c\u00edlem dopln\u011bn\u00ed mostu o druhou kolej a roz\u0161\u00ed\u0159it kapacitu pra\u017esk\u00e9ho \u017eelezni\u010dn\u00edho uzlu. Slavnosti se z\u00fa\u010dastnil ministr dopravy Martin Kupka a gener\u00e1ln\u00ed \u0159editel Spr\u00e1vy \u017eeleznic Ji\u0159\u00ed Svoboda.\u00a0 Zpo\u010d\u00e1tku zvl\u00e1dli d\u011bln\u00edci opravu za provozu. Vlaky p\u0159estaly po most\u011b jezdit 10. ledna 2024, provoz po jedn\u00e9 koleji by m\u011bl znovu za\u010d\u00edt na v \u010dervenci 2024, pln\u00e9 zprovozn\u011bn\u00ed druh\u00e9 koleje je pl\u00e1nov\u00e1no na podzim 2024. Obj\u00edzdn\u00e9 trasy pro n\u00e1kladn\u00ed dopravu vedly po dobu rekonstrukce p\u0159es \u010cesk\u00e9 Bud\u011bjovice a p\u0159es Chomutov.<\/p>\n<p>Stavba si vy\u017e\u00e1d\u00e1 n\u00e1klad 2,7 mld. K\u010d a\u00a0 je z 85% financov\u00e1na z prost\u0159edk\u016f Evropsk\u00e9 unie. Zak\u00e1zku na modernizaci z\u00edskalo sdru\u017een\u00ed firem Metrostav TBR, PORR, GJW Praha a Elektrizace \u017eeleznic. Krom\u011b opravy Branick\u00e9ho mostu zahrnuje dlouhodob\u00e1 modernizace i vybudov\u00e1n\u00ed nov\u00e9ho p\u0159emost\u011bn\u00ed \u00dadoln\u00ed ulice a v\u00fdstavbu technologick\u00fdch objekt\u016f v Kr\u010di a na Spo\u0159ilov\u011b. V dosud jednokolejn\u00e9 zast\u00e1vce na Ka\u010derov\u011b vznikne nov\u00e9 220 metr\u016f dlouh\u00e9 n\u00e1stupi\u0161t\u011b. P\u0159estup na metro a autobusy MHD zajist\u00ed nov\u00e1 l\u00e1vka.<\/p>\n<div id=\"attachment_1013\" style=\"width: 610px\" class=\"wp-caption aligncenter\"><a href=\"http:\/\/regionplus.cz\/chuchle\/wp-content\/uploads\/sites\/2\/2023\/11\/2023-vizualizace-branicky-most.jpeg\"><img loading=\"lazy\" decoding=\"async\" aria-describedby=\"caption-attachment-1013\" class=\"size-full wp-image-1013\" src=\"http:\/\/regionplus.cz\/chuchle\/wp-content\/uploads\/sites\/2\/2023\/11\/2023-vizualizace-branicky-most.jpeg\" alt=\"\" width=\"600\" height=\"450\" srcset=\"https:\/\/regionplus.cz\/chuchle\/wp-content\/uploads\/sites\/2\/2023\/11\/2023-vizualizace-branicky-most.jpeg 600w, https:\/\/regionplus.cz\/chuchle\/wp-content\/uploads\/sites\/2\/2023\/11\/2023-vizualizace-branicky-most-300x225.jpeg 300w, https:\/\/regionplus.cz\/chuchle\/wp-content\/uploads\/sites\/2\/2023\/11\/2023-vizualizace-branicky-most-400x300.jpeg 400w, https:\/\/regionplus.cz\/chuchle\/wp-content\/uploads\/sites\/2\/2023\/11\/2023-vizualizace-branicky-most-160x120.jpeg 160w\" sizes=\"auto, (max-width: 600px) 100vw, 600px\" \/><\/a><p id=\"caption-attachment-1013\" class=\"wp-caption-text\">Vizualizace Branick\u00fd most po rekonstrukci (n\u00e1vrh 2023)<\/p><\/div>\n<p><strong>Zaj\u00edmavosti:<\/strong><\/p>\n<ul>\n<li>Most Inteligence (<a href=\"https:\/\/www.ceskatelevize.cz\/porady\/10116288835-z-metropole\/223411058230041\/cast\/1005322\/\" target=\"_blank\" rel=\"noopener\">po\u0159ad Z metropole, \u010cT 1, 14. 10. 2023<\/a>)<\/li>\n<li>Zah\u00e1jen\u00ed rekonstrukce Branick\u00e9ho mostu (<a href=\"https:\/\/www.ceskatelevize.cz\/porady\/10116288835-z-metropole\/223411058230029\/cast\/991141\/\" target=\"_blank\" rel=\"noopener\">po\u0159ad Z metropole, \u010cT 1, 22. 7. 2023<\/a>)<\/li>\n<li>Michael Bere\u0148: \u201eMost Inteligence\u201c nem\u011bl b\u00fdt nikdy oslavov\u00e1n. Bude m\u00edt (znovu) dv\u011b koleje? (<a href=\"https:\/\/prazsky.denik.cz\/zpravy_region\/most-inteligence-komunisti-zeleznice-branicky-szdc-zdvoukolejeni-vlaky-20191110.html\" target=\"_blank\" rel=\"noopener\">Pra\u017esk\u00fd den\u00edk 10. 11. 2019<\/a>, \u010dl\u00e1nek o historii mostu, bohat\u00e1 fotogalerie)<\/li>\n<li>Kate\u0159ina M\u00e1zdrov\u00e1: Karl\u016fv most to nen\u00ed (Respekt, 6. 10. 2019 &#8211; rozhovor s Martinem \u0160tollem)<\/li>\n<li>\u010cT 24: Bez fanf\u00e1r i beze jm\u00e9na: \u201eMost Inteligence\u201c se re\u017eimu nehodil u\u017e v dob\u011b sv\u00e9ho zprovozn\u011bn\u00ed (<a href=\"https:\/\/ct24.ceskatelevize.cz\/domaci\/2823671-bez-fanfar-i-beze-jmena-most-inteligence-se-rezimu-nehodil-uz-v-dobe-sveho\" target=\"_blank\" rel=\"noopener\">ct24.cz, 1. 6. 2009 podrobn\u00fd \u010dl\u00e1nek, vzpom\u00ednky pam\u011btn\u00edk\u016f<\/a>)<\/li>\n<li>\u010cTK: Most inteligence v Bran\u00edku, kter\u00fd stav\u011bli nep\u0159\u00e1tel\u00e9 komunismu, slav\u00ed 50 let (<a href=\"https:\/\/www.metro.cz\/praha\/most-inteligence-v-braniku-ktery-staveli-nepratele-komunismu-slavi-50-let.A140528_150441_co-se-deje_rab\" target=\"_blank\" rel=\"noopener\">Metro 29. 5. 2014<\/a>)<\/li>\n<li>2013 &#8211; <a href=\"https:\/\/scholar.google.cz\/scholar_url?url=https:\/\/dspace.cvut.cz\/bitstream\/handle\/10467\/107265\/F5-DP-2023-Goldberg-Max-priloha-portfolio.pdf%3Fsequence%3D-1&amp;hl=cs&amp;sa=X&amp;d=8689704052990501965&amp;ei=Q_khZMbOBLiP6rQPyIajmAk&amp;scisig=AJ9-iYvSc1csYtkzJAUoadxrTw7A&amp;oi=scholaralrt&amp;hist=AzR5N1wAAAAJ:13033671268333594374:AJ9-iYsK_hUNkNT6u4mlPzkb6oxm&amp;html=&amp;pos=0&amp;folt=kw\" target=\"_blank\" rel=\"noopener\">Max Goldberg: Most Inteligence &#8211; diplomn\u00ed projekt (Fakulta architektury \u010cVUT)<\/a><\/li>\n<li>Pomn\u00edk inteligenci, dokument\u00e1rn\u00ed film, 2011, re\u017eie: Martin \u0160toll (26 minut)<\/li>\n<\/ul>\n<p>&nbsp;<\/p>\n","protected":false},"excerpt":{"rendered":"<p>Branick\u00fd \u017eelezni\u010dn\u00ed most (ofici\u00e1ln\u00ed pojmenov\u00e1n\u00ed mostu poch\u00e1z\u00ed z roku 1969), d\u016fv\u011brn\u011b zn\u00e1m\u00fd jako \u201emost Inteligence\u201c\u00a0 byl postaven v\u00a0 letech 1952\u20131955 podle n\u00e1vrhu arch. Z. Kru\u0161iny a V. Valou\u0161ka jako 13. most v Praze.\u00a0 Tvo\u0159\u00ed jej patn\u00e1ct mostn\u00edch oblouk\u016f, ka\u017ed\u00fd o &hellip; <a href=\"https:\/\/regionplus.cz\/chuchle\/zajimavosti\/branicky-most\/\">Cel\u00fd p\u0159\u00edsp\u011bvek <span class=\"meta-nav\">&rarr;<\/span><\/a><\/p>\n","protected":false},"author":1,"featured_media":0,"parent":225,"menu_order":0,"comment_status":"closed","ping_status":"closed","template":"","meta":{"footnotes":""},"class_list":["post-229","page","type-page","status-publish","hentry"],"_links":{"self":[{"href":"https:\/\/regionplus.cz\/chuchle\/wp-json\/wp\/v2\/pages\/229","targetHints":{"allow":["GET"]}}],"collection":[{"href":"https:\/\/regionplus.cz\/chuchle\/wp-json\/wp\/v2\/pages"}],"about":[{"href":"https:\/\/regionplus.cz\/chuchle\/wp-json\/wp\/v2\/types\/page"}],"author":[{"embeddable":true,"href":"https:\/\/regionplus.cz\/chuchle\/wp-json\/wp\/v2\/users\/1"}],"replies":[{"embeddable":true,"href":"https:\/\/regionplus.cz\/chuchle\/wp-json\/wp\/v2\/comments?post=229"}],"version-history":[{"count":8,"href":"https:\/\/regionplus.cz\/chuchle\/wp-json\/wp\/v2\/pages\/229\/revisions"}],"predecessor-version":[{"id":1016,"href":"https:\/\/regionplus.cz\/chuchle\/wp-json\/wp\/v2\/pages\/229\/revisions\/1016"}],"up":[{"embeddable":true,"href":"https:\/\/regionplus.cz\/chuchle\/wp-json\/wp\/v2\/pages\/225"}],"wp:attachment":[{"href":"https:\/\/regionplus.cz\/chuchle\/wp-json\/wp\/v2\/media?parent=229"}],"curies":[{"name":"wp","href":"https:\/\/api.w.org\/{rel}","templated":true}]}}

Branický most

<p>Branický železniční most (oficiální pojmenování mostu pochází z roku 1969), důvěrně známý jako „most Inteligence“  byl postaven v  letech 1952–1955 podle návrhu arch. Z. Krušiny a V. Valouška jako 13. most v Praze.  Tvoří jej patnáct mostních oblouků, každý o rozpětí 53,5 m. Celková délka mostu je 910 metrů.</p>
<p>Velké drama se zde odehrálo při zatěžkávací zkoušce v roce 1955, kdy málem došlo k tragédii. Příjezd lokomotiv byl totiž možný jen z chuchelské strany, a tak při rychlostní zkoušce vlak nestačil brzdit a téměř vyjel z trati. Most, původně plánovaný jako dvojkolejný, byl  nakonec osazen pouze jedinou kolejí a v provozu je oficiálně od 30. května 1964 (ministr dopravy Alois Indra ale už v roce 1961 slavnostně otevřel trať Radotín &#8211; Krč &#8211; Vršovice).</p>
<p>Mohutná železobetonová stavba byla postavena z potu a mozolů vědců, právníků a filozofů, kteří tak měli demonstrovat sepětí inteligence s dělnickou třídou. Kromě již shora uvedených názvů se mostu také občas posměšně přezdívá „nejdelší lávka pro pěší v Praze“. Ve své době byl nejdelším dvoukolejným železobetonovým železničním mostem v Evropě.</p>
<div id="attachment_1012" style="width: 310px" class="wp-caption alignright"><a href="http://regionplus.cz/chuchle/wp-content/uploads/sites/2/2023/11/2023-7-13-zahajeni_rekonstrukce_branicky_most.jpeg"><img loading="lazy" decoding="async" aria-describedby="caption-attachment-1012" class="size-medium wp-image-1012" src="http://regionplus.cz/chuchle/wp-content/uploads/sites/2/2023/11/2023-7-13-zahajeni_rekonstrukce_branicky_most-300x225.jpeg" alt="" width="300" height="225" srcset="https://regionplus.cz/chuchle/wp-content/uploads/sites/2/2023/11/2023-7-13-zahajeni_rekonstrukce_branicky_most-300x225.jpeg 300w, https://regionplus.cz/chuchle/wp-content/uploads/sites/2/2023/11/2023-7-13-zahajeni_rekonstrukce_branicky_most-400x300.jpeg 400w, https://regionplus.cz/chuchle/wp-content/uploads/sites/2/2023/11/2023-7-13-zahajeni_rekonstrukce_branicky_most-160x120.jpeg 160w, https://regionplus.cz/chuchle/wp-content/uploads/sites/2/2023/11/2023-7-13-zahajeni_rekonstrukce_branicky_most.jpeg 600w" sizes="auto, (max-width: 300px) 100vw, 300px" /></a><p id="caption-attachment-1012" class="wp-caption-text">Zahájení rekonstrukce Branického mostu 13. 7. 2023</p></div>
<p>13. července 2023 zahájila Správa železnic rekonstrukci mostu s cílem doplnění mostu o druhou kolej a rozšířit kapacitu pražského železničního uzlu. Slavnosti se zúčastnil ministr dopravy Martin Kupka a generální ředitel Správy železnic Jiří Svoboda.  Zpočátku zvládli dělníci opravu za provozu. Vlaky přestaly po mostě jezdit 10. ledna 2024, provoz po jedné koleji by měl znovu začít na v červenci 2024, plné zprovoznění druhé koleje je plánováno na podzim 2024. Objízdné trasy pro nákladní dopravu vedly po dobu rekonstrukce přes České Budějovice a přes Chomutov.</p>
<p>Stavba si vyžádá náklad 2,7 mld. Kč a  je z 85% financována z prostředků Evropské unie. Zakázku na modernizaci získalo sdružení firem Metrostav TBR, PORR, GJW Praha a Elektrizace železnic. Kromě opravy Branického mostu zahrnuje dlouhodobá modernizace i vybudování nového přemostění Údolní ulice a výstavbu technologických objektů v Krči a na Spořilově. V dosud jednokolejné zastávce na Kačerově vznikne nové 220 metrů dlouhé nástupiště. Přestup na metro a autobusy MHD zajistí nová lávka.</p>
<div id="attachment_1013" style="width: 610px" class="wp-caption aligncenter"><a href="http://regionplus.cz/chuchle/wp-content/uploads/sites/2/2023/11/2023-vizualizace-branicky-most.jpeg"><img loading="lazy" decoding="async" aria-describedby="caption-attachment-1013" class="size-full wp-image-1013" src="http://regionplus.cz/chuchle/wp-content/uploads/sites/2/2023/11/2023-vizualizace-branicky-most.jpeg" alt="" width="600" height="450" srcset="https://regionplus.cz/chuchle/wp-content/uploads/sites/2/2023/11/2023-vizualizace-branicky-most.jpeg 600w, https://regionplus.cz/chuchle/wp-content/uploads/sites/2/2023/11/2023-vizualizace-branicky-most-300x225.jpeg 300w, https://regionplus.cz/chuchle/wp-content/uploads/sites/2/2023/11/2023-vizualizace-branicky-most-400x300.jpeg 400w, https://regionplus.cz/chuchle/wp-content/uploads/sites/2/2023/11/2023-vizualizace-branicky-most-160x120.jpeg 160w" sizes="auto, (max-width: 600px) 100vw, 600px" /></a><p id="caption-attachment-1013" class="wp-caption-text">Vizualizace Branický most po rekonstrukci (návrh 2023)</p></div>
<p><strong>Zajímavosti:</strong></p>
<ul>
<li>Most Inteligence (<a href="https://www.ceskatelevize.cz/porady/10116288835-z-metropole/223411058230041/cast/1005322/" target="_blank" rel="noopener">pořad Z metropole, ČT 1, 14. 10. 2023</a>)</li>
<li>Zahájení rekonstrukce Branického mostu (<a href="https://www.ceskatelevize.cz/porady/10116288835-z-metropole/223411058230029/cast/991141/" target="_blank" rel="noopener">pořad Z metropole, ČT 1, 22. 7. 2023</a>)</li>
<li>Michael Bereň: „Most Inteligence“ neměl být nikdy oslavován. Bude mít (znovu) dvě koleje? (<a href="https://prazsky.denik.cz/zpravy_region/most-inteligence-komunisti-zeleznice-branicky-szdc-zdvoukolejeni-vlaky-20191110.html" target="_blank" rel="noopener">Pražský deník 10. 11. 2019</a>, článek o historii mostu, bohatá fotogalerie)</li>
<li>Kateřina Mázdrová: Karlův most to není (Respekt, 6. 10. 2019 &#8211; rozhovor s Martinem Štollem)</li>
<li>ČT 24: Bez fanfár i beze jména: „Most Inteligence“ se režimu nehodil už v době svého zprovoznění (<a href="https://ct24.ceskatelevize.cz/domaci/2823671-bez-fanfar-i-beze-jmena-most-inteligence-se-rezimu-nehodil-uz-v-dobe-sveho" target="_blank" rel="noopener">ct24.cz, 1. 6. 2009 podrobný článek, vzpomínky pamětníků</a>)</li>
<li>ČTK: Most inteligence v Braníku, který stavěli nepřátelé komunismu, slaví 50 let (<a href="https://www.metro.cz/praha/most-inteligence-v-braniku-ktery-staveli-nepratele-komunismu-slavi-50-let.A140528_150441_co-se-deje_rab" target="_blank" rel="noopener">Metro 29. 5. 2014</a>)</li>
<li>2013 &#8211; <a href="https://scholar.google.cz/scholar_url?url=https://dspace.cvut.cz/bitstream/handle/10467/107265/F5-DP-2023-Goldberg-Max-priloha-portfolio.pdf%3Fsequence%3D-1&amp;hl=cs&amp;sa=X&amp;d=8689704052990501965&amp;ei=Q_khZMbOBLiP6rQPyIajmAk&amp;scisig=AJ9-iYvSc1csYtkzJAUoadxrTw7A&amp;oi=scholaralrt&amp;hist=AzR5N1wAAAAJ:13033671268333594374:AJ9-iYsK_hUNkNT6u4mlPzkb6oxm&amp;html=&amp;pos=0&amp;folt=kw" target="_blank" rel="noopener">Max Goldberg: Most Inteligence &#8211; diplomní projekt (Fakulta architektury ČVUT)</a></li>
<li>Pomník inteligenci, dokumentární film, 2011, režie: Martin Štoll (26 minut)</li>
</ul>
<p>&nbsp;</p>

<p>Branický železniční most (oficiální pojmenování mostu pochází z roku 1969), důvěrně známý jako „most Inteligence“  byl postaven v  letech 1952–1955 podle návrhu arch. Z. Krušiny a V. Valouška jako 13. most v Praze.  Tvoří jej patnáct mostních oblouků, každý o &hellip; <a href="https://regionplus.cz/chuchle/zajimavosti/branicky-most/">Celý příspěvek <span class="meta-nav">&rarr;</span></a></p>
