{"id":211,"date":"2021-10-02T23:42:19","date_gmt":"2021-10-02T21:42:19","guid":{"rendered":"http:\/\/regionplus.cz\/chuchle\/?page_id=211"},"modified":"2024-06-25T15:09:20","modified_gmt":"2024-06-25T13:09:20","slug":"na-prelomu-letopoctu","status":"publish","type":"page","link":"https:\/\/regionplus.cz\/chuchle\/historie\/na-prelomu-letopoctu\/","title":{"rendered":"Na p\u0159elomu letopo\u010dtu"},"content":{"rendered":"<p>Na z\u00e1klad\u011b z\u00e1kona \u010cesk\u00e9 n\u00e1rodn\u00ed rady 418\/90 ze dne 9.10.1990 o hl. m. Praze vznikla k 24.11.1990 vedle ostatn\u00edch 55 m\u011bstsk\u00fdch \u010d\u00e1st\u00ed\u00a0 tak\u00e9 m\u011bstsk\u00e1 \u010d\u00e1st Praha \u2013 Velk\u00e1 Chuchle, kterou tvo\u0159\u00ed katastr\u00e1ln\u00ed \u00fazem\u00ed Mal\u00e1 Chuchle a Velk\u00e1 Chuchle.\u00a0 Chuchelsk\u00e9 zastupitelstvo se v t\u00e9 dob\u011b muselo pot\u00fdkat se st\u00ed\u017enostmi ob\u010dan\u016f na p\u0159ipravovanou v\u00fdstavbu dlouhodob\u011b pl\u00e1novan\u00fdch staveb \u2013 parkovi\u0161t\u011b \u010cSAD mezi Malou a Velkou Chuchl\u00ed, v\u00fdstavba 26 domk\u016f v ulici Na Hv\u011bzd\u00e1rn\u011b. M\u011bstsk\u00e1 \u010d\u00e1st ale m\u011bla i dal\u0161\u00ed probl\u00e9my s nedostate\u010dn\u00fdm napojen\u00edm komunikac\u00ed na Prahu, \u0161patnou vybavenost\u00ed (zcela chyb\u011bla kanalizace, bylo nedostate\u010dn\u00e9 pokryt\u00ed televizn\u00edm sign\u00e1lem, rozvod plynu se teprve budoval).<\/p>\n<p>Nejv\u011bt\u0161\u00ed investi\u010dn\u00ed akc\u00ed byla proto v\u00a0uveden\u00e9m obdob\u00ed pr\u00e1v\u011b v\u00fdstavba a obnova infrastruktury m\u011bstsk\u00e9 \u010d\u00e1sti (kanalizace, plynofikace, rozvod telefonu a kabelov\u00e9 televize, rekonstrukce vodovodu) a dostavba z\u00e1kladn\u00ed \u0161koly (1997-1998). Mimo to v Mal\u00e9 Chuchli byl v\u00a0roce 1993 hlavn\u00edm m\u011bstem\u00a0 postaven podchod pod ulic\u00ed Strakonickou, kter\u00fd nahradil nebezpe\u010dn\u00fd p\u0159echod silnice.<\/p>\n<p>Opravy se do\u010dkaly i kulturn\u00ed pam\u00e1tky kostel sv. Jana Nepomuck\u00e9ho (v letech 1992 \u2013 1993), kostel Narozen\u00ed Panny Marie v Mal\u00e9 Chuchli (v letech 1995 \u2013 1997). V roce 1994 zaniklo chuchelsk\u00e9 kino z d\u016fvodu nez\u00e1jmu ob\u010dan\u016f. Od roku 1996 je v provozu Klubov\u00fd d\u016fm, kde v t\u00e9 dob\u011b slou\u017e\u00ed ve\u0159ejnosti po\u0161ta, knihovna, restaurace, z\u00e1zem\u00ed pro Sbor dobrovoln\u00fdch hasi\u010d\u016f. V roce 1998 byla otev\u0159ena nau\u010dn\u00e1 stezka Barrandovsk\u00e9 sk\u00e1ly \u2013 Chuchelsk\u00fd h\u00e1j, v roce 1999 Magistr\u00e1t hl. m. Prahy obnovil zookoutek v Chuchelsk\u00e9m h\u00e1ji. T\u00e9ho\u017e roku se z\u00e1kladn\u00ed \u0161kola do\u010dkala znovu pojmenov\u00e1n\u00ed jm\u00e9nem Charlotty Masarykov\u00e9 a zdej\u0161\u00ed zastupitelstvo schv\u00e1lilo znak a prapor m\u011bstsk\u00e9 \u010d\u00e1sti. V roce 2002 si m\u011bstsk\u00e1 \u010d\u00e1st p\u0159ipomn\u011bla 870. v\u00fdro\u010d\u00ed od vzniku prvn\u00ed zm\u00ednky. V srpnu t\u00e9ho\u017e roku Malou a Velkou Chuchli postihla povode\u0148, kter\u00e9 nem\u00e1 v novodob\u00e9 historii obdoby. Soutok Vltavy a Berounky se ve dnech 12. &#8211; 14. srpna posunul do oblasti mezi Malou a Velkou Chuchl\u00ed, Vltava v Mal\u00e9 Chuchli dos\u00e1hla rekordn\u00edho pr\u016ftoku 5160 m3\/s a hladiny 785 cm. Zaplavena byla cel\u00e1 oblast od Vltavy a Berounky k \u017eelezni\u010dn\u00edmu n\u00e1spu.<\/p>\n","protected":false},"excerpt":{"rendered":"<p>Na z\u00e1klad\u011b z\u00e1kona \u010cesk\u00e9 n\u00e1rodn\u00ed rady 418\/90 ze dne 9.10.1990 o hl. m. Praze vznikla k 24.11.1990 vedle ostatn\u00edch 55 m\u011bstsk\u00fdch \u010d\u00e1st\u00ed\u00a0 tak\u00e9 m\u011bstsk\u00e1 \u010d\u00e1st Praha \u2013 Velk\u00e1 Chuchle, kterou tvo\u0159\u00ed katastr\u00e1ln\u00ed \u00fazem\u00ed Mal\u00e1 Chuchle a Velk\u00e1 Chuchle.\u00a0 Chuchelsk\u00e9 zastupitelstvo &hellip; <a href=\"https:\/\/regionplus.cz\/chuchle\/historie\/na-prelomu-letopoctu\/\">Cel\u00fd p\u0159\u00edsp\u011bvek <span class=\"meta-nav\">&rarr;<\/span><\/a><\/p>\n","protected":false},"author":1,"featured_media":0,"parent":173,"menu_order":-13,"comment_status":"closed","ping_status":"closed","template":"","meta":{"footnotes":""},"class_list":["post-211","page","type-page","status-publish","hentry"],"_links":{"self":[{"href":"https:\/\/regionplus.cz\/chuchle\/wp-json\/wp\/v2\/pages\/211","targetHints":{"allow":["GET"]}}],"collection":[{"href":"https:\/\/regionplus.cz\/chuchle\/wp-json\/wp\/v2\/pages"}],"about":[{"href":"https:\/\/regionplus.cz\/chuchle\/wp-json\/wp\/v2\/types\/page"}],"author":[{"embeddable":true,"href":"https:\/\/regionplus.cz\/chuchle\/wp-json\/wp\/v2\/users\/1"}],"replies":[{"embeddable":true,"href":"https:\/\/regionplus.cz\/chuchle\/wp-json\/wp\/v2\/comments?post=211"}],"version-history":[{"count":4,"href":"https:\/\/regionplus.cz\/chuchle\/wp-json\/wp\/v2\/pages\/211\/revisions"}],"predecessor-version":[{"id":1082,"href":"https:\/\/regionplus.cz\/chuchle\/wp-json\/wp\/v2\/pages\/211\/revisions\/1082"}],"up":[{"embeddable":true,"href":"https:\/\/regionplus.cz\/chuchle\/wp-json\/wp\/v2\/pages\/173"}],"wp:attachment":[{"href":"https:\/\/regionplus.cz\/chuchle\/wp-json\/wp\/v2\/media?parent=211"}],"curies":[{"name":"wp","href":"https:\/\/api.w.org\/{rel}","templated":true}]}}