{"id":194,"date":"2021-10-02T23:36:28","date_gmt":"2021-10-02T21:36:28","guid":{"rendered":"http:\/\/regionplus.cz\/chuchle\/?page_id=194"},"modified":"2024-07-03T22:35:58","modified_gmt":"2024-07-03T20:35:58","slug":"dvacate-stoleti-plne-zmen","status":"publish","type":"page","link":"https:\/\/regionplus.cz\/chuchle\/historie\/dvacate-stoleti-plne-zmen\/","title":{"rendered":"Dvac\u00e1t\u00e9 stolet\u00ed pln\u00e9 zm\u011bn"},"content":{"rendered":"<p>&nbsp;<\/p>\n<p>Po vzniku \u010ceskoslovenska se politick\u00e1 obec Velk\u00e1 Chuchle rozd\u011blila na dv\u011b \u010d\u00e1sti. Katastr\u00e1ln\u00ed \u00fazem\u00ed Mal\u00e1 Chuchle bylo p\u0159ipojeno na z\u00e1klad\u011b z\u00e1kona \u010d. 114\/1920 Sb. k Praze. Do\u0161lo k p\u0159e\u010d\u00edslov\u00e1n\u00ed dom\u016f a pozemk\u016f. Velk\u00e1 Chuchle z\u016fstala samostatnou obc\u00ed.<\/p>\n<p>Od t\u00e9 doby pro\u017e\u00edvala ob\u011b \u00fazem\u00ed v\u00edcem\u00e9n\u011b odli\u0161n\u00fd v\u00fdvoj. P\u0159\u00edkladem je v\u00fdstavba m\u00edstn\u00ed infrastruktury. Zat\u00edmco ve Velk\u00e9 Chuchli b\u011bhem dvac\u00e1t\u00fdch let nastala stavebn\u00ed konjunktura, byl vybudov\u00e1n vodovod, rozvedena elekt\u0159ina a za\u010dalo se jednat o kanalizaci, Mal\u00e1 Chuchle \u2013 a\u010d z\u016fstala i nad\u00e1le obl\u00edben\u00fdm v\u00fdletn\u00edm m\u00edstem &#8211; byla jako okrajov\u00e1 sou\u010d\u00e1st XVI. pra\u017esk\u00e9ho obvodu ve vybavenosti na jednom z posledn\u00edch m\u00edst hl. m. Prahy a po druh\u00e9 sv\u011btov\u00e9 v\u00e1lce do zdej\u0161\u00edho \u017eivota obyvatel v\u00fdrazn\u011b zas\u00e1hly dopravn\u00ed stavby (Branick\u00fd most, Strakonick\u00e1 ulice).<\/p>\n","protected":false},"excerpt":{"rendered":"<p>&nbsp; Po vzniku \u010ceskoslovenska se politick\u00e1 obec Velk\u00e1 Chuchle rozd\u011blila na dv\u011b \u010d\u00e1sti. Katastr\u00e1ln\u00ed \u00fazem\u00ed Mal\u00e1 Chuchle bylo p\u0159ipojeno na z\u00e1klad\u011b z\u00e1kona \u010d. 114\/1920 Sb. k Praze. Do\u0161lo k p\u0159e\u010d\u00edslov\u00e1n\u00ed dom\u016f a pozemk\u016f. Velk\u00e1 Chuchle z\u016fstala samostatnou obc\u00ed. Od t\u00e9 &hellip; <a href=\"https:\/\/regionplus.cz\/chuchle\/historie\/dvacate-stoleti-plne-zmen\/\">Cel\u00fd p\u0159\u00edsp\u011bvek <span class=\"meta-nav\">&rarr;<\/span><\/a><\/p>\n","protected":false},"author":1,"featured_media":0,"parent":173,"menu_order":-21,"comment_status":"closed","ping_status":"closed","template":"","meta":{"footnotes":""},"class_list":["post-194","page","type-page","status-publish","hentry"],"_links":{"self":[{"href":"https:\/\/regionplus.cz\/chuchle\/wp-json\/wp\/v2\/pages\/194","targetHints":{"allow":["GET"]}}],"collection":[{"href":"https:\/\/regionplus.cz\/chuchle\/wp-json\/wp\/v2\/pages"}],"about":[{"href":"https:\/\/regionplus.cz\/chuchle\/wp-json\/wp\/v2\/types\/page"}],"author":[{"embeddable":true,"href":"https:\/\/regionplus.cz\/chuchle\/wp-json\/wp\/v2\/users\/1"}],"replies":[{"embeddable":true,"href":"https:\/\/regionplus.cz\/chuchle\/wp-json\/wp\/v2\/comments?post=194"}],"version-history":[{"count":3,"href":"https:\/\/regionplus.cz\/chuchle\/wp-json\/wp\/v2\/pages\/194\/revisions"}],"predecessor-version":[{"id":1093,"href":"https:\/\/regionplus.cz\/chuchle\/wp-json\/wp\/v2\/pages\/194\/revisions\/1093"}],"up":[{"embeddable":true,"href":"https:\/\/regionplus.cz\/chuchle\/wp-json\/wp\/v2\/pages\/173"}],"wp:attachment":[{"href":"https:\/\/regionplus.cz\/chuchle\/wp-json\/wp\/v2\/media?parent=194"}],"curies":[{"name":"wp","href":"https:\/\/api.w.org\/{rel}","templated":true}]}}

Dvacáté století plné změn

<p>&nbsp;</p>
<p>Po vzniku Československa se politická obec Velká Chuchle rozdělila na dvě části. Katastrální území Malá Chuchle bylo připojeno na základě zákona č. 114/1920 Sb. k Praze. Došlo k přečíslování domů a pozemků. Velká Chuchle zůstala samostatnou obcí.</p>
<p>Od té doby prožívala obě území víceméně odlišný vývoj. Příkladem je výstavba místní infrastruktury. Zatímco ve Velké Chuchli během dvacátých let nastala stavební konjunktura, byl vybudován vodovod, rozvedena elektřina a začalo se jednat o kanalizaci, Malá Chuchle – ač zůstala i nadále oblíbeným výletním místem &#8211; byla jako okrajová součást XVI. pražského obvodu ve vybavenosti na jednom z posledních míst hl. m. Prahy a po druhé světové válce do zdejšího života obyvatel výrazně zasáhly dopravní stavby (Branický most, Strakonická ulice).</p>

<p>&nbsp; Po vzniku Československa se politická obec Velká Chuchle rozdělila na dvě části. Katastrální území Malá Chuchle bylo připojeno na základě zákona č. 114/1920 Sb. k Praze. Došlo k přečíslování domů a pozemků. Velká Chuchle zůstala samostatnou obcí. Od té &hellip; <a href="https://regionplus.cz/chuchle/historie/dvacate-stoleti-plne-zmen/">Celý příspěvek <span class="meta-nav">&rarr;</span></a></p>
