{"id":179,"date":"2021-10-02T23:27:41","date_gmt":"2021-10-02T21:27:41","guid":{"rendered":"http:\/\/regionplus.cz\/chuchle\/?page_id=179"},"modified":"2022-01-19T15:25:35","modified_gmt":"2022-01-19T14:25:35","slug":"pod-spravou-zbraslavskeho-klastera","status":"publish","type":"page","link":"https:\/\/regionplus.cz\/chuchle\/historie\/pod-spravou-zbraslavskeho-klastera\/","title":{"rendered":"Pod spr\u00e1vou Zbraslavsk\u00e9ho kl\u00e1\u0161tera"},"content":{"rendered":"<p>Ve 13. stol pat\u0159ila Chuchle kladrubsk\u00fdm benediktin\u016fm, od nich\u017e po r. 1258 odkoupil pra\u017esk\u00fd biskup Jan III. z Dra\u017eic Zbraslav, s okoln\u00edmi statky a v\u0161\u00edm p\u0159\u00edslu\u0161enstv\u00edm, kam pat\u0159ila i Chuchle. O deset let pozd\u011bji vym\u011bnil tyto pozemky kolem Zbraslavi s\u00a0ji\u017e zm\u00edn\u011bn\u00fdm biskupem \u010desk\u00fd kr\u00e1l P\u0159emysl Otakar II. a v roce 1292 p\u0159ipojil jeho syn V\u00e1clav II. ob\u011b Chuchle k nov\u011b vznikl\u00e9mu Zbraslavsk\u00e9mu kl\u00e1\u0161teru, co\u017e bylo o \u0161est let pozd\u011bji potvrzeno listinou.<\/p>\n<p>Za vl\u00e1dy Jind\u0159icha Korutansk\u00e9ho v roce 1309 vyplenilo Zbraslavsk\u00fd kl\u00e1\u0161ter na 300 bavorsk\u00fdch \u017eoldn\u00e9\u0159\u016f. Uv\u00e1d\u00ed se, \u017ee voj\u00e1ci sv\u016fj t\u00e1bor rozlo\u017eili pr\u00e1v\u011b u Chuchle. Dal\u0161\u00ed zm\u00ednka o Chuchli je p\u0159ips\u00e1na k roku 1350, kdy Karel IV. potvrdil v\u00fdsady Zbraslavsk\u00e9mu kl\u00e1\u0161teru a osvobodil kl\u00e1\u0161tern\u00ed statky v\u010detn\u011b obou Chuchl\u00ed od placen\u00ed bern\u011b zemsk\u00e9.<\/p>\n<p>V srpnu 1420 byl Zbraslavsk\u00fd kl\u00e1\u0161ter vyp\u00e1len Pra\u017eany i T\u00e1bority, kter\u00e9 vedl kn\u011bz Koranda. Pot\u00e9 se Zbraslav i okoln\u00ed statky dostaly do sv\u011btsk\u00fdch rukou. Dal\u0161\u00edm majitelem Chuchle se stal Pe\u0161\u00edk P\u0159edbora z\u00a0Rade\u0161\u00edna, na kter\u00e9ho ji nechal v\u00a0roce 1436 zapsat Zikmund Lucembursk\u00fd. Pozd\u011bji tento majetek p\u0159e\u0161el na Jana Krsk\u00e9ho z Nasetic. V roce 1455 v\u0161ak ob\u011b Chuchle Zbraslavsk\u00fd kl\u00e1\u0161ter vyplatil.<\/p>\n<p>V n\u00e1sleduj\u00edc\u00edm obdob\u00ed se o Chuchli dozv\u00edd\u00e1me jen ze spor\u00fdch p\u00edsemn\u00fdch pramen\u016f.<\/p>\n","protected":false},"excerpt":{"rendered":"<p>Ve 13. stol pat\u0159ila Chuchle kladrubsk\u00fdm benediktin\u016fm, od nich\u017e po r. 1258 odkoupil pra\u017esk\u00fd biskup Jan III. z Dra\u017eic Zbraslav, s okoln\u00edmi statky a v\u0161\u00edm p\u0159\u00edslu\u0161enstv\u00edm, kam pat\u0159ila i Chuchle. O deset let pozd\u011bji vym\u011bnil tyto pozemky kolem Zbraslavi s\u00a0ji\u017e &hellip; <a href=\"https:\/\/regionplus.cz\/chuchle\/historie\/pod-spravou-zbraslavskeho-klastera\/\">Cel\u00fd p\u0159\u00edsp\u011bvek <span class=\"meta-nav\">&rarr;<\/span><\/a><\/p>\n","protected":false},"author":1,"featured_media":0,"parent":173,"menu_order":-28,"comment_status":"closed","ping_status":"closed","template":"","meta":{"footnotes":""},"class_list":["post-179","page","type-page","status-publish","hentry"],"_links":{"self":[{"href":"https:\/\/regionplus.cz\/chuchle\/wp-json\/wp\/v2\/pages\/179","targetHints":{"allow":["GET"]}}],"collection":[{"href":"https:\/\/regionplus.cz\/chuchle\/wp-json\/wp\/v2\/pages"}],"about":[{"href":"https:\/\/regionplus.cz\/chuchle\/wp-json\/wp\/v2\/types\/page"}],"author":[{"embeddable":true,"href":"https:\/\/regionplus.cz\/chuchle\/wp-json\/wp\/v2\/users\/1"}],"replies":[{"embeddable":true,"href":"https:\/\/regionplus.cz\/chuchle\/wp-json\/wp\/v2\/comments?post=179"}],"version-history":[{"count":2,"href":"https:\/\/regionplus.cz\/chuchle\/wp-json\/wp\/v2\/pages\/179\/revisions"}],"predecessor-version":[{"id":401,"href":"https:\/\/regionplus.cz\/chuchle\/wp-json\/wp\/v2\/pages\/179\/revisions\/401"}],"up":[{"embeddable":true,"href":"https:\/\/regionplus.cz\/chuchle\/wp-json\/wp\/v2\/pages\/173"}],"wp:attachment":[{"href":"https:\/\/regionplus.cz\/chuchle\/wp-json\/wp\/v2\/media?parent=179"}],"curies":[{"name":"wp","href":"https:\/\/api.w.org\/{rel}","templated":true}]}}

Pod správou Zbraslavského kláštera

<p>Ve 13. stol patřila Chuchle kladrubským benediktinům, od nichž po r. 1258 odkoupil pražský biskup Jan III. z Dražic Zbraslav, s okolními statky a vším příslušenstvím, kam patřila i Chuchle. O deset let později vyměnil tyto pozemky kolem Zbraslavi s již zmíněným biskupem český král Přemysl Otakar II. a v roce 1292 připojil jeho syn Václav II. obě Chuchle k nově vzniklému Zbraslavskému klášteru, což bylo o šest let později potvrzeno listinou.</p>
<p>Za vlády Jindřicha Korutanského v roce 1309 vyplenilo Zbraslavský klášter na 300 bavorských žoldnéřů. Uvádí se, že vojáci svůj tábor rozložili právě u Chuchle. Další zmínka o Chuchli je připsána k roku 1350, kdy Karel IV. potvrdil výsady Zbraslavskému klášteru a osvobodil klášterní statky včetně obou Chuchlí od placení berně zemské.</p>
<p>V srpnu 1420 byl Zbraslavský klášter vypálen Pražany i Tábority, které vedl kněz Koranda. Poté se Zbraslav i okolní statky dostaly do světských rukou. Dalším majitelem Chuchle se stal Pešík Předbora z Radešína, na kterého ji nechal v roce 1436 zapsat Zikmund Lucemburský. Později tento majetek přešel na Jana Krského z Nasetic. V roce 1455 však obě Chuchle Zbraslavský klášter vyplatil.</p>
<p>V následujícím období se o Chuchli dozvídáme jen ze sporých písemných pramenů.</p>

<p>Ve 13. stol patřila Chuchle kladrubským benediktinům, od nichž po r. 1258 odkoupil pražský biskup Jan III. z Dražic Zbraslav, s okolními statky a vším příslušenstvím, kam patřila i Chuchle. O deset let později vyměnil tyto pozemky kolem Zbraslavi s již &hellip; <a href="https://regionplus.cz/chuchle/historie/pod-spravou-zbraslavskeho-klastera/">Celý příspěvek <span class="meta-nav">&rarr;</span></a></p>
