{"id":147,"date":"2021-10-02T23:10:15","date_gmt":"2021-10-02T21:10:15","guid":{"rendered":"http:\/\/regionplus.cz\/chuchle\/?page_id=147"},"modified":"2023-05-10T21:55:01","modified_gmt":"2023-05-10T19:55:01","slug":"vokurka-antonin","status":"publish","type":"page","link":"https:\/\/regionplus.cz\/chuchle\/vyznamne-osobnosti\/vokurka-antonin\/","title":{"rendered":"Vokurka Anton\u00edn"},"content":{"rendered":"<p><span style=\"color: #ff0000;\"><strong>Kdy\u017e se 29. kv\u011btna 1938 konaly volby do obecn\u00edho zastupitelstva, netu\u0161il Anton\u00edn Vokurka (4. 6. 1902 &#8211; 23. 5. 1984), co v\u0161e za\u017eije a co jej v n\u00e1sleduj\u00edc\u00edch dvaceti letech \u010dek\u00e1. Zat\u00edm v t\u011bchto volb\u00e1ch bylo jeho jm\u00e9no uvedeno jako prvn\u00ed na kandid\u00e1tn\u00ed listin\u011b \u010d. 7, m\u00edstn\u00ed organizace \u010ceskoslovensk\u00e9 strany n\u00e1rodn\u011b socialistick\u00e9, kde bylo naps\u00e1no, Anton\u00edn Vokurka, po\u0161t. z\u0159\u00edzenec, Velk\u00e1 Chuchle \u010dp. 84.<\/strong><\/span><\/p>\n<p>Vztah k\u00a0\u010ceskoslovensku, k\u00a0Masarykov\u00fdm a Bene\u0161ov\u00fdm ide\u00e1l\u016fm, snad nejv\u00edce charakterizuje jeho pozd\u011bj\u0161\u00ed p\u0159ihl\u00e1\u0161ka do Svazu bojovn\u00edk\u016f za svobodu, kde je zatr\u017eena kolonka \u201e\u010ds. dobrovolec na Slovensku\u201c. Byl to odkaz na to, \u017ee Anton\u00edn Vokurka, se coby \u0161estn\u00e1ctilet\u00fd chlapec p\u0159ihl\u00e1sil do 2. \u010deskoslovensk\u00e9ho pluku, v\u00a0n\u011bm\u017e ve dnech 17. a\u017e 21. 12. 1918 bojoval na Slovensku proti Ma\u010far\u016fm, kte\u0159\u00ed cht\u011bli zabr\u00e1nit v\u0161em zm\u011bn\u00e1m p\u0159i vzniku nov\u00e9 republiky a tou\u017eili zachovat celistv\u00e9 \u00fazem\u00ed Horn\u00edch Uher. Toto obdob\u00ed zcela jist\u011b velmi ovlivnilo jeho dal\u0161\u00ed sm\u00fd\u0161len\u00ed.<\/p>\n<p>Vra\u0165me se ale zp\u011bt, k\u00a0ji\u017e zmi\u0148ovan\u00e9mu obdob\u00ed voleb v\u00a0roce 1938. V\u00a0t\u00e9 dob\u011b byla ji\u017e v\u00a0cel\u00e9 republice st\u00edsn\u011bn\u00e1 atmosf\u00e9ra, z\u00a0toho co\u00a0 se dalo \u010dekat. Samoz\u0159ejm\u011b, toto nap\u011bt\u00ed se nevyhnulo ani Chuchli. Sudeton\u011bmeck\u00fd duch se \u0161\u00ed\u0159il v\u0161ude, v\u017edy\u0165 i tady \u017eili nacionalist\u00e9, zr\u00e1dci republiky a fa\u0161ist\u00e9. V\u00a0obecn\u00edch volb\u00e1ch, kter\u00fdch se z\u00fa\u010dastnilo nev\u00eddan\u00fdch dev\u011bt politick\u00fdch stran, zv\u00edt\u011bzili soci\u00e1ln\u00ed demokrat\u00e9, p\u0159ed n\u00e1rodn\u00edmi socialisty a agr\u00e1rn\u00edky. Starostou se stal po sv\u00e9m p\u0159edch\u016fdci Franti\u0161ku Kocourkovi Soci\u00e1ln\u00ed demokrat Rudolf Langer. Anton\u00edn Vokurka byl jeho prvn\u00edm n\u00e1m\u011bstkem, jak se tehdy \u0159\u00edkalo m\u00edstostarostovi.<\/p>\n<p>Pot\u00e9, v\u00a0na\u0161\u00ed zemi ji\u017e n\u00e1sledovaly pohnut\u00e9 ud\u00e1losti: Mnichovsk\u00e1 dohoda, abdikace prezidenta republiky a jeho odchod do emigrace, vznik 2. republiky. Tito ud\u00e1losti se v\u00a0podstat\u011b dotkly i Chuchle, nebo\u0165 25. \u00fanora 1939, na sch\u016fzi obecn\u00edho zastupitelstva se \u201evzhledem ke zm\u011bn\u011bn\u00fdm pom\u011br\u016fm politick\u00fdm a ze zdravotn\u00edch d\u016fvod\u016f\u201c vzdal funkce starosty Rudolf Langer. Na jeho m\u00edsto pochopiteln\u011b nastoupil prvn\u00ed n\u00e1m\u011bstek \u2013 Anton\u00edn Vokurka. Pak p\u0159i\u0161el 16. b\u0159ezen a z\u0159\u00edzen\u00ed protektor\u00e1tu \u010cech a Moravy. Ten den, od 16. do 19. hodiny Chuchl\u00ed nep\u0159etr\u017eit\u011b proj\u00ed\u017ed\u011blo n\u011bmeck\u00e9 vojsko. Pro Anton\u00edna Vokurku, stejn\u011b jako pro v\u011bt\u0161inu m\u00edstn\u00edch obyvatel, to byl zdrcuj\u00edc\u00ed pohled. V\u00a0t\u011bchto dnech, spolu s\u00a0ostatn\u00edmi radn\u00edmi nep\u0159etr\u017eit\u011b dr\u017eel slu\u017ebu na obecn\u00edm \u00fa\u0159ad\u011b. Jist\u011b mu bylo v\u0161elijak, kdy\u017e vid\u011bl n\u011bmeck\u00e9 voj\u00e1ky, kte\u0159\u00ed jeli Chuchl\u00ed ve sv\u00fdch vozech, kter\u00e9 proti na\u0161im tehdej\u0161\u00edm p\u0159edpis\u016fm \u0159\u00eddili vpravo, kdy\u017e tu hul\u00e1kali a nakupovali v\u00a0m\u00edstn\u00edch potravin\u00e1ch, kde hlavn\u011b obdivovali, jak je zde v\u0161e pro n\u011b velmi levn\u00e9.<\/p>\n<p>Ji\u017e tehdy se rozhodl, \u017ee proti nespravedlnosti, bezpr\u00e1v\u00ed a zlo\u010dinn\u00e9mu syst\u00e9mu bude, se\u010d budou jeho s\u00edly sta\u010dit, bojovat. Nakonec, jako po\u0161tovn\u00ed \u00fa\u0159edn\u00edk, m\u011bl k\u00a0tomu i pot\u0159ebn\u00e9 kontakty a p\u0159edpoklady. Kdy\u017e byl pozd\u011bji, 13. kv\u011btna 1939 zvolen chuchelsk\u00fdm starostou, byl ji\u017e pevn\u011b rozhodnut, \u017ee mus\u00ed svoji funkci vyu\u017e\u00edt pro odbojovou \u010dinnost ve prosp\u011bch republiky. V\u00a0t\u00e9 dob\u011b situace v\u00a0Chuchli nebyla p\u0159\u00edli\u0161 p\u0159\u00edzniv\u00e1. Samoz\u0159ejm\u011b, \u017ee na\u0161el podporu u n\u011bkter\u00fdch zastupitel\u016f, kter\u00fdm se se sv\u00fdmi \u00famysly sv\u011b\u0159il, ale coby starosta byl v\u0161em lidem p\u0159\u00edli\u0161 na o\u010d\u00edch a ne v\u0161ichni mu fandili. N\u011bkte\u0159\u00ed chuchel\u0161t\u00ed obyvatel\u00e9 k\u00a0n\u011bmu poci\u0165ovali z\u00e1\u0161\u0165, v\u017edy\u0165 p\u0159edn\u011b byl \u010cech a nikdy se netajil sv\u00fdmi demokratick\u00fdmi n\u00e1zory a k\u00a0obdivu v\u0161eho a v\u0161ech, kte\u0159\u00ed v\u00a01. republice tyto n\u00e1zory p\u0159edstavovali. A tak postupn\u011b za\u010dala chodit nejprve na \u010detnickou stanici, okresn\u00ed \u00fa\u0159ad a pozd\u011bji, kdy\u017e to nezab\u00edralo dokonce i na Gestapo a \u0159\u00ed\u0161skou krimin\u00e1ln\u00ed policii \u0159ada ud\u00e1n\u00ed. A tak, prvn\u00ed zat\u010den\u00ed a v\u00fdslechy, kter\u00e9 trvaly dva dny, na sebe nedaly dlouho \u010dekat. Stalo se tak hned 28. \u0159\u00edjna 1939, a to za \u00fa\u010dast na demonstraci za vznik republiky.<\/p>\n<p>Z\u00a0t\u011bchto i pozd\u011bj\u0161\u00edch let si Anton\u00edn Vokurka v\u0161e pe\u010dliv\u011b zaznamen\u00e1val. Jeho stru\u010dn\u00e9 z\u00e1pisky o v\u0161em, co se v tehdej\u0161\u00ed Chuchli d\u011blo, byly a\u017e doned\u00e1vn\u00e9 doby zcela nezn\u00e1m\u00e9. Jejich v\u00fdznam tkv\u00ed v\u00a0tom, \u017ee re\u00e1ln\u011b vypov\u00eddaj\u00ed o tehdej\u0161\u00ed situaci a jsou sv\u011bdectv\u00edm o zapomenut\u00e9 odvaze nejen Anton\u00edna Vokurky, ale i mnoha dal\u0161\u00edch Chuchel\u00e1k\u016f. Na druhou stranu jsou i hr\u016fzn\u00fdm sv\u011bdectv\u00ed o zdej\u0161\u00edch kolaborantech, o \u010ce\u0161\u00edch, kte\u0159\u00ed se z\u00a0touhy po osobn\u00edm prosp\u011bchu vet\u0159eli do p\u0159\u00edzn\u011b \u0159\u00ed\u0161sk\u00fdch a protektor\u00e1tn\u00edch \u00fa\u0159ad\u016f. K\u00a0nejb\u011b\u017en\u011bj\u0161\u00edm ud\u00e1n\u00edm pat\u0159ilo to, \u017ee na \u00fa\u0159ad\u011b se poslouch\u00e1 zahrani\u010dn\u00ed rozhlas, \u017ee starosta \u0161\u00ed\u0159\u00ed ileg\u00e1ln\u00ed tiskoviny, nap\u0159\u00edklad \u201eV\u00a0boj\u201c, \u017ee je spojen se zbraslavsk\u00fdm a radot\u00ednsk\u00fdm starostou, \u017ee organizuje sabot\u00e1\u017ee, ukr\u00fdv\u00e1 zbran\u011b atd. Mnoz\u00ed tito udava\u010di ani nev\u011bd\u011bli jak jsou bl\u00edzko pravd\u011b, nebo\u0165 Anton\u00edn Vokurka skute\u010dn\u011b pat\u0159il k\u00a0ileg\u00e1ln\u00edm pracovn\u00edk\u016fm, a to do skupiny \u201eStr\u00e1\u017e Svobody\u201c a po\u0161tovn\u00ed skupiny \u201eOFFO\u201c p\u0159i hlavn\u00ed po\u0161t\u011b v\u00a0Praze, v\u00a0Jind\u0159i\u0161sk\u00e9 ulici, kde byl zn\u00e1m pod jm\u00e9nem Vok\u00e1\u010d. Na\u0161t\u011bst\u00ed v\u011bt\u0161ina t\u011bchto ud\u00e1n\u00ed kon\u010dila na \u010detnick\u00e9 stanici, kde je \u010detn\u00edci zamykaly do stolu a nijak ne\u0159e\u0161ili. Zvrat nastal a\u017e\u00a0 kdy\u017e se Gestapo dozv\u011bd\u011blo o tom, \u017ee chuchelsk\u00fd starosta vyzved\u00e1val na \u00fa\u0159adech zna\u010dn\u00e9 mno\u017estv\u00ed pouk\u00e1zek na benz\u00edn, kter\u00e9 pos\u00edlal na v\u00fdchodn\u00ed Slovensko, partyz\u00e1nsk\u00e9 brig\u00e1d\u011b gener\u00e1la Lu\u017ei. Tato ud\u00e1lost je v\u00a0chuchelsk\u00fdch d\u011bjin\u00e1ch zn\u00e1m\u00e1 jako benzinov\u00e1 af\u00e9ra. Jeho spolupracovn\u00edkem v\u00a0ileg\u00e1ln\u00ed \u010dinnosti byl Ladislav Vil\u00edmek, kter\u00fd o tom po v\u00e1lce uvedl: \u201eUdava\u010di, kte\u0159\u00ed po\u0161tvali Gestapo na Vokurku, si snad ani neuv\u011bdomili, jak dlouh\u00e1 \u0159ada t\u011bch, kdo\u017e s\u00a0Vokurkou spolupracovali, mohla padnout jako dal\u0161\u00ed ob\u011b\u0165 nacismu, kdyby Vokurka promluvil. &#8230; S\u00e1m nesl nejv\u011bt\u0161\u00ed zodpov\u011bdnost za v\u011bt\u0161inu l\u00edstk\u016f, s\u00e1m nesl ve\u0161kerou t\u00edhu zodpov\u011bdnosti za celou akci a byl vzat Gestapem do vazby a pozd\u011bji, jak se uk\u00e1zalo, tak\u00e9 odsouzen.\u201c<\/p>\n<p>Pro zaj\u00edmavost, jedn\u00edm z\u00a0udava\u010d\u016f byl i majitel tov\u00e1rny na kompresory ing. B. Klauz, kter\u00fd Vokurku obvinil ze sabot\u00e1\u017ee. St\u011b\u017eoval si, \u017ee starosta neudr\u017euje cestu k\u00a0jeho podniku a t\u00edm jej sabotuje, nebo\u0165 \u201e&#8230; podnik (je) pro brannost st\u00e1tu d\u016fle\u017eit\u00fd, vy\u0159izuj\u00edc\u00ed zak\u00e1zky zvl\u00e1\u0161tn\u00ed d\u016fle\u017eitosti.\u201c Mimochodem kv\u016fli podobn\u00fdm ud\u00e1n\u00edm byl Anton\u00edn Vokurka vylou\u010den i z\u00a0m\u00edstn\u00edho Sboru dobrovoln\u00fdch hasi\u010d\u016f, kter\u00fd v\u00a0t\u00e9 dob\u011b ovl\u00e1dali jeho \u00fahlavn\u00ed nep\u0159\u00e1tel\u00e9.<\/p>\n<p>P\u0159edvol\u00e1n na gestapo byl starosta n\u011bkolikr\u00e1t a naprostou samoz\u0159ejmost\u00ed p\u0159i tom byly prohl\u00eddky jeho kancel\u00e1\u0159e a bytu. Je a\u017e s\u00a0podivem, \u017ee se p\u0159i nich nena\u0161ly nejen obecn\u00ed kronika, ale ani legion\u00e1\u0159sk\u00e9 pam\u00e1tky, kter\u00e9 p\u0159ed v\u00e1lkou pe\u010dliv\u011b ukryl.<\/p>\n<p>Postupn\u011b byl chuchelsk\u00fd starosta m\u00edstn\u00edmi kolaboranty ozna\u010den za \u0161k\u016fdce n\u011bmeck\u00e9ho n\u00e1roda a na z\u00e1klad\u011b toho byl obvin\u011bn z\u00a0velezrady. V\u00a0dob\u011b stann\u00e9ho pr\u00e1va, 4. \u010dervence 1942 byl op\u011bt zat\u010den. Tentokr\u00e1t byl ji\u017e Gestapem suspendov\u00e1n a zbaven m\u00edsta na po\u0161t\u011b, \u010d\u00edm\u017e se cel\u00e1 jeho rodina ocitla bez finan\u010dn\u00edch prost\u0159edk\u016f. P\u0159i vy\u0161et\u0159ov\u00e1n\u00ed byl surov\u011b zt\u00fdr\u00e1n, byly mu vyra\u017eeny zuby, zlomena lev\u00e1 ruka a po\u0161kozena holen\u00ed kost lev\u00e9 nohy. Za poslouch\u00e1n\u00ed ciz\u00edho rozhlasu byl obvin\u011bn z\u00a0velezrady, pozd\u011bji se k\u00a0tomu p\u0159idalo je\u0161t\u011b p\u0159echov\u00e1v\u00e1n\u00ed zbran\u00ed a ileg\u00e1ln\u00ed \u010dinnost. Funkce starosty byl definitivn\u011b zbaven 31. ledna 1943, a to na z\u00e1klad\u011b rozhodnut\u00ed Zemsk\u00e9ho \u00fa\u0159adu v\u00a0Praze. Na jeho m\u00edsto byl zvolen Josef Kl\u00e1n, jen\u017e byl p\u0159ed v\u00e1lkou p\u0159edn\u00edm \u010dlenem m\u00edstn\u00ed organizace agr\u00e1rn\u00ed strany.<\/p>\n<p>Po v\u00e1lce Anton\u00edn Vokurka na tuto dobu vzpom\u00ednal: <em>\u201e&#8230; Z\u00a0d\u016fvod\u016f, \u017ee moje vy\u0161et\u0159ov\u00e1n\u00ed a soudn\u00ed \u0159\u00edzen\u00ed se d\u011blo v\u00a0dob\u011b stann\u00e9ho pr\u00e1va, \u017ee budu souzen podle n\u011bmeck\u00fdch v\u00e1le\u010dn\u00fdch z\u00e1kon\u016f a trestn\u00edho pr\u00e1va a byla obava, \u017ee by mohl b\u00fdti utracen lidsk\u00fd \u017eivot, hlavn\u011b hrozilo nebezpe\u010d\u00ed pro m\u00e9 spolupracovn\u00edky v\u00a0ilegalit\u011b, byla rodina nucena vz\u00edti m\u011b n\u011bmeck\u00e9 obh\u00e1jce, kte\u0159\u00ed ko\u0159istili a po\u017eadovali pen\u011b\u017en\u00ed obnosy.\u201c<\/em><\/p>\n<p>V\u011bzn\u011bn byl na Pankr\u00e1ci, odkud byl pozd\u011bji, jako politick\u00fd v\u011bze\u0148 p\u0159evezen do n\u011bmeck\u00e9 v\u011bznice Sondergerichtu v\u00a0Jihlav\u011b, kde byl p\u0159id\u011blen k\u00a0Auskomandu, tj. trestn\u00edmu pracovn\u00edmu odd\u00edlu, na pilu firmy Offenb\u00f6ck.<\/p>\n<p>Ani tady ale nezah\u00e1lel. Spolu se sv\u00fdmi spoluv\u011bzni zalo\u017eil odbojovou skupinu. Od civiln\u00edch zam\u011bstnanc\u016f pily z\u00edsk\u00e1val informace z\u00a0Lond\u00fdna, r\u016fzn\u00e9 let\u00e1ky a jin\u00e9 materi\u00e1ly.<\/p>\n<p>Av\u0161ak prosinec 1943 se mu m\u00e1lem stal osudn\u00fdm. Hned v\u00a0prvn\u00edch dnech m\u011bs\u00edce se na n\u011bj z\u0159\u00edtil pln\u00fd vag\u00f3n kl\u00e1d. Tehdy utrp\u011bl t\u011b\u017ek\u00fd ot\u0159es mozku a \u010detn\u00e1 zran\u011bn\u00ed. I p\u0159esto, \u017ee jeho zdravotn\u00ed stav byl st\u00e1le kritick\u00fd, neopomn\u011bl na \u0160t\u011bdr\u00fd ve\u010der p\u0159ed v\u011bzni vzpomenout na v\u0161echny umu\u010den\u00e9 a vyzval ostatn\u00ed k\u00a0boji proti okupant\u016fm. Na z\u00e1v\u011br pak v\u0161ichni zazp\u00edvali \u010deskoslovenskou hymnu. Tento akt ale neu\u0161el Gestapu, a to mu trest hned zp\u0159\u00edsnilo. Dom\u016f se dostal ve velmi v\u00e1\u017en\u00e9m zdravotn\u00edm stavu a\u017e koncem roku 1944. Pot\u00e9, a\u017e do kv\u011btna 1945 se musel ka\u017ed\u00fdch \u010dtrn\u00e1ct dn\u016f hl\u00e1sit na Gestapu v\u00a0Bredovsk\u00e9 ulici v\u00a0Praze. Za tu dobu se hned zapojil do dal\u0161\u00edch ileg\u00e1ln\u00edch skupin nap\u0159\u00edklad: Jar. Mat\u011bjovsk\u00e9ho a V\u011brn\u00e9ho psa.<\/p>\n<p>Pra\u017esk\u00e9 povst\u00e1n\u00ed pro\u017eil Anton\u00edn Vokurka ve Velk\u00e9 Chuchli. I p\u0159esto, \u017ee m\u011bl velmi podlomen\u00e9 zdrav\u00ed nev\u00e1hal a okam\u017eit\u011b se se zbran\u00ed v\u00a0ruce postavil na m\u00edstn\u00edch barik\u00e1d\u00e1ch, kde sv\u00fdm d\u00edlem p\u0159isp\u011bl tak\u00e9 k\u00a0osvobozen\u00ed obce.<\/p>\n<p>Je paradoxn\u00ed, \u017ee nakonec ti, kte\u0159\u00ed na Anton\u00edna Vokurku don\u00e1\u0161eli za v\u00e1lky N\u011bmc\u016fm, se ve spolupr\u00e1ci s\u00a0dal\u0161\u00edmi zaslou\u017eili i o to, aby n\u011bkdej\u0161\u00ed protektor\u00e1tn\u00ed starosta byl znovu uv\u011bzn\u011bn. Pravd\u011bpodobn\u011b se pro n\u011b stal p\u0159\u00edli\u0161 nebezpe\u010dn\u00fdm, proto\u017ee hned po v\u00e1lce cht\u011bl, aby byli potrest\u00e1ni. Bohu\u017eel pro n\u011bj, ale v\u00a0t\u00e9 dob\u011b byli jeho nep\u0159\u00e1tel\u00e9 mocn\u011bj\u0161\u00ed a tak hned v\u00a0l\u00e9t\u011b 1945 \u0161el op\u011bt do v\u011bzen\u00ed, kde byl a\u017e do \u0159\u00edjna 1947 s\u00a0t\u00edm, \u017ee\u00a0kolaborace, z\u00a0n\u00ed\u017e byl obvin\u011bn se nakonec neprok\u00e1zala. Ani tento pobyt ve vezen\u00ed mu na zdrav\u00ed nep\u0159idal. Dom\u016f p\u0159i\u0161el jako naprosto nervov\u011b zlomen\u00fd \u010dlov\u011bk a s\u00a0tuberkul\u00f3zn\u00edm n\u00e1lezem. I p\u0159esto se ale sna\u017eil zapojit v\u00a0oblasti, kter\u00e1 mu byla velmi bl\u00edzk\u00e1 a j\u00ed\u017e zasv\u011btil cel\u00fd sv\u016fj \u017eivot. Vstoupil do odbojov\u00e9 organizace, kde na okresn\u00ed \u00farovni pracoval jako soci\u00e1ln\u00ed referent.<\/p>\n<p>Tehdy je\u0161t\u011b nev\u011bd\u011bl, \u017ee to nejhor\u0161\u00ed ho teprve \u010dek\u00e1. O ud\u00e1losti, kter\u00e1 se odehr\u00e1la v\u00a0prosinci 1953 vypov\u00edd\u00e1 kopie \u017e\u00e1dosti o propu\u0161t\u011bn\u00ed, kterou jeho syn adresoval prezidentu republiky Anton\u00ednu Z\u00e1potock\u00e9mu. \u201e&#8230; Po p\u0159\u00edchodu ze \u0161koly, dne 6. prosince 1953 nalezl jsem byt uzav\u0159en a po otev\u0159en\u00ed m\u011bl jsem na stole sd\u011blen\u00ed, \u017ee u n\u00e1s byla provedena prohl\u00eddka org\u00e1ny StB.\u201c<\/p>\n<p>Tento den byl Anton\u00edn Vokurka um\u00edst\u011bn do vy\u0161et\u0159ovac\u00ed vazby, o \u010dem\u017e po t\u0159ech dnech rodinu informoval n\u00e1\u010deln\u00edk krajsk\u00e9 spr\u00e1vy StB.Ve vazb\u011b byl veden pod \u010d\u00edslem 807 a rodina mu mohla jednou m\u011bs\u00ed\u010dn\u011b pos\u00edlat pen\u00edze a dopis. Dom\u016f byl propu\u0161t\u011bn koncem kv\u011btna 1954 s\u00a0t\u00edm, \u017ee v\u00a0usnesen\u00ed Krajsk\u00e9 prokuratury Praha se p\u00ed\u0161e \u201e&#8230; obvin\u011bn\u00fd ob\u017ealoby zpro\u0161t\u011bn.\u201c<\/p>\n<p>Tentokr\u00e1t dom\u016f p\u0159i\u0161el ji\u017e definitivn\u011b zdrcen\u00fd \u010dlov\u011bk, kter\u00fd ji\u017e v\u00a0Chuchli do\u017eil pouze posledn\u00ed l\u00e9ta sv\u00e9ho \u017eivota. I p\u0159esto, \u017ee v\u00a0posledn\u00edch letech byl st\u00e1le perzekuov\u00e1n, poda\u0159ilo se mu b\u011bhem sv\u00e9ho starostenstv\u00ed pro m\u00edstn\u00ed ob\u010dany za\u0159\u00eddit n\u011bkolik, velmi praktick\u00fdch v\u011bc\u00ed. Mezi n\u011b bezesporu pat\u0159\u00ed i to, \u017ee v\u00a0roce 1940 za\u0159\u00eddil, aby ve Velk\u00e9 Chuchli byla natrvalo otev\u0159ena \u017eelezni\u010dn\u00ed zast\u00e1vka a to, \u017ee v\u00a0t\u00e9m\u017ee roce zde tak\u00e9 za\u010dala fungovat mate\u0159sk\u00e1 \u0161kola.<\/p>\n<p>Je poh\u0159ben\u00fd na star\u00e9m h\u0159bitov\u011b ve Velk\u00e9 Chuchli, \u010d\u00edslo hrobu 197..<\/p>\n","protected":false},"excerpt":{"rendered":"<p>Kdy\u017e se 29. kv\u011btna 1938 konaly volby do obecn\u00edho zastupitelstva, netu\u0161il Anton\u00edn Vokurka (4. 6. 1902 &#8211; 23. 5. 1984), co v\u0161e za\u017eije a co jej v n\u00e1sleduj\u00edc\u00edch dvaceti letech \u010dek\u00e1. Zat\u00edm v t\u011bchto volb\u00e1ch bylo jeho jm\u00e9no uvedeno jako &hellip; <a href=\"https:\/\/regionplus.cz\/chuchle\/vyznamne-osobnosti\/vokurka-antonin\/\">Cel\u00fd p\u0159\u00edsp\u011bvek <span class=\"meta-nav\">&rarr;<\/span><\/a><\/p>\n","protected":false},"author":1,"featured_media":0,"parent":96,"menu_order":0,"comment_status":"closed","ping_status":"closed","template":"","meta":{"footnotes":""},"class_list":["post-147","page","type-page","status-publish","hentry"],"_links":{"self":[{"href":"https:\/\/regionplus.cz\/chuchle\/wp-json\/wp\/v2\/pages\/147","targetHints":{"allow":["GET"]}}],"collection":[{"href":"https:\/\/regionplus.cz\/chuchle\/wp-json\/wp\/v2\/pages"}],"about":[{"href":"https:\/\/regionplus.cz\/chuchle\/wp-json\/wp\/v2\/types\/page"}],"author":[{"embeddable":true,"href":"https:\/\/regionplus.cz\/chuchle\/wp-json\/wp\/v2\/users\/1"}],"replies":[{"embeddable":true,"href":"https:\/\/regionplus.cz\/chuchle\/wp-json\/wp\/v2\/comments?post=147"}],"version-history":[{"count":4,"href":"https:\/\/regionplus.cz\/chuchle\/wp-json\/wp\/v2\/pages\/147\/revisions"}],"predecessor-version":[{"id":683,"href":"https:\/\/regionplus.cz\/chuchle\/wp-json\/wp\/v2\/pages\/147\/revisions\/683"}],"up":[{"embeddable":true,"href":"https:\/\/regionplus.cz\/chuchle\/wp-json\/wp\/v2\/pages\/96"}],"wp:attachment":[{"href":"https:\/\/regionplus.cz\/chuchle\/wp-json\/wp\/v2\/media?parent=147"}],"curies":[{"name":"wp","href":"https:\/\/api.w.org\/{rel}","templated":true}]}}