{"id":145,"date":"2021-10-02T23:09:51","date_gmt":"2021-10-02T21:09:51","guid":{"rendered":"http:\/\/regionplus.cz\/chuchle\/?page_id=145"},"modified":"2023-05-10T21:46:59","modified_gmt":"2023-05-10T19:46:59","slug":"uzelac-milivoj","status":"publish","type":"page","link":"https:\/\/regionplus.cz\/chuchle\/vyznamne-osobnosti\/uzelac-milivoj\/","title":{"rendered":"Uzelac Milivoj"},"content":{"rendered":"<p>16. 6. 1919 &#8211; 8. 3. 1988<\/p>\n<p>Je poh\u0159ben\u00fd na nov\u00e9m h\u0159bitov\u011b (urnov\u00fd h\u00e1j) ve Velk\u00e9 Chuchli, \u010d\u00edslo hrobu 187<\/p>\n","protected":false},"excerpt":{"rendered":"<p>16. 6. 1919 &#8211; 8. 3. 1988 Je poh\u0159ben\u00fd na nov\u00e9m h\u0159bitov\u011b (urnov\u00fd h\u00e1j) ve Velk\u00e9 Chuchli, \u010d\u00edslo hrobu 187<\/p>\n","protected":false},"author":1,"featured_media":0,"parent":96,"menu_order":0,"comment_status":"closed","ping_status":"closed","template":"","meta":{"footnotes":""},"class_list":["post-145","page","type-page","status-publish","hentry"],"_links":{"self":[{"href":"https:\/\/regionplus.cz\/chuchle\/wp-json\/wp\/v2\/pages\/145","targetHints":{"allow":["GET"]}}],"collection":[{"href":"https:\/\/regionplus.cz\/chuchle\/wp-json\/wp\/v2\/pages"}],"about":[{"href":"https:\/\/regionplus.cz\/chuchle\/wp-json\/wp\/v2\/types\/page"}],"author":[{"embeddable":true,"href":"https:\/\/regionplus.cz\/chuchle\/wp-json\/wp\/v2\/users\/1"}],"replies":[{"embeddable":true,"href":"https:\/\/regionplus.cz\/chuchle\/wp-json\/wp\/v2\/comments?post=145"}],"version-history":[{"count":3,"href":"https:\/\/regionplus.cz\/chuchle\/wp-json\/wp\/v2\/pages\/145\/revisions"}],"predecessor-version":[{"id":682,"href":"https:\/\/regionplus.cz\/chuchle\/wp-json\/wp\/v2\/pages\/145\/revisions\/682"}],"up":[{"embeddable":true,"href":"https:\/\/regionplus.cz\/chuchle\/wp-json\/wp\/v2\/pages\/96"}],"wp:attachment":[{"href":"https:\/\/regionplus.cz\/chuchle\/wp-json\/wp\/v2\/media?parent=145"}],"curies":[{"name":"wp","href":"https:\/\/api.w.org\/{rel}","templated":true}]}}

<p>16. 6. 1919 &#8211; 8. 3. 1988</p>
<p>Je pohřbený na novém hřbitově (urnový háj) ve Velké Chuchli, číslo hrobu 187</p>

<p>16. 6. 1919 &#8211; 8. 3. 1988 Je pohřbený na novém hřbitově (urnový háj) ve Velké Chuchli, číslo hrobu 187</p>
