{"id":127,"date":"2021-10-02T23:06:07","date_gmt":"2021-10-02T21:06:07","guid":{"rendered":"http:\/\/regionplus.cz\/chuchle\/?page_id=127"},"modified":"2022-01-20T15:25:42","modified_gmt":"2022-01-20T14:25:42","slug":"polak-alois","status":"publish","type":"page","link":"https:\/\/regionplus.cz\/chuchle\/vyznamne-osobnosti\/polak-alois\/","title":{"rendered":"Pol\u00e1k Alois"},"content":{"rendered":"<p><em>\u201eDo Chuchle se p\u0159esunula \u010detnick\u00e1 stanice asi v roce 1935,\u201c<\/em> za\u010dal pov\u00edd\u00e1n\u00ed o sv\u00e9m tat\u00ednkovi V\u00e1clav Pol\u00e1k. <em>\u201eA tehdy tady za\u010dal i m\u016fj tat\u00ednek. Do Chuchle jsme p\u0159i\u0161li ze severu \u010cech. V\u00a0t\u00e9 dob\u011b se m\u011bl otec \u00a0st\u00e1t okresn\u00edm velitelem v\u00a0Kopistech, ale situace ji\u017e byla p\u0159\u00edli\u0161 v\u00e1\u017en\u00e1. Henlein za\u010d\u00ednal vystrkoval r\u016f\u017eky a matka se v pohrani\u010d\u00ed b\u00e1la. Krom\u011b toho otec odm\u00edtl d\u00e1t povolen\u00ed k sudeton\u011bmeck\u00e9 demonstraci, a to \u00a0rozhodlo o jeho dal\u0161\u00edm osudu. Ode\u0161li jsme proto do Prahy. Zde ale nebylo pro otce vhodn\u00e9 hodnostn\u00ed m\u00edsto, a tak ho dali do Chuchle, co\u017e byla tehdy nejhor\u0161\u00ed \u0161tace. Zdej\u0161\u00ed velitel m\u011bl toti\u017e o v\u00edkendu na povel 25 a\u017e 30 \u010detn\u00edk\u016f, kte\u0159\u00ed dohl\u00ed\u017eeli na provoz dostihov\u00e9ho z\u00e1vodi\u0161t\u011b. Pr\u00e1ce to byla pern\u00e1, nebo\u0165 zde nebyla \u00a0nouze o \u010dern\u00e9 bookmakery, podvodn\u00edky a neplati\u010de vstupn\u00e9ho. Z toho d\u016fvodu byl v\u017edy velitel chuchelsk\u00e9 \u010detnick\u00e9 stanice sou\u010dasn\u011b i z\u00e1stupcem okresn\u00edho velitele \u010detnictva.\u201c<\/em><\/p>\n<p>\u010cetnick\u00e1 stanice byla um\u00edst\u011bna v \u010dp. 194 v dne\u0161n\u00ed Starochuchelsk\u00e9 ulici, nedaleko \u0161koly. Slou\u017eit zde m\u011blo celkem sedm \u010detn\u00edk\u016f. Obvykle byli ale \u010dty\u0159i. Velitel, jeho z\u00e1stupce a dal\u0161\u00ed dva str\u00e1\u017en\u00edci. Slu\u017ebu konal v\u017edy jeden str\u00e1\u017en\u00edk, st\u0159\u00edd\u00e1n\u00ed prob\u00edhalo podle pana Pol\u00e1ka v\u017edy ve 13 hodin. Celou stanici tvo\u0159ily t\u0159i m\u00edstnosti \u2013 ubikace velitele, pokoj pro mu\u017estvo a p\u0159ij\u00edmac\u00ed kancel\u00e1\u0159.<\/p>\n<p>Z\u00a0vn\u011bj\u0161ku dnes d\u016fm, kde vl\u00e1dla spravedlnost, pokora a v\u00a0n\u011bm\u017e se za v\u00e1lky zabr\u00e1nilo mnoha trag\u00e9di\u00edm, ji\u017e v\u016fbec nep\u0159ipom\u00edn\u00e1 svoj\u00ed za\u0161lou sl\u00e1vu.<em> \u201ePamatuji, jak n\u00e1m po v\u00e1lce otec vypravoval o udava\u010d\u00edch, kte\u0159\u00ed k\u00a0n\u011bmu don\u00e1\u0161eli na sv\u00e9 sousedy\u201c,<\/em> pokra\u010duje ve sv\u00e9m vypr\u00e1v\u011bn\u00ed V\u00e1clav Pol\u00e1k. <em>\u201eAby nevzbudil podez\u0159en\u00ed, musel sice tato hl\u00e1\u0161en\u00ed n\u011bjak vykazovat, ale pak je v\u017edy zamknul do \u0161upl\u00edku a po v\u00e1lce je nakonec sp\u00e1lil. Toto chov\u00e1n\u00ed bylo za v\u00e1lky velmi riskantn\u00ed, proto\u017ee vyhr\u016f\u017eky sm\u011brem k \u010detnictvu byly zna\u010dn\u00e9. V\u00edm, \u017ee m\u011bl strach. Dvakr\u00e1t ho dokonce pozvali do Prahy, na Kobyliskou st\u0159elnici, kde byl spolu s dal\u0161\u00edmi pra\u017esk\u00fdmi \u010detn\u00edky donucen p\u0159ihl\u00ed\u017eet poprav\u00e1m odboj\u00e1\u0159\u016f.\u201c\u00a0<\/em><\/p>\n<p>Zadr\u017eov\u00e1n\u00ed hl\u00e1\u0161en\u00ed ale nebylo v\u0161e, co pro Chuchli v dob\u011b n\u011bmeck\u00e9 okupace a pra\u017esk\u00e9ho povst\u00e1n\u00ed zdej\u0161\u00ed velitel Alois Pol\u00e1k vykonal. Zcela ji\u017e je zapomenuto, \u017ee v letech 1940 a\u017e 1945 dod\u00e1val ileg\u00e1ln\u00edm skupin\u00e1m v Praze podrobn\u00e9 informace o rozm\u00edst\u011bn\u00ed jednotek SS v prostoru ji\u017en\u011b od Prahy (Hradi\u0161\u0165ko apod.).<\/p>\n<p>\u010cetnick\u00e1 stanice byla prvn\u00edm m\u00edstem v Chuchli, kde se objevila v okn\u011b \u2013 4. kv\u011btna 1945 \u010deskoslovensk\u00e1 vlajka. Vyv\u011bsil ji \u0161t\u00e1bn\u00ed str\u00e1\u017emistr Josef \u017delezn\u00fd, kter\u00fd se pozd\u011bji \u00fa\u010dastnil odzbrojov\u00e1n\u00ed n\u011bmeck\u00fdch voj\u00e1k\u016f ve Startu a N\u011bmci ohro\u017een\u00e9 Zbraslavi p\u0159ivezl v n\u00e1kladn\u00edm aut\u011b zbran\u011b pro chuchelsk\u00e9 bojovn\u00edky. Chuchel\u0161t\u00ed \u010detn\u00edci (vedle A. Pol\u00e1ka a J. \u017delezn\u00e9ho zde postupn\u011b je\u0161t\u011b slou\u017eili str\u00e1\u017em. Pra\u017e\u00e1k, Nebesk\u00fd, Nul\u00ed\u010dek a R\u016f\u017ei\u010dka) se jako prvn\u00ed zapojili do spolupr\u00e1ce s revolu\u010dn\u00edm n\u00e1rodn\u00edm v\u00fdborem. V t\u00e9to pohnut\u00e9 dob\u011b zaji\u0161\u0165ovali po\u0159\u00e1dek v obci, sna\u017eili se p\u0159edej\u00edt rabov\u00e1n\u00ed a lyn\u010dov\u00e1n\u00ed chuchelsk\u00fdch N\u011bmc\u016f, k \u010demu\u017e skute\u010dn\u011b na n\u011bkolika m\u00edstech do\u0161lo. Zn\u00e1m\u00fd je nap\u0159\u00edklad lyn\u010d v lese Amerika nebo p\u0159ev\u00e1lcov\u00e1n\u00ed jednoho N\u011bmce n\u00e1kladn\u00edm automobilem nedaleko n\u00e1m\u011bst\u00ed Omladiny.<\/p>\n<p>Za \u010dinnost b\u011bhem okupace i povst\u00e1n\u00ed bylo vrchn\u00edmu str\u00e1\u017emistru Aloisi Pol\u00e1kovi ud\u011bleno vojensk\u00fdm velitelstv\u00edm \u201eBarto\u0161\u201c pochvaln\u00e9 uzn\u00e1n\u00ed IV. stupn\u011b. Na diplomu je podeps\u00e1n gener\u00e1l Karel Kutlva\u0161r.<\/p>\n<p>Pak p\u0159i\u0161el osudn\u00fd \u00fanor 1948. \u010cetn\u00edci byli ozna\u010deni za poz\u016fstatek bur\u017eoazn\u00ed bezpe\u010dnosti a vrahy, kte\u0159\u00ed st\u0159\u00edleli prolet\u00e1\u0159sk\u00e9 d\u011bti. Alois Pol\u00e1k proto ode\u0161el do penze a po deseti letech 2. kv\u011btna 1959 zem\u0159el.<\/p>\n<p>A jak\u00e9 byly dal\u0161\u00ed osudy budovy, v\u00a0n\u00ed\u017e byla \u010detnick\u00e1 stanice? Na dvo\u0159e byla mal\u00e1 v\u00fdrobna ping-pong p\u00e1lek, ve kter\u00e9 pracovali brat\u0159i \u0160ve\u0148hov\u00e9. V\u0161e skon\u010dilo, kdy\u017e na jednoho z nich bylo pod\u00e1no ud\u00e1n\u00ed, \u017ee od kohosi p\u0159evzal let\u00e1k \u201eSvobodn\u00e9 Evropy\u201c, a on byl na n\u011bkolik let odsouzen do v\u011bznice v\u00a0J\u00e1chymov\u011b.<\/p>\n<p>&nbsp;<\/p>\n","protected":false},"excerpt":{"rendered":"<p>\u201eDo Chuchle se p\u0159esunula \u010detnick\u00e1 stanice asi v roce 1935,\u201c za\u010dal pov\u00edd\u00e1n\u00ed o sv\u00e9m tat\u00ednkovi V\u00e1clav Pol\u00e1k. \u201eA tehdy tady za\u010dal i m\u016fj tat\u00ednek. Do Chuchle jsme p\u0159i\u0161li ze severu \u010cech. V\u00a0t\u00e9 dob\u011b se m\u011bl otec \u00a0st\u00e1t okresn\u00edm velitelem v\u00a0Kopistech, &hellip; <a href=\"https:\/\/regionplus.cz\/chuchle\/vyznamne-osobnosti\/polak-alois\/\">Cel\u00fd p\u0159\u00edsp\u011bvek <span class=\"meta-nav\">&rarr;<\/span><\/a><\/p>\n","protected":false},"author":1,"featured_media":0,"parent":96,"menu_order":0,"comment_status":"closed","ping_status":"closed","template":"","meta":{"footnotes":""},"class_list":["post-127","page","type-page","status-publish","hentry"],"_links":{"self":[{"href":"https:\/\/regionplus.cz\/chuchle\/wp-json\/wp\/v2\/pages\/127","targetHints":{"allow":["GET"]}}],"collection":[{"href":"https:\/\/regionplus.cz\/chuchle\/wp-json\/wp\/v2\/pages"}],"about":[{"href":"https:\/\/regionplus.cz\/chuchle\/wp-json\/wp\/v2\/types\/page"}],"author":[{"embeddable":true,"href":"https:\/\/regionplus.cz\/chuchle\/wp-json\/wp\/v2\/users\/1"}],"replies":[{"embeddable":true,"href":"https:\/\/regionplus.cz\/chuchle\/wp-json\/wp\/v2\/comments?post=127"}],"version-history":[{"count":3,"href":"https:\/\/regionplus.cz\/chuchle\/wp-json\/wp\/v2\/pages\/127\/revisions"}],"predecessor-version":[{"id":413,"href":"https:\/\/regionplus.cz\/chuchle\/wp-json\/wp\/v2\/pages\/127\/revisions\/413"}],"up":[{"embeddable":true,"href":"https:\/\/regionplus.cz\/chuchle\/wp-json\/wp\/v2\/pages\/96"}],"wp:attachment":[{"href":"https:\/\/regionplus.cz\/chuchle\/wp-json\/wp\/v2\/media?parent=127"}],"curies":[{"name":"wp","href":"https:\/\/api.w.org\/{rel}","templated":true}]}}

Polák Alois

<p><em>„Do Chuchle se přesunula četnická stanice asi v roce 1935,“</em> začal povídání o svém tatínkovi Václav Polák. <em>„A tehdy tady začal i můj tatínek. Do Chuchle jsme přišli ze severu Čech. V té době se měl otec  stát okresním velitelem v Kopistech, ale situace již byla příliš vážná. Henlein začínal vystrkoval růžky a matka se v pohraničí bála. Kromě toho otec odmítl dát povolení k sudetoněmecké demonstraci, a to  rozhodlo o jeho dalším osudu. Odešli jsme proto do Prahy. Zde ale nebylo pro otce vhodné hodnostní místo, a tak ho dali do Chuchle, což byla tehdy nejhorší štace. Zdejší velitel měl totiž o víkendu na povel 25 až 30 četníků, kteří dohlíželi na provoz dostihového závodiště. Práce to byla perná, neboť zde nebyla  nouze o černé bookmakery, podvodníky a neplatiče vstupného. Z toho důvodu byl vždy velitel chuchelské četnické stanice současně i zástupcem okresního velitele četnictva.“</em></p>
<p>Četnická stanice byla umístěna v čp. 194 v dnešní Starochuchelské ulici, nedaleko školy. Sloužit zde mělo celkem sedm četníků. Obvykle byli ale čtyři. Velitel, jeho zástupce a další dva strážníci. Službu konal vždy jeden strážník, střídání probíhalo podle pana Poláka vždy ve 13 hodin. Celou stanici tvořily tři místnosti – ubikace velitele, pokoj pro mužstvo a přijímací kancelář.</p>
<p>Z vnějšku dnes dům, kde vládla spravedlnost, pokora a v němž se za války zabránilo mnoha tragédiím, již vůbec nepřipomíná svojí zašlou slávu.<em> „Pamatuji, jak nám po válce otec vypravoval o udavačích, kteří k němu donášeli na své sousedy“,</em> pokračuje ve svém vyprávění Václav Polák. <em>„Aby nevzbudil podezření, musel sice tato hlášení nějak vykazovat, ale pak je vždy zamknul do šuplíku a po válce je nakonec spálil. Toto chování bylo za války velmi riskantní, protože vyhrůžky směrem k četnictvu byly značné. Vím, že měl strach. Dvakrát ho dokonce pozvali do Prahy, na Kobyliskou střelnici, kde byl spolu s dalšími pražskými četníky donucen přihlížet popravám odbojářů.“ </em></p>
<p>Zadržování hlášení ale nebylo vše, co pro Chuchli v době německé okupace a pražského povstání zdejší velitel Alois Polák vykonal. Zcela již je zapomenuto, že v letech 1940 až 1945 dodával ilegálním skupinám v Praze podrobné informace o rozmístění jednotek SS v prostoru jižně od Prahy (Hradišťko apod.).</p>
<p>Četnická stanice byla prvním místem v Chuchli, kde se objevila v okně – 4. května 1945 československá vlajka. Vyvěsil ji štábní strážmistr Josef Železný, který se později účastnil odzbrojování německých vojáků ve Startu a Němci ohrožené Zbraslavi přivezl v nákladním autě zbraně pro chuchelské bojovníky. Chuchelští četníci (vedle A. Poláka a J. Železného zde postupně ještě sloužili strážm. Pražák, Nebeský, Nulíček a Růžička) se jako první zapojili do spolupráce s revolučním národním výborem. V této pohnuté době zajišťovali pořádek v obci, snažili se předejít rabování a lynčování chuchelských Němců, k čemuž skutečně na několika místech došlo. Známý je například lynč v lese Amerika nebo převálcování jednoho Němce nákladním automobilem nedaleko náměstí Omladiny.</p>
<p>Za činnost během okupace i povstání bylo vrchnímu strážmistru Aloisi Polákovi uděleno vojenským velitelstvím „Bartoš“ pochvalné uznání IV. stupně. Na diplomu je podepsán generál Karel Kutlvašr.</p>
<p>Pak přišel osudný únor 1948. Četníci byli označeni za pozůstatek buržoazní bezpečnosti a vrahy, kteří stříleli proletářské děti. Alois Polák proto odešel do penze a po deseti letech 2. května 1959 zemřel.</p>
<p>A jaké byly další osudy budovy, v níž byla četnická stanice? Na dvoře byla malá výrobna ping-pong pálek, ve které pracovali bratři Šveňhové. Vše skončilo, když na jednoho z nich bylo podáno udání, že od kohosi převzal leták „Svobodné Evropy“, a on byl na několik let odsouzen do věznice v Jáchymově.</p>
<p>&nbsp;</p>

<p>„Do Chuchle se přesunula četnická stanice asi v roce 1935,“ začal povídání o svém tatínkovi Václav Polák. „A tehdy tady začal i můj tatínek. Do Chuchle jsme přišli ze severu Čech. V té době se měl otec  stát okresním velitelem v Kopistech, &hellip; <a href="https://regionplus.cz/chuchle/vyznamne-osobnosti/polak-alois/">Celý příspěvek <span class="meta-nav">&rarr;</span></a></p>
