{"id":125,"date":"2021-10-02T23:05:49","date_gmt":"2021-10-02T21:05:49","guid":{"rendered":"http:\/\/regionplus.cz\/chuchle\/?page_id=125"},"modified":"2023-04-15T14:36:12","modified_gmt":"2023-04-15T12:36:12","slug":"petru-jana","status":"publish","type":"page","link":"https:\/\/regionplus.cz\/chuchle\/vyznamne-osobnosti\/petru-jana\/","title":{"rendered":"Petr\u016f Jana"},"content":{"rendered":"<p><a href=\"http:\/\/regionplus.cz\/chuchle\/wp-content\/uploads\/sites\/2\/2021\/11\/jana-petru-orez.jpg\"><img loading=\"lazy\" decoding=\"async\" class=\"alignleft size-thumbnail wp-image-312\" src=\"http:\/\/regionplus.cz\/chuchle\/wp-content\/uploads\/sites\/2\/2021\/11\/jana-petru-orez-150x150.jpg\" alt=\"\" width=\"150\" height=\"150\" \/><\/a>Dnes u\u017e s pravd\u011bpodobnost\u00ed hrani\u010d\u00edc\u00ed s jistotou v\u00edme, \u017ee Jana Petr\u016f se narodila 18. ledna 1941 jako Jana \u010c\u00ed\u017ekov\u00e1. Chodila do chuchelsk\u00e9 \u0161koly, pozd\u011bji pracovala v optick\u00e9 d\u00edln\u011b a s rodinou \u017eila ve Velk\u00e9 Chuchli na dvou adres\u00e1ch. Sv\u00e9 hudebn\u00ed nad\u00e1n\u00ed z\u00faro\u010dila nejprve p\u0159\u00edmo ve Velk\u00e9 Chuchli, kde na podzim roku 1956 byl zalo\u017een Estr\u00e1dn\u00ed soubor Vesnick\u00e9 organizace \u010ceskoslovensk\u00e9ho svazu ml\u00e1de\u017ee (v lednu 1960 p\u0159ejmenov\u00e1n na Kolektiv satiry Velk\u00e1 Chuchle \u2013 zkr\u00e1cen\u011b KOS). Zde \u00fa\u010dinkovala jako zp\u011bva\u010dka v z\u00e1bavn\u00fdch vystoupen\u00edch a\u017e do po\u010d\u00e1tku 60. let, kdy se profesionalizovala a p\u0159ijala um\u011bleck\u00e9 jm\u00e9no Jana Petr\u016f.<\/p>\n<p>Nejprve \u00fa\u010dinkovala s orchestrem Premier, pozd\u011bji se stala zp\u011bva\u010dkou Pra\u017esk\u00e9ho kulturn\u00edho st\u0159ediska, konkr\u00e9tn\u011b tane\u010dn\u00edho orchestru Parku kultury a oddechu Julia Fu\u010d\u00edka (na dne\u0161n\u00edm V\u00fdstavi\u0161ti) pod veden\u00edm Kamila Lochmana. Jej\u00ed reperto\u00e1r byl velmi rozs\u00e1hl\u00fd, byla univerz\u00e1ln\u00ed zp\u011bva\u010dkou (od lidov\u00fdch p\u00edsni\u010dek a\u017e po jazz), a proto pohostinsky zp\u00edvala i s celou \u0159adou dal\u0161\u00edch tehdej\u0161\u00edch zn\u00e1m\u00fdch orchestr\u016f (orchestr Karla Vlacha, tane\u010dn\u00ed orchestr \u010cs. rozhlasu). P\u0159esto byla hlavn\u011b zp\u011bva\u010dkou jednodu\u0161\u0161\u00edch\u00a0 (tane\u010dn\u00edch) p\u00edsni\u010dek.<\/p>\n<p><a href=\"http:\/\/regionplus.cz\/chuchle\/wp-content\/uploads\/sites\/2\/2021\/11\/jana-petru-1.jpg\"><img loading=\"lazy\" decoding=\"async\" class=\"aligncenter size-full wp-image-313\" src=\"http:\/\/regionplus.cz\/chuchle\/wp-content\/uploads\/sites\/2\/2021\/11\/jana-petru-1.jpg\" alt=\"\" width=\"400\" height=\"276\" srcset=\"https:\/\/regionplus.cz\/chuchle\/wp-content\/uploads\/sites\/2\/2021\/11\/jana-petru-1.jpg 400w, https:\/\/regionplus.cz\/chuchle\/wp-content\/uploads\/sites\/2\/2021\/11\/jana-petru-1-300x207.jpg 300w\" sizes=\"auto, (max-width: 400px) 100vw, 400px\" \/><\/a><\/p>\n<p>Na vrchol popularity ji katapultoval dodnes zn\u00e1m\u00fd duet s Karlem Gottem s n\u00e1zvem Den je kr\u00e1sn\u00fd, kter\u00fd je sou\u010d\u00e1st\u00ed filmov\u00e9ho muzik\u00e1lu Starci na chmelu\u00a0 z roku 1964. V t\u00e9m\u017ee roce se v anket\u011b Zlat\u00fd slav\u00edk um\u00edstila na t\u0159et\u00edm m\u00edst\u011b, o rok pozd\u011bji\u00a0 byla \u0161est\u00e1&#8230;. V mezi\u010dase vych\u00e1zely jej\u00ed hity na vinylov\u00fdch desk\u00e1ch: \u017d\u00e1dn\u00e1 hv\u011bzda nevych\u00e1z\u00ed, Jen ty jedin\u00fd, U n\u00e1s v podkrov\u00ed nebo P\u00e1ni rodi\u010dov\u00e9. \u00da\u010dastnila se Mezin\u00e1rodn\u00edho festivalu ml\u00e1de\u017ee v Helsink\u00e1ch.<\/p>\n<p><a href=\"http:\/\/regionplus.cz\/chuchle\/wp-content\/uploads\/sites\/2\/2023\/04\/jana_petru_podpis.jpg\"><img loading=\"lazy\" decoding=\"async\" class=\"aligncenter size-medium wp-image-585\" src=\"http:\/\/regionplus.cz\/chuchle\/wp-content\/uploads\/sites\/2\/2023\/04\/jana_petru_podpis-300x215.jpg\" alt=\"\" width=\"300\" height=\"215\" srcset=\"https:\/\/regionplus.cz\/chuchle\/wp-content\/uploads\/sites\/2\/2023\/04\/jana_petru_podpis-300x215.jpg 300w, https:\/\/regionplus.cz\/chuchle\/wp-content\/uploads\/sites\/2\/2023\/04\/jana_petru_podpis-768x549.jpg 768w, https:\/\/regionplus.cz\/chuchle\/wp-content\/uploads\/sites\/2\/2023\/04\/jana_petru_podpis-420x300.jpg 420w, https:\/\/regionplus.cz\/chuchle\/wp-content\/uploads\/sites\/2\/2023\/04\/jana_petru_podpis.jpg 800w\" sizes=\"auto, (max-width: 300px) 100vw, 300px\" \/><\/a><\/p>\n<p style=\"text-align: left;\">P\u0159i\u0161el v\u0161ak konec 60. let, kter\u00fd znamenal v \u017eivot\u011b\u00a0 tehdy popul\u00e1rn\u00ed zp\u011bva\u010dky zlom. Jak p\u0159ed lety zjistil hudebn\u00ed publicista Ond\u0159ej Such\u00fd, man\u017eelem Jany Petr\u016f byl buben\u00edk Pavel Stan\u011bk, kter\u00e9ho v lednu 1969 na\u0161li utonul\u00e9ho ve Vltav\u011b. Bylo mu 31 let. Nav\u00edc vyj\u00e1d\u0159ila nesouhlas s okupac\u00ed \u010ceskoslovenska vojsky Var\u0161avsk\u00e9 smlouvy, a tak pr\u00e1ce postupn\u011b ub\u00fdvalo, a\u017e sv\u00e9ho \u010dasu popul\u00e1rn\u00ed zp\u011bva\u010dka z kulturn\u00ed sc\u00e9ny docela zmizela. \u017dila v \u00fastran\u00ed a v dom\u00e1cnosti, jak mi sd\u011blila jej\u00ed nete\u0159. A\u017e p\u0159i\u0161el osudn\u00fd 6. kv\u011bten 1990. Jana Petr\u016f zem\u0159ela tragickou smrt\u00ed na n\u00e1sledky po\u017e\u00e1ru, kter\u00fd vypukl v jej\u00edm byt\u011b. Bylo j\u00ed 49 let.<\/p>\n<p>&nbsp;<\/p>\n<p style=\"text-align: right;\">Mgr. Tom\u00e1\u0161 Hrom\u00e1dka<\/p>\n<p style=\"text-align: right;\">kronik\u00e1\u0159 m\u011bstsk\u00e9 \u010d\u00e1sti Praha &#8211; Velk\u00e1 Chuchle<\/p>\n<p>&nbsp;<\/p>\n<p><span style=\"color: #ff0000;\"><strong>Zaj\u00edmavosti<\/strong><\/span><\/p>\n<p><strong>Z\u00e1hadn\u00e9 narozeniny<\/strong><\/p>\n<p>Na internetu najdete r\u016fzn\u00e1 data narozen\u00ed Jany Petr\u016f nespr\u00e1vn\u011b p\u0159evzat\u00e1 a opisovan\u00e1 z\u00a0r\u016fzn\u00fdch zdroj\u016f. Datum 18. ledna 1941 je uvedeno v\u00a0publikaci hudebn\u00edho publicisty Ji\u0159\u00edho \u010cern\u00e9ho Zp\u011bv\u00e1ci bez konzervato\u0159e, kter\u00e1 vy\u0161la v\u00a0roce 1966.<\/p>\n<p><strong>KOS byl l\u00edhn\u00ed talent\u016f<\/strong><\/p>\n<p>Vedle Jany Petr\u016f byl Kolektiv satiry na po\u010d\u00e1tku kari\u00e9ry dal\u0161\u00edch v\u00fdznamn\u00fdch osobnost\u00ed z Chuchle &#8211; mima Bohum\u00edra Valenty nebo skladatele Jarom\u00edra Klemp\u00ed\u0159e.<\/p>\n<p><strong>L\u00e1ska, to dva se maj\u00ed r\u00e1di<\/strong><\/p>\n<p>Tak se naz\u00fdv\u00e1 skladba, kterou Jana Petr\u016f nazp\u00edvala v roce 1963 na LP s n\u00e1zvem Melodie Isaaka Dunajevsk\u00e9ho. Tango z filmu Cel\u00fd sv\u011bt se sm\u011bje upravil Ji\u0159\u00ed Hudec. \u010cesk\u00fd text Ji\u0159\u00ed Vold\u00e1n. S Janou Petr\u016f si zazp\u00edval Rudolf Cort\u00e9s a d\u00edv\u010d\u00ed sbor. Brn\u011bnsk\u00fd estr\u00e1dn\u00ed rozhlasov\u00fd orchestr \u0159\u00eddil Ji\u0159\u00ed Hudec.<\/p>\n","protected":false},"excerpt":{"rendered":"<p>Dnes u\u017e s pravd\u011bpodobnost\u00ed hrani\u010d\u00edc\u00ed s jistotou v\u00edme, \u017ee Jana Petr\u016f se narodila 18. ledna 1941 jako Jana \u010c\u00ed\u017ekov\u00e1. Chodila do chuchelsk\u00e9 \u0161koly, pozd\u011bji pracovala v optick\u00e9 d\u00edln\u011b a s rodinou \u017eila ve Velk\u00e9 Chuchli na dvou adres\u00e1ch. Sv\u00e9 hudebn\u00ed &hellip; <a href=\"https:\/\/regionplus.cz\/chuchle\/vyznamne-osobnosti\/petru-jana\/\">Cel\u00fd p\u0159\u00edsp\u011bvek <span class=\"meta-nav\">&rarr;<\/span><\/a><\/p>\n","protected":false},"author":1,"featured_media":0,"parent":96,"menu_order":0,"comment_status":"closed","ping_status":"closed","template":"","meta":{"footnotes":""},"class_list":["post-125","page","type-page","status-publish","hentry"],"_links":{"self":[{"href":"https:\/\/regionplus.cz\/chuchle\/wp-json\/wp\/v2\/pages\/125","targetHints":{"allow":["GET"]}}],"collection":[{"href":"https:\/\/regionplus.cz\/chuchle\/wp-json\/wp\/v2\/pages"}],"about":[{"href":"https:\/\/regionplus.cz\/chuchle\/wp-json\/wp\/v2\/types\/page"}],"author":[{"embeddable":true,"href":"https:\/\/regionplus.cz\/chuchle\/wp-json\/wp\/v2\/users\/1"}],"replies":[{"embeddable":true,"href":"https:\/\/regionplus.cz\/chuchle\/wp-json\/wp\/v2\/comments?post=125"}],"version-history":[{"count":7,"href":"https:\/\/regionplus.cz\/chuchle\/wp-json\/wp\/v2\/pages\/125\/revisions"}],"predecessor-version":[{"id":586,"href":"https:\/\/regionplus.cz\/chuchle\/wp-json\/wp\/v2\/pages\/125\/revisions\/586"}],"up":[{"embeddable":true,"href":"https:\/\/regionplus.cz\/chuchle\/wp-json\/wp\/v2\/pages\/96"}],"wp:attachment":[{"href":"https:\/\/regionplus.cz\/chuchle\/wp-json\/wp\/v2\/media?parent=125"}],"curies":[{"name":"wp","href":"https:\/\/api.w.org\/{rel}","templated":true}]}}

Petrů Jana

<p><a href="http://regionplus.cz/chuchle/wp-content/uploads/sites/2/2021/11/jana-petru-orez.jpg"><img loading="lazy" decoding="async" class="alignleft size-thumbnail wp-image-312" src="http://regionplus.cz/chuchle/wp-content/uploads/sites/2/2021/11/jana-petru-orez-150x150.jpg" alt="" width="150" height="150" /></a>Dnes už s pravděpodobností hraničící s jistotou víme, že Jana Petrů se narodila 18. ledna 1941 jako Jana Čížková. Chodila do chuchelské školy, později pracovala v optické dílně a s rodinou žila ve Velké Chuchli na dvou adresách. Své hudební nadání zúročila nejprve přímo ve Velké Chuchli, kde na podzim roku 1956 byl založen Estrádní soubor Vesnické organizace Československého svazu mládeže (v lednu 1960 přejmenován na Kolektiv satiry Velká Chuchle – zkráceně KOS). Zde účinkovala jako zpěvačka v zábavných vystoupeních až do počátku 60. let, kdy se profesionalizovala a přijala umělecké jméno Jana Petrů.</p>
<p>Nejprve účinkovala s orchestrem Premier, později se stala zpěvačkou Pražského kulturního střediska, konkrétně tanečního orchestru Parku kultury a oddechu Julia Fučíka (na dnešním Výstavišti) pod vedením Kamila Lochmana. Její repertoár byl velmi rozsáhlý, byla univerzální zpěvačkou (od lidových písniček až po jazz), a proto pohostinsky zpívala i s celou řadou dalších tehdejších známých orchestrů (orchestr Karla Vlacha, taneční orchestr Čs. rozhlasu). Přesto byla hlavně zpěvačkou jednodušších  (tanečních) písniček.</p>
<p><a href="http://regionplus.cz/chuchle/wp-content/uploads/sites/2/2021/11/jana-petru-1.jpg"><img loading="lazy" decoding="async" class="aligncenter size-full wp-image-313" src="http://regionplus.cz/chuchle/wp-content/uploads/sites/2/2021/11/jana-petru-1.jpg" alt="" width="400" height="276" srcset="https://regionplus.cz/chuchle/wp-content/uploads/sites/2/2021/11/jana-petru-1.jpg 400w, https://regionplus.cz/chuchle/wp-content/uploads/sites/2/2021/11/jana-petru-1-300x207.jpg 300w" sizes="auto, (max-width: 400px) 100vw, 400px" /></a></p>
<p>Na vrchol popularity ji katapultoval dodnes známý duet s Karlem Gottem s názvem Den je krásný, který je součástí filmového muzikálu Starci na chmelu  z roku 1964. V témže roce se v anketě Zlatý slavík umístila na třetím místě, o rok později  byla šestá&#8230;. V mezičase vycházely její hity na vinylových deskách: Žádná hvězda nevychází, Jen ty jediný, U nás v podkroví nebo Páni rodičové. Účastnila se Mezinárodního festivalu mládeže v Helsinkách.</p>
<p><a href="http://regionplus.cz/chuchle/wp-content/uploads/sites/2/2023/04/jana_petru_podpis.jpg"><img loading="lazy" decoding="async" class="aligncenter size-medium wp-image-585" src="http://regionplus.cz/chuchle/wp-content/uploads/sites/2/2023/04/jana_petru_podpis-300x215.jpg" alt="" width="300" height="215" srcset="https://regionplus.cz/chuchle/wp-content/uploads/sites/2/2023/04/jana_petru_podpis-300x215.jpg 300w, https://regionplus.cz/chuchle/wp-content/uploads/sites/2/2023/04/jana_petru_podpis-768x549.jpg 768w, https://regionplus.cz/chuchle/wp-content/uploads/sites/2/2023/04/jana_petru_podpis-420x300.jpg 420w, https://regionplus.cz/chuchle/wp-content/uploads/sites/2/2023/04/jana_petru_podpis.jpg 800w" sizes="auto, (max-width: 300px) 100vw, 300px" /></a></p>
<p style="text-align: left;">Přišel však konec 60. let, který znamenal v životě  tehdy populární zpěvačky zlom. Jak před lety zjistil hudební publicista Ondřej Suchý, manželem Jany Petrů byl bubeník Pavel Staněk, kterého v lednu 1969 našli utonulého ve Vltavě. Bylo mu 31 let. Navíc vyjádřila nesouhlas s okupací Československa vojsky Varšavské smlouvy, a tak práce postupně ubývalo, až svého času populární zpěvačka z kulturní scény docela zmizela. Žila v ústraní a v domácnosti, jak mi sdělila její neteř. Až přišel osudný 6. květen 1990. Jana Petrů zemřela tragickou smrtí na následky požáru, který vypukl v jejím bytě. Bylo jí 49 let.</p>
<p>&nbsp;</p>
<p style="text-align: right;">Mgr. Tomáš Hromádka</p>
<p style="text-align: right;">kronikář městské části Praha &#8211; Velká Chuchle</p>
<p>&nbsp;</p>
<p><span style="color: #ff0000;"><strong>Zajímavosti</strong></span></p>
<p><strong>Záhadné narozeniny</strong></p>
<p>Na internetu najdete různá data narození Jany Petrů nesprávně převzatá a opisovaná z různých zdrojů. Datum 18. ledna 1941 je uvedeno v publikaci hudebního publicisty Jiřího Černého Zpěváci bez konzervatoře, která vyšla v roce 1966.</p>
<p><strong>KOS byl líhní talentů</strong></p>
<p>Vedle Jany Petrů byl Kolektiv satiry na počátku kariéry dalších významných osobností z Chuchle &#8211; mima Bohumíra Valenty nebo skladatele Jaromíra Klempíře.</p>
<p><strong>Láska, to dva se mají rádi</strong></p>
<p>Tak se nazývá skladba, kterou Jana Petrů nazpívala v roce 1963 na LP s názvem Melodie Isaaka Dunajevského. Tango z filmu Celý svět se směje upravil Jiří Hudec. Český text Jiří Voldán. S Janou Petrů si zazpíval Rudolf Cortés a dívčí sbor. Brněnský estrádní rozhlasový orchestr řídil Jiří Hudec.</p>

<p>Dnes už s pravděpodobností hraničící s jistotou víme, že Jana Petrů se narodila 18. ledna 1941 jako Jana Čížková. Chodila do chuchelské školy, později pracovala v optické dílně a s rodinou žila ve Velké Chuchli na dvou adresách. Své hudební &hellip; <a href="https://regionplus.cz/chuchle/vyznamne-osobnosti/petru-jana/">Celý příspěvek <span class="meta-nav">&rarr;</span></a></p>
