{"id":1238,"date":"2025-12-02T19:13:48","date_gmt":"2025-12-02T18:13:48","guid":{"rendered":"https:\/\/regionplus.cz\/chuchle\/?page_id=1238"},"modified":"2025-12-02T19:14:04","modified_gmt":"2025-12-02T18:14:04","slug":"pomnik-jaroslavu-kosovi","status":"publish","type":"page","link":"https:\/\/regionplus.cz\/chuchle\/zajimavosti\/pomnik-jaroslavu-kosovi\/","title":{"rendered":"Pomn\u00edk Jaroslavu Kosovi"},"content":{"rendered":"<p><a href=\"http:\/\/regionplus.cz\/chuchle\/wp-content\/uploads\/sites\/2\/2025\/12\/jaroslav-kos-mala-chuchle.jpg\"><img loading=\"lazy\" decoding=\"async\" class=\"aligncenter size-full wp-image-1239\" src=\"http:\/\/regionplus.cz\/chuchle\/wp-content\/uploads\/sites\/2\/2025\/12\/jaroslav-kos-mala-chuchle.jpg\" alt=\"\" width=\"1043\" height=\"1854\" srcset=\"https:\/\/regionplus.cz\/chuchle\/wp-content\/uploads\/sites\/2\/2025\/12\/jaroslav-kos-mala-chuchle.jpg 1043w, https:\/\/regionplus.cz\/chuchle\/wp-content\/uploads\/sites\/2\/2025\/12\/jaroslav-kos-mala-chuchle-169x300.jpg 169w, https:\/\/regionplus.cz\/chuchle\/wp-content\/uploads\/sites\/2\/2025\/12\/jaroslav-kos-mala-chuchle-576x1024.jpg 576w, https:\/\/regionplus.cz\/chuchle\/wp-content\/uploads\/sites\/2\/2025\/12\/jaroslav-kos-mala-chuchle-768x1365.jpg 768w, https:\/\/regionplus.cz\/chuchle\/wp-content\/uploads\/sites\/2\/2025\/12\/jaroslav-kos-mala-chuchle-864x1536.jpg 864w\" sizes=\"auto, (max-width: 1043px) 100vw, 1043px\" \/><\/a><\/p>\n<p>Na budov\u011b Institutu vzd\u011bl\u00e1v\u00e1n\u00ed a poradenstv\u00ed \u010cesk\u00e9 zem\u011bd\u011blsk\u00e9 univerzity na adrese V L\u00e1zn\u00edch 42\/3 byla po II. sv\u011btov\u00e9 v\u00e1lce z\u00e1sluhou poz\u016fstal\u00fdch um\u00edst\u011bna pam\u011btn\u00ed deska Jaroslavu Kosovi, majiteli zdej\u0161\u00ed restaurace &#8222;U p\u0159\u00edstavu.&#8220; kter\u00fd na tomto m\u00edst\u011b byl 8. 5. 1945 zast\u0159elen n\u011bmeck\u00fdm voj\u00e1kem p\u0159i \u00fat\u011bku do lesa.<\/p>\n<p>P\u016fvodn\u00ed pam\u011btn\u00ed deska byla v roce 1981 v r\u00e1mci rekonstrukce odstran\u011bna a ztratila se. Pietn\u00ed m\u00edsto bylo obnoveno ve spolupr\u00e1ci m\u011bstsk\u00e9 \u010d\u00e1sti Praha &#8211; Velk\u00e1 Chuchle i Institutu vzd\u011bl\u00e1v\u00e1n\u00ed a poradenstv\u00ed \u010cesk\u00e9 zem\u011bd\u011blsk\u00e9 univerzity. Slavnostn\u00ed odhalen\u00ed nov\u00e9 pam\u011btn\u00ed desky se konalo 5. 5. 2025 v r\u00e1mci pietn\u00edch akt\u016f p\u0159i p\u0159\u00edle\u017eitosti 80. v\u00fdro\u010d\u00ed od konce II. sv\u011btov\u00e9 v\u00e1lky.<\/p>\n<p>Report\u00e1\u017e ze slavnostn\u00edho odhalen\u00ed a pietn\u00edch akt\u016f je zve\u0159ejn\u011bna <a href=\"https:\/\/regionplus.cz\/chuchle\/2025\/05\/19\/80-let-vzpominky-na-kveten-1945\/\">ve zvl\u00e1\u0161tn\u00edm \u010dl\u00e1nku.<\/a><\/p>\n","protected":false},"excerpt":{"rendered":"<p>Na budov\u011b Institutu vzd\u011bl\u00e1v\u00e1n\u00ed a poradenstv\u00ed \u010cesk\u00e9 zem\u011bd\u011blsk\u00e9 univerzity na adrese V L\u00e1zn\u00edch 42\/3 byla po II. sv\u011btov\u00e9 v\u00e1lce z\u00e1sluhou poz\u016fstal\u00fdch um\u00edst\u011bna pam\u011btn\u00ed deska Jaroslavu Kosovi, majiteli zdej\u0161\u00ed restaurace &#8222;U p\u0159\u00edstavu.&#8220; kter\u00fd na tomto m\u00edst\u011b byl 8. 5. 1945 zast\u0159elen &hellip; <a href=\"https:\/\/regionplus.cz\/chuchle\/zajimavosti\/pomnik-jaroslavu-kosovi\/\">Cel\u00fd p\u0159\u00edsp\u011bvek <span class=\"meta-nav\">&rarr;<\/span><\/a><\/p>\n","protected":false},"author":1,"featured_media":0,"parent":225,"menu_order":0,"comment_status":"closed","ping_status":"closed","template":"","meta":{"footnotes":""},"class_list":["post-1238","page","type-page","status-publish","hentry"],"_links":{"self":[{"href":"https:\/\/regionplus.cz\/chuchle\/wp-json\/wp\/v2\/pages\/1238","targetHints":{"allow":["GET"]}}],"collection":[{"href":"https:\/\/regionplus.cz\/chuchle\/wp-json\/wp\/v2\/pages"}],"about":[{"href":"https:\/\/regionplus.cz\/chuchle\/wp-json\/wp\/v2\/types\/page"}],"author":[{"embeddable":true,"href":"https:\/\/regionplus.cz\/chuchle\/wp-json\/wp\/v2\/users\/1"}],"replies":[{"embeddable":true,"href":"https:\/\/regionplus.cz\/chuchle\/wp-json\/wp\/v2\/comments?post=1238"}],"version-history":[{"count":1,"href":"https:\/\/regionplus.cz\/chuchle\/wp-json\/wp\/v2\/pages\/1238\/revisions"}],"predecessor-version":[{"id":1240,"href":"https:\/\/regionplus.cz\/chuchle\/wp-json\/wp\/v2\/pages\/1238\/revisions\/1240"}],"up":[{"embeddable":true,"href":"https:\/\/regionplus.cz\/chuchle\/wp-json\/wp\/v2\/pages\/225"}],"wp:attachment":[{"href":"https:\/\/regionplus.cz\/chuchle\/wp-json\/wp\/v2\/media?parent=1238"}],"curies":[{"name":"wp","href":"https:\/\/api.w.org\/{rel}","templated":true}]}}

Pomník Jaroslavu Kosovi

<p><a href="http://regionplus.cz/chuchle/wp-content/uploads/sites/2/2025/12/jaroslav-kos-mala-chuchle.jpg"><img loading="lazy" decoding="async" class="aligncenter size-full wp-image-1239" src="http://regionplus.cz/chuchle/wp-content/uploads/sites/2/2025/12/jaroslav-kos-mala-chuchle.jpg" alt="" width="1043" height="1854" srcset="https://regionplus.cz/chuchle/wp-content/uploads/sites/2/2025/12/jaroslav-kos-mala-chuchle.jpg 1043w, https://regionplus.cz/chuchle/wp-content/uploads/sites/2/2025/12/jaroslav-kos-mala-chuchle-169x300.jpg 169w, https://regionplus.cz/chuchle/wp-content/uploads/sites/2/2025/12/jaroslav-kos-mala-chuchle-576x1024.jpg 576w, https://regionplus.cz/chuchle/wp-content/uploads/sites/2/2025/12/jaroslav-kos-mala-chuchle-768x1365.jpg 768w, https://regionplus.cz/chuchle/wp-content/uploads/sites/2/2025/12/jaroslav-kos-mala-chuchle-864x1536.jpg 864w" sizes="auto, (max-width: 1043px) 100vw, 1043px" /></a></p>
<p>Na budově Institutu vzdělávání a poradenství České zemědělské univerzity na adrese V Lázních 42/3 byla po II. světové válce zásluhou pozůstalých umístěna pamětní deska Jaroslavu Kosovi, majiteli zdejší restaurace &#8222;U přístavu.&#8220; který na tomto místě byl 8. 5. 1945 zastřelen německým vojákem při útěku do lesa.</p>
<p>Původní pamětní deska byla v roce 1981 v rámci rekonstrukce odstraněna a ztratila se. Pietní místo bylo obnoveno ve spolupráci městské části Praha &#8211; Velká Chuchle i Institutu vzdělávání a poradenství České zemědělské univerzity. Slavnostní odhalení nové pamětní desky se konalo 5. 5. 2025 v rámci pietních aktů při příležitosti 80. výročí od konce II. světové války.</p>
<p>Reportáž ze slavnostního odhalení a pietních aktů je zveřejněna <a href="https://regionplus.cz/chuchle/2025/05/19/80-let-vzpominky-na-kveten-1945/">ve zvláštním článku.</a></p>

<p>Na budově Institutu vzdělávání a poradenství České zemědělské univerzity na adrese V Lázních 42/3 byla po II. světové válce zásluhou pozůstalých umístěna pamětní deska Jaroslavu Kosovi, majiteli zdejší restaurace &#8222;U přístavu.&#8220; který na tomto místě byl 8. 5. 1945 zastřelen &hellip; <a href="https://regionplus.cz/chuchle/zajimavosti/pomnik-jaroslavu-kosovi/">Celý příspěvek <span class="meta-nav">&rarr;</span></a></p>
