{"id":1235,"date":"2025-11-25T22:35:59","date_gmt":"2025-11-25T21:35:59","guid":{"rendered":"https:\/\/regionplus.cz\/chuchle\/?page_id=1235"},"modified":"2025-11-25T22:35:59","modified_gmt":"2025-11-25T21:35:59","slug":"klempir-jaroslav","status":"publish","type":"page","link":"https:\/\/regionplus.cz\/chuchle\/vyznamne-osobnosti\/klempir-jaroslav\/","title":{"rendered":"Klemp\u00ed\u0159 Jaroslav"},"content":{"rendered":"<p>Narodil se 21. 5. 1938 v Praze. Nejd\u0159\u00edve se vyu\u010dil \u0161tukat\u00e9rem, pot\u00e9 studoval hru na fl\u00e9tnu na pra\u017esk\u00e9 konzervato\u0159i a nakonec se v\u011bnoval studiu etnografie a geografie. P\u016fvodn\u011b se \u017eivil hudbou stejn\u011b jako jeho slavn\u00fd bratr, skladatel Jarom\u00edr Klemp\u00ed\u0159. Pracoval jako novin\u00e1\u0159, fotograf a filma\u0159 se zam\u011b\u0159en\u00edm na cestopisn\u00e9 dokumenty z Gr\u00f3nska. Z\u00edskal \u0159adu ocen\u011bn\u00ed, v roce 2006 nap\u0159. \u010cestn\u00e9 uzn\u00e1n\u00ed Ministra \u017eivotn\u00edho prost\u0159ed\u00ed za \u0161\u00ed\u0159en\u00ed pov\u011bdom\u00ed o \u017eivotn\u00edm prost\u0159ed\u00ed a kultu\u0159e \u010cesk\u00e9 republiky ve sv\u011bt\u011b. Ve stejn\u00e9m roce byl spolu s man\u017eelkou Alenou pozv\u00e1n na audienci u d\u00e1nsk\u00e9 korunn\u00ed princezny Mary. Zem\u0159el 3. \u0159\u00edjna 2025.<\/p>\n<p>Je autorem \u0159ady publikac\u00ed o Gr\u00f3nsku:<\/p>\n<p>&nbsp;<\/p>\n<table class=\"new2\">\n<tbody>\n<tr>\n<td class=\"vt\"><em class=\"year\">2022<\/em><\/td>\n<td><img decoding=\"async\" class=\"odr abs\" title=\"0%\" src=\"https:\/\/www.databazeknih.cz\/img\/content\/squares\/white_big.gif\" alt=\"0%\" \/><a href=\"https:\/\/www.databazeknih.cz\/prehled-knihy\/cesti-eskymaci-na-cestach-putovani-modernim-gronskem-a-svetem-505735\">\u010ce\u0161t\u00ed eskym\u00e1ci na cest\u00e1ch: Putov\u00e1n\u00ed modern\u00edm Gr\u00f3nskem a sv\u011btem<\/a><\/td>\n<\/tr>\n<tr>\n<td class=\"vt\"><em class=\"year\">2014<\/em><\/td>\n<td><img decoding=\"async\" class=\"odr abs\" title=\"81%\" src=\"https:\/\/www.databazeknih.cz\/img\/content\/squares\/red_big.gif\" alt=\"81%\" \/><a href=\"https:\/\/www.databazeknih.cz\/prehled-knihy\/gronsko-ostrov-splnene-touhy-222255\">Gr\u00f3nsko &#8211; Ostrov spln\u011bn\u00e9 touhy<\/a><\/td>\n<\/tr>\n<tr>\n<td class=\"vt\"><em class=\"year\">2016<\/em><\/td>\n<td><img decoding=\"async\" class=\"odr abs\" title=\"73%\" src=\"https:\/\/www.databazeknih.cz\/img\/content\/squares\/orange_big.gif\" alt=\"73%\" \/><a href=\"https:\/\/www.databazeknih.cz\/prehled-knihy\/gronsko-ostrov-splnene-touhy-319122\">Gr\u00f3nsko &#8211; Ostrov spln\u011bn\u00e9 touhy<\/a><\/td>\n<\/tr>\n<tr>\n<td class=\"vt\"><em class=\"year\">2021<\/em><\/td>\n<td><img decoding=\"async\" class=\"odr abs\" title=\"50%\" src=\"https:\/\/www.databazeknih.cz\/img\/content\/squares\/blue_big.gif\" alt=\"50%\" \/><a href=\"https:\/\/www.databazeknih.cz\/prehled-knihy\/taje-gronskeho-zivota-baje-myty-a-jina-vypraveni-469011\">Taje gr\u00f3nsk\u00e9ho \u017eivota: B\u00e1je, m\u00fdty a jin\u00e1 vypr\u00e1v\u011bn\u00ed<\/a><\/td>\n<\/tr>\n<\/tbody>\n<\/table>\n","protected":false},"excerpt":{"rendered":"<p>Narodil se 21. 5. 1938 v Praze. Nejd\u0159\u00edve se vyu\u010dil \u0161tukat\u00e9rem, pot\u00e9 studoval hru na fl\u00e9tnu na pra\u017esk\u00e9 konzervato\u0159i a nakonec se v\u011bnoval studiu etnografie a geografie. P\u016fvodn\u011b se \u017eivil hudbou stejn\u011b jako jeho slavn\u00fd bratr, skladatel Jarom\u00edr Klemp\u00ed\u0159. Pracoval &hellip; <a href=\"https:\/\/regionplus.cz\/chuchle\/vyznamne-osobnosti\/klempir-jaroslav\/\">Cel\u00fd p\u0159\u00edsp\u011bvek <span class=\"meta-nav\">&rarr;<\/span><\/a><\/p>\n","protected":false},"author":1,"featured_media":0,"parent":96,"menu_order":0,"comment_status":"closed","ping_status":"closed","template":"","meta":{"footnotes":""},"class_list":["post-1235","page","type-page","status-publish","hentry"],"_links":{"self":[{"href":"https:\/\/regionplus.cz\/chuchle\/wp-json\/wp\/v2\/pages\/1235","targetHints":{"allow":["GET"]}}],"collection":[{"href":"https:\/\/regionplus.cz\/chuchle\/wp-json\/wp\/v2\/pages"}],"about":[{"href":"https:\/\/regionplus.cz\/chuchle\/wp-json\/wp\/v2\/types\/page"}],"author":[{"embeddable":true,"href":"https:\/\/regionplus.cz\/chuchle\/wp-json\/wp\/v2\/users\/1"}],"replies":[{"embeddable":true,"href":"https:\/\/regionplus.cz\/chuchle\/wp-json\/wp\/v2\/comments?post=1235"}],"version-history":[{"count":1,"href":"https:\/\/regionplus.cz\/chuchle\/wp-json\/wp\/v2\/pages\/1235\/revisions"}],"predecessor-version":[{"id":1236,"href":"https:\/\/regionplus.cz\/chuchle\/wp-json\/wp\/v2\/pages\/1235\/revisions\/1236"}],"up":[{"embeddable":true,"href":"https:\/\/regionplus.cz\/chuchle\/wp-json\/wp\/v2\/pages\/96"}],"wp:attachment":[{"href":"https:\/\/regionplus.cz\/chuchle\/wp-json\/wp\/v2\/media?parent=1235"}],"curies":[{"name":"wp","href":"https:\/\/api.w.org\/{rel}","templated":true}]}}

Klempíř Jaroslav

<p>Narodil se 21. 5. 1938 v Praze. Nejdříve se vyučil štukatérem, poté studoval hru na flétnu na pražské konzervatoři a nakonec se věnoval studiu etnografie a geografie. Původně se živil hudbou stejně jako jeho slavný bratr, skladatel Jaromír Klempíř. Pracoval jako novinář, fotograf a filmař se zaměřením na cestopisné dokumenty z Grónska. Získal řadu ocenění, v roce 2006 např. Čestné uznání Ministra životního prostředí za šíření povědomí o životním prostředí a kultuře České republiky ve světě. Ve stejném roce byl spolu s manželkou Alenou pozván na audienci u dánské korunní princezny Mary. Zemřel 3. října 2025.</p>
<p>Je autorem řady publikací o Grónsku:</p>
<p>&nbsp;</p>
<table class="new2">
<tbody>
<tr>
<td class="vt"><em class="year">2022</em></td>
<td><img decoding="async" class="odr abs" title="0%" src="https://www.databazeknih.cz/img/content/squares/white_big.gif" alt="0%" /><a href="https://www.databazeknih.cz/prehled-knihy/cesti-eskymaci-na-cestach-putovani-modernim-gronskem-a-svetem-505735">Čeští eskymáci na cestách: Putování moderním Grónskem a světem</a></td>
</tr>
<tr>
<td class="vt"><em class="year">2014</em></td>
<td><img decoding="async" class="odr abs" title="81%" src="https://www.databazeknih.cz/img/content/squares/red_big.gif" alt="81%" /><a href="https://www.databazeknih.cz/prehled-knihy/gronsko-ostrov-splnene-touhy-222255">Grónsko &#8211; Ostrov splněné touhy</a></td>
</tr>
<tr>
<td class="vt"><em class="year">2016</em></td>
<td><img decoding="async" class="odr abs" title="73%" src="https://www.databazeknih.cz/img/content/squares/orange_big.gif" alt="73%" /><a href="https://www.databazeknih.cz/prehled-knihy/gronsko-ostrov-splnene-touhy-319122">Grónsko &#8211; Ostrov splněné touhy</a></td>
</tr>
<tr>
<td class="vt"><em class="year">2021</em></td>
<td><img decoding="async" class="odr abs" title="50%" src="https://www.databazeknih.cz/img/content/squares/blue_big.gif" alt="50%" /><a href="https://www.databazeknih.cz/prehled-knihy/taje-gronskeho-zivota-baje-myty-a-jina-vypraveni-469011">Taje grónského života: Báje, mýty a jiná vyprávění</a></td>
</tr>
</tbody>
</table>

<p>Narodil se 21. 5. 1938 v Praze. Nejdříve se vyučil štukatérem, poté studoval hru na flétnu na pražské konzervatoři a nakonec se věnoval studiu etnografie a geografie. Původně se živil hudbou stejně jako jeho slavný bratr, skladatel Jaromír Klempíř. Pracoval &hellip; <a href="https://regionplus.cz/chuchle/vyznamne-osobnosti/klempir-jaroslav/">Celý příspěvek <span class="meta-nav">&rarr;</span></a></p>
