{"id":123,"date":"2021-10-02T23:05:25","date_gmt":"2021-10-02T21:05:25","guid":{"rendered":"http:\/\/regionplus.cz\/chuchle\/?page_id=123"},"modified":"2023-05-10T21:22:19","modified_gmt":"2023-05-10T19:22:19","slug":"nebesky-zdenek","status":"publish","type":"page","link":"https:\/\/regionplus.cz\/chuchle\/vyznamne-osobnosti\/nebesky-zdenek\/","title":{"rendered":"Nebesk\u00fd Zden\u011bk"},"content":{"rendered":"<p>22. 10. 1909 &#8211; 5. 10. 1978<\/p>\n<p>Je poh\u0159ben\u00fd na star\u00e9m h\u0159bitov\u011b ve Velk\u00e9 Chuchli, \u010d\u00edslo hrobu 228<\/p>\n","protected":false},"excerpt":{"rendered":"<p>22. 10. 1909 &#8211; 5. 10. 1978 Je poh\u0159ben\u00fd na star\u00e9m h\u0159bitov\u011b ve Velk\u00e9 Chuchli, \u010d\u00edslo hrobu 228<\/p>\n","protected":false},"author":1,"featured_media":0,"parent":96,"menu_order":0,"comment_status":"closed","ping_status":"closed","template":"","meta":{"footnotes":""},"class_list":["post-123","page","type-page","status-publish","hentry"],"_links":{"self":[{"href":"https:\/\/regionplus.cz\/chuchle\/wp-json\/wp\/v2\/pages\/123","targetHints":{"allow":["GET"]}}],"collection":[{"href":"https:\/\/regionplus.cz\/chuchle\/wp-json\/wp\/v2\/pages"}],"about":[{"href":"https:\/\/regionplus.cz\/chuchle\/wp-json\/wp\/v2\/types\/page"}],"author":[{"embeddable":true,"href":"https:\/\/regionplus.cz\/chuchle\/wp-json\/wp\/v2\/users\/1"}],"replies":[{"embeddable":true,"href":"https:\/\/regionplus.cz\/chuchle\/wp-json\/wp\/v2\/comments?post=123"}],"version-history":[{"count":3,"href":"https:\/\/regionplus.cz\/chuchle\/wp-json\/wp\/v2\/pages\/123\/revisions"}],"predecessor-version":[{"id":673,"href":"https:\/\/regionplus.cz\/chuchle\/wp-json\/wp\/v2\/pages\/123\/revisions\/673"}],"up":[{"embeddable":true,"href":"https:\/\/regionplus.cz\/chuchle\/wp-json\/wp\/v2\/pages\/96"}],"wp:attachment":[{"href":"https:\/\/regionplus.cz\/chuchle\/wp-json\/wp\/v2\/media?parent=123"}],"curies":[{"name":"wp","href":"https:\/\/api.w.org\/{rel}","templated":true}]}}

Nebeský Zdeněk

<p>22. 10. 1909 &#8211; 5. 10. 1978</p>
<p>Je pohřbený na starém hřbitově ve Velké Chuchli, číslo hrobu 228</p>

<p>22. 10. 1909 &#8211; 5. 10. 1978 Je pohřbený na starém hřbitově ve Velké Chuchli, číslo hrobu 228</p>
