{"id":121,"date":"2021-10-02T23:05:03","date_gmt":"2021-10-02T21:05:03","guid":{"rendered":"http:\/\/regionplus.cz\/chuchle\/?page_id=121"},"modified":"2022-02-23T12:22:25","modified_gmt":"2022-02-23T11:22:25","slug":"nikodem-alfred","status":"publish","type":"page","link":"https:\/\/regionplus.cz\/chuchle\/vyznamne-osobnosti\/nikodem-alfred\/","title":{"rendered":"Nikod\u00e9m Alfr\u00e9d"},"content":{"rendered":"<p><span style=\"font-weight: 400;\">25. 3. 1864 &#8211; 30. 10. 1949<\/span><\/p>\n<p><span style=\"font-weight: 400;\">Sportovn\u00ed plavec, zakladatel otu\u017eileck\u00fdch plaveb na Vltav\u011b, civiln\u00edm povol\u00e1n\u00edm zlatn\u00edk z pra\u017esk\u00e9ho Star\u00e9ho M\u011bsta, ale tak\u00e9 autor<\/span><span style=\"font-weight: 400;\">\u00a0\u00a0<\/span><span style=\"font-weight: 400;\">publikace vzpom\u00ednek z cest a sportovn\u00edch dojm\u016f.<\/span><\/p>\n<p style=\"font-weight: 400;\">K upout\u00e1n\u00ed pozornosti div\u00e1k\u016f volil netradi\u010dn\u00ed metody &#8211; v ledov\u00e9 vod\u011b plaval ve vojensk\u00e9 uniform\u011b s pu\u0161kou na z\u00e1dech nebo s nohama v pytli. Poprv\u00e9 plaval o V\u00e1noc\u00edch ve Vltav\u011b se skupinkou otu\u017eilc\u016f v roce 1923. O p\u011bt let pozd\u011bji se podobn\u00e9ho setk\u00e1n\u00ed \u00fa\u010dastnilo u\u017e 63 plavc\u016f. Naposledy plaval\u00a0Nikod\u00e9m\u00a0o V\u00e1noc\u00edch ve Vltav\u011b v roce 1945, jeho n\u00e1sledovn\u00edci pozd\u011bji v\u00a0tradici v\u00e1no\u010dn\u00edch plaveb pokra\u010duj\u00ed dodnes \u2013 ve form\u011b Memori\u00e1lu Alfr\u00e9da Nikod\u00e9ma, kter\u00fd se kon\u00e1 ka\u017edoro\u010dn\u011b na sv. \u0160t\u011bp\u00e1na.<\/p>\n<p style=\"font-weight: 400;\">Je pom\u011brn\u011b m\u00e1lo zn\u00e1mo, \u017ee Alfr\u00e9d Nikod\u00e9m byl v\u0161estrann\u00fdm sportovcem aktivn\u011b se \u00fa\u010dastnil b\u011b\u017eeck\u00fdch a chodeck\u00fdch z\u00e1vod\u016f. V roce 1925 absolvoval u p\u0159\u00edle\u017eitosti 75. narozenin prezidenta T. G. Masaryka \u0161tafetov\u00fd b\u011bh z Hodon\u00edna do Prahy v d\u00e9lce 305 kilometr\u016f. To ji\u017e \u017eil ve Velk\u00e9 Chuchli a o rok pozd\u011bji aktivn\u011b podpo\u0159il vznik SK \u010cechoslovan Chuchle (fotbalov\u00fd klub a\u017e doned\u00e1vna ka\u017edoro\u010dn\u011b ud\u011bloval putovn\u00ed poh\u00e1r Alfr\u00e9da Nikod\u00e9ma sv\u00e9mu nejaktivn\u011bj\u0161\u00edmu \u010dlenovi). Je poh\u0159ben na Vy\u0161ehradsk\u00e9m h\u0159bitov\u011b.<\/p>\n<p style=\"font-weight: 400;\">Od 29. 5. 2012 je po Alfr\u00e9du Nikod\u00e9movi pojmenov\u00e1na ulice v lokalit\u011b Lahovsk\u00e1. Nikod\u00e9mova ulice vych\u00e1z\u00ed severov\u00fdchodn\u00edm sm\u011brem z ulice K vi\u0161\u0148ov\u00e9mu sadu jihov\u00fdchodn\u011b od ulice Z\u00e1vodn\u00ed a slep\u011b kon\u010d\u00ed.<\/p>\n<p style=\"font-weight: 400;\">Mgr. Tom\u00e1\u0161 Hrom\u00e1dka<br \/>\nkronik\u00e1\u0159 M\u010c Praha &#8211; Velk\u00e1 Chuchle<\/p>\n<p><a href=\"http:\/\/regionplus.cz\/chuchle\/wp-content\/uploads\/sites\/2\/2022\/02\/nikodem-zbraslavske-noviny-1-2022.jpg\"><img loading=\"lazy\" decoding=\"async\" class=\"aligncenter size-full wp-image-472\" src=\"http:\/\/regionplus.cz\/chuchle\/wp-content\/uploads\/sites\/2\/2022\/02\/nikodem-zbraslavske-noviny-1-2022.jpg\" alt=\"\" width=\"763\" height=\"483\" srcset=\"https:\/\/regionplus.cz\/chuchle\/wp-content\/uploads\/sites\/2\/2022\/02\/nikodem-zbraslavske-noviny-1-2022.jpg 763w, https:\/\/regionplus.cz\/chuchle\/wp-content\/uploads\/sites\/2\/2022\/02\/nikodem-zbraslavske-noviny-1-2022-300x190.jpg 300w, https:\/\/regionplus.cz\/chuchle\/wp-content\/uploads\/sites\/2\/2022\/02\/nikodem-zbraslavske-noviny-1-2022-474x300.jpg 474w\" sizes=\"auto, (max-width: 763px) 100vw, 763px\" \/><\/a><\/p>\n<p style=\"text-align: center;\">Zbraslavsk\u00e9 noviny 1\/2022, str. 9<\/p>\n<p>&nbsp;<\/p>\n","protected":false},"excerpt":{"rendered":"<p>25. 3. 1864 &#8211; 30. 10. 1949 Sportovn\u00ed plavec, zakladatel otu\u017eileck\u00fdch plaveb na Vltav\u011b, civiln\u00edm povol\u00e1n\u00edm zlatn\u00edk z pra\u017esk\u00e9ho Star\u00e9ho M\u011bsta, ale tak\u00e9 autor\u00a0\u00a0publikace vzpom\u00ednek z cest a sportovn\u00edch dojm\u016f. K upout\u00e1n\u00ed pozornosti div\u00e1k\u016f volil netradi\u010dn\u00ed metody &#8211; v ledov\u00e9 &hellip; <a href=\"https:\/\/regionplus.cz\/chuchle\/vyznamne-osobnosti\/nikodem-alfred\/\">Cel\u00fd p\u0159\u00edsp\u011bvek <span class=\"meta-nav\">&rarr;<\/span><\/a><\/p>\n","protected":false},"author":1,"featured_media":0,"parent":96,"menu_order":0,"comment_status":"closed","ping_status":"closed","template":"","meta":{"footnotes":""},"class_list":["post-121","page","type-page","status-publish","hentry"],"_links":{"self":[{"href":"https:\/\/regionplus.cz\/chuchle\/wp-json\/wp\/v2\/pages\/121","targetHints":{"allow":["GET"]}}],"collection":[{"href":"https:\/\/regionplus.cz\/chuchle\/wp-json\/wp\/v2\/pages"}],"about":[{"href":"https:\/\/regionplus.cz\/chuchle\/wp-json\/wp\/v2\/types\/page"}],"author":[{"embeddable":true,"href":"https:\/\/regionplus.cz\/chuchle\/wp-json\/wp\/v2\/users\/1"}],"replies":[{"embeddable":true,"href":"https:\/\/regionplus.cz\/chuchle\/wp-json\/wp\/v2\/comments?post=121"}],"version-history":[{"count":4,"href":"https:\/\/regionplus.cz\/chuchle\/wp-json\/wp\/v2\/pages\/121\/revisions"}],"predecessor-version":[{"id":473,"href":"https:\/\/regionplus.cz\/chuchle\/wp-json\/wp\/v2\/pages\/121\/revisions\/473"}],"up":[{"embeddable":true,"href":"https:\/\/regionplus.cz\/chuchle\/wp-json\/wp\/v2\/pages\/96"}],"wp:attachment":[{"href":"https:\/\/regionplus.cz\/chuchle\/wp-json\/wp\/v2\/media?parent=121"}],"curies":[{"name":"wp","href":"https:\/\/api.w.org\/{rel}","templated":true}]}}

Nikodém Alfréd

<p><span style="font-weight: 400;">25. 3. 1864 &#8211; 30. 10. 1949</span></p>
<p><span style="font-weight: 400;">Sportovní plavec, zakladatel otužileckých plaveb na Vltavě, civilním povoláním zlatník z pražského Starého Města, ale také autor</span><span style="font-weight: 400;">  </span><span style="font-weight: 400;">publikace vzpomínek z cest a sportovních dojmů.</span></p>
<p style="font-weight: 400;">K upoutání pozornosti diváků volil netradiční metody &#8211; v ledové vodě plaval ve vojenské uniformě s puškou na zádech nebo s nohama v pytli. Poprvé plaval o Vánocích ve Vltavě se skupinkou otužilců v roce 1923. O pět let později se podobného setkání účastnilo už 63 plavců. Naposledy plaval Nikodém o Vánocích ve Vltavě v roce 1945, jeho následovníci později v tradici vánočních plaveb pokračují dodnes – ve formě Memoriálu Alfréda Nikodéma, který se koná každoročně na sv. Štěpána.</p>
<p style="font-weight: 400;">Je poměrně málo známo, že Alfréd Nikodém byl všestranným sportovcem aktivně se účastnil běžeckých a chodeckých závodů. V roce 1925 absolvoval u příležitosti 75. narozenin prezidenta T. G. Masaryka štafetový běh z Hodonína do Prahy v délce 305 kilometrů. To již žil ve Velké Chuchli a o rok později aktivně podpořil vznik SK Čechoslovan Chuchle (fotbalový klub až donedávna každoročně uděloval putovní pohár Alfréda Nikodéma svému nejaktivnějšímu členovi). Je pohřben na Vyšehradském hřbitově.</p>
<p style="font-weight: 400;">Od 29. 5. 2012 je po Alfrédu Nikodémovi pojmenována ulice v lokalitě Lahovská. Nikodémova ulice vychází severovýchodním směrem z ulice K višňovému sadu jihovýchodně od ulice Závodní a slepě končí.</p>
<p style="font-weight: 400;">Mgr. Tomáš Hromádka<br />
kronikář MČ Praha &#8211; Velká Chuchle</p>
<p><a href="http://regionplus.cz/chuchle/wp-content/uploads/sites/2/2022/02/nikodem-zbraslavske-noviny-1-2022.jpg"><img loading="lazy" decoding="async" class="aligncenter size-full wp-image-472" src="http://regionplus.cz/chuchle/wp-content/uploads/sites/2/2022/02/nikodem-zbraslavske-noviny-1-2022.jpg" alt="" width="763" height="483" srcset="https://regionplus.cz/chuchle/wp-content/uploads/sites/2/2022/02/nikodem-zbraslavske-noviny-1-2022.jpg 763w, https://regionplus.cz/chuchle/wp-content/uploads/sites/2/2022/02/nikodem-zbraslavske-noviny-1-2022-300x190.jpg 300w, https://regionplus.cz/chuchle/wp-content/uploads/sites/2/2022/02/nikodem-zbraslavske-noviny-1-2022-474x300.jpg 474w" sizes="auto, (max-width: 763px) 100vw, 763px" /></a></p>
<p style="text-align: center;">Zbraslavské noviny 1/2022, str. 9</p>
<p>&nbsp;</p>

<p>25. 3. 1864 &#8211; 30. 10. 1949 Sportovní plavec, zakladatel otužileckých plaveb na Vltavě, civilním povoláním zlatník z pražského Starého Města, ale také autor  publikace vzpomínek z cest a sportovních dojmů. K upoutání pozornosti diváků volil netradiční metody &#8211; v ledové &hellip; <a href="https://regionplus.cz/chuchle/vyznamne-osobnosti/nikodem-alfred/">Celý příspěvek <span class="meta-nav">&rarr;</span></a></p>
