{"id":1202,"date":"2025-09-23T20:20:36","date_gmt":"2025-09-23T18:20:36","guid":{"rendered":"https:\/\/regionplus.cz\/chuchle\/?page_id=1202"},"modified":"2025-09-23T20:20:42","modified_gmt":"2025-09-23T18:20:42","slug":"vorarsky-pomnicek","status":"publish","type":"page","link":"https:\/\/regionplus.cz\/chuchle\/zajimavosti\/vorarsky-pomnicek\/","title":{"rendered":"Vora\u0159sk\u00fd pomn\u00ed\u010dek"},"content":{"rendered":"<p>P\u0159i p\u0159\u00edle\u017eitosti 880. v\u00fdro\u010d\u00ed prvn\u00ed zm\u00ednky o Chuchli byl 21. z\u00e1\u0159\u00ed 2012 odhalen za p\u0159\u00edtomnosti starosty Velk\u00e9 Chuchle Mgr. Martina Melichara, \u0159editele Povod\u00ed Vltavy Petra Kubaly, \u010dlen\u016f spolku Vltavan Praha, Vltavan \u0160t\u011bchovice a m\u00edstn\u00edch rod\u00e1k\u016f pomn\u00ed\u010dek vora\u0159\u016fm\u00a0 Jde o kv\u00e1dr s \u00favazov\u00fdm kruhem, kter\u00fd byl sou\u010d\u00e1st\u00ed navigace a po vybudov\u00e1n\u00ed cyklostezky dnes stoj\u00ed na vltavsk\u00e9m b\u0159ehu p\u0159ed lod\u011bnic\u00ed USK u paty p\u0159emost\u011bn\u00ed Strakonick\u00e9 ulice. Sou\u010dasn\u011b zde byly zasazeny dv\u011b pam\u00e1te\u010dn\u00ed l\u00edpy. Osazen\u00ed pam\u011btn\u00ed cedule a zasazen\u00ed l\u00edp bylo financov\u00e1no ze sponzorsk\u00e9ho daru Radiov\u00e9 syst\u00e9my a komunikace spol. s r.o.<\/p>\n<p><a href=\"http:\/\/regionplus.cz\/chuchle\/wp-content\/uploads\/sites\/2\/2025\/09\/pamatce-vorarum2012.jpg\"><img loading=\"lazy\" decoding=\"async\" class=\"aligncenter size-full wp-image-1203\" src=\"http:\/\/regionplus.cz\/chuchle\/wp-content\/uploads\/sites\/2\/2025\/09\/pamatce-vorarum2012.jpg\" alt=\"\" width=\"1000\" height=\"750\" srcset=\"https:\/\/regionplus.cz\/chuchle\/wp-content\/uploads\/sites\/2\/2025\/09\/pamatce-vorarum2012.jpg 1000w, https:\/\/regionplus.cz\/chuchle\/wp-content\/uploads\/sites\/2\/2025\/09\/pamatce-vorarum2012-300x225.jpg 300w, https:\/\/regionplus.cz\/chuchle\/wp-content\/uploads\/sites\/2\/2025\/09\/pamatce-vorarum2012-768x576.jpg 768w, https:\/\/regionplus.cz\/chuchle\/wp-content\/uploads\/sites\/2\/2025\/09\/pamatce-vorarum2012-400x300.jpg 400w, https:\/\/regionplus.cz\/chuchle\/wp-content\/uploads\/sites\/2\/2025\/09\/pamatce-vorarum2012-160x120.jpg 160w\" sizes=\"auto, (max-width: 1000px) 100vw, 1000px\" \/><\/a><\/p>\n<p>&nbsp;<\/p>\n","protected":false},"excerpt":{"rendered":"<p>P\u0159i p\u0159\u00edle\u017eitosti 880. v\u00fdro\u010d\u00ed prvn\u00ed zm\u00ednky o Chuchli byl 21. z\u00e1\u0159\u00ed 2012 odhalen za p\u0159\u00edtomnosti starosty Velk\u00e9 Chuchle Mgr. Martina Melichara, \u0159editele Povod\u00ed Vltavy Petra Kubaly, \u010dlen\u016f spolku Vltavan Praha, Vltavan \u0160t\u011bchovice a m\u00edstn\u00edch rod\u00e1k\u016f pomn\u00ed\u010dek vora\u0159\u016fm\u00a0 Jde o kv\u00e1dr &hellip; <a href=\"https:\/\/regionplus.cz\/chuchle\/zajimavosti\/vorarsky-pomnicek\/\">Cel\u00fd p\u0159\u00edsp\u011bvek <span class=\"meta-nav\">&rarr;<\/span><\/a><\/p>\n","protected":false},"author":1,"featured_media":0,"parent":225,"menu_order":0,"comment_status":"closed","ping_status":"closed","template":"","meta":{"footnotes":""},"class_list":["post-1202","page","type-page","status-publish","hentry"],"_links":{"self":[{"href":"https:\/\/regionplus.cz\/chuchle\/wp-json\/wp\/v2\/pages\/1202","targetHints":{"allow":["GET"]}}],"collection":[{"href":"https:\/\/regionplus.cz\/chuchle\/wp-json\/wp\/v2\/pages"}],"about":[{"href":"https:\/\/regionplus.cz\/chuchle\/wp-json\/wp\/v2\/types\/page"}],"author":[{"embeddable":true,"href":"https:\/\/regionplus.cz\/chuchle\/wp-json\/wp\/v2\/users\/1"}],"replies":[{"embeddable":true,"href":"https:\/\/regionplus.cz\/chuchle\/wp-json\/wp\/v2\/comments?post=1202"}],"version-history":[{"count":1,"href":"https:\/\/regionplus.cz\/chuchle\/wp-json\/wp\/v2\/pages\/1202\/revisions"}],"predecessor-version":[{"id":1204,"href":"https:\/\/regionplus.cz\/chuchle\/wp-json\/wp\/v2\/pages\/1202\/revisions\/1204"}],"up":[{"embeddable":true,"href":"https:\/\/regionplus.cz\/chuchle\/wp-json\/wp\/v2\/pages\/225"}],"wp:attachment":[{"href":"https:\/\/regionplus.cz\/chuchle\/wp-json\/wp\/v2\/media?parent=1202"}],"curies":[{"name":"wp","href":"https:\/\/api.w.org\/{rel}","templated":true}]}}

Vorařský pomníček

<p>Při příležitosti 880. výročí první zmínky o Chuchli byl 21. září 2012 odhalen za přítomnosti starosty Velké Chuchle Mgr. Martina Melichara, ředitele Povodí Vltavy Petra Kubaly, členů spolku Vltavan Praha, Vltavan Štěchovice a místních rodáků pomníček vorařům  Jde o kvádr s úvazovým kruhem, který byl součástí navigace a po vybudování cyklostezky dnes stojí na vltavském břehu před loděnicí USK u paty přemostění Strakonické ulice. Současně zde byly zasazeny dvě památeční lípy. Osazení pamětní cedule a zasazení líp bylo financováno ze sponzorského daru Radiové systémy a komunikace spol. s r.o.</p>
<p><a href="http://regionplus.cz/chuchle/wp-content/uploads/sites/2/2025/09/pamatce-vorarum2012.jpg"><img loading="lazy" decoding="async" class="aligncenter size-full wp-image-1203" src="http://regionplus.cz/chuchle/wp-content/uploads/sites/2/2025/09/pamatce-vorarum2012.jpg" alt="" width="1000" height="750" srcset="https://regionplus.cz/chuchle/wp-content/uploads/sites/2/2025/09/pamatce-vorarum2012.jpg 1000w, https://regionplus.cz/chuchle/wp-content/uploads/sites/2/2025/09/pamatce-vorarum2012-300x225.jpg 300w, https://regionplus.cz/chuchle/wp-content/uploads/sites/2/2025/09/pamatce-vorarum2012-768x576.jpg 768w, https://regionplus.cz/chuchle/wp-content/uploads/sites/2/2025/09/pamatce-vorarum2012-400x300.jpg 400w, https://regionplus.cz/chuchle/wp-content/uploads/sites/2/2025/09/pamatce-vorarum2012-160x120.jpg 160w" sizes="auto, (max-width: 1000px) 100vw, 1000px" /></a></p>
<p>&nbsp;</p>

<p>Při příležitosti 880. výročí první zmínky o Chuchli byl 21. září 2012 odhalen za přítomnosti starosty Velké Chuchle Mgr. Martina Melichara, ředitele Povodí Vltavy Petra Kubaly, členů spolku Vltavan Praha, Vltavan Štěchovice a místních rodáků pomníček vorařům  Jde o kvádr &hellip; <a href="https://regionplus.cz/chuchle/zajimavosti/vorarsky-pomnicek/">Celý příspěvek <span class="meta-nav">&rarr;</span></a></p>
