{"id":119,"date":"2021-10-02T23:04:32","date_gmt":"2021-10-02T21:04:32","guid":{"rendered":"http:\/\/regionplus.cz\/chuchle\/?page_id=119"},"modified":"2023-05-10T21:35:52","modified_gmt":"2023-05-10T19:35:52","slug":"moulis-vladislav","status":"publish","type":"page","link":"https:\/\/regionplus.cz\/chuchle\/vyznamne-osobnosti\/moulis-vladislav\/","title":{"rendered":"Moulis Vladislav"},"content":{"rendered":"<p>29. 8. 1931 &#8211; 10. 1. 2006<\/p>\n<p>Je poh\u0159ben\u00fd na star\u00e9m h\u0159bitov\u011b ve Velk\u00e9 Chuchli, \u010d\u00edslo hrobu 237.<\/p>\n","protected":false},"excerpt":{"rendered":"<p>29. 8. 1931 &#8211; 10. 1. 2006 Je poh\u0159ben\u00fd na star\u00e9m h\u0159bitov\u011b ve Velk\u00e9 Chuchli, \u010d\u00edslo hrobu 237.<\/p>\n","protected":false},"author":1,"featured_media":0,"parent":96,"menu_order":0,"comment_status":"closed","ping_status":"closed","template":"","meta":{"footnotes":""},"class_list":["post-119","page","type-page","status-publish","hentry"],"_links":{"self":[{"href":"https:\/\/regionplus.cz\/chuchle\/wp-json\/wp\/v2\/pages\/119","targetHints":{"allow":["GET"]}}],"collection":[{"href":"https:\/\/regionplus.cz\/chuchle\/wp-json\/wp\/v2\/pages"}],"about":[{"href":"https:\/\/regionplus.cz\/chuchle\/wp-json\/wp\/v2\/types\/page"}],"author":[{"embeddable":true,"href":"https:\/\/regionplus.cz\/chuchle\/wp-json\/wp\/v2\/users\/1"}],"replies":[{"embeddable":true,"href":"https:\/\/regionplus.cz\/chuchle\/wp-json\/wp\/v2\/comments?post=119"}],"version-history":[{"count":3,"href":"https:\/\/regionplus.cz\/chuchle\/wp-json\/wp\/v2\/pages\/119\/revisions"}],"predecessor-version":[{"id":678,"href":"https:\/\/regionplus.cz\/chuchle\/wp-json\/wp\/v2\/pages\/119\/revisions\/678"}],"up":[{"embeddable":true,"href":"https:\/\/regionplus.cz\/chuchle\/wp-json\/wp\/v2\/pages\/96"}],"wp:attachment":[{"href":"https:\/\/regionplus.cz\/chuchle\/wp-json\/wp\/v2\/media?parent=119"}],"curies":[{"name":"wp","href":"https:\/\/api.w.org\/{rel}","templated":true}]}}

<p>29. 8. 1931 &#8211; 10. 1. 2006</p>
<p>Je pohřbený na starém hřbitově ve Velké Chuchli, číslo hrobu 237.</p>

<p>29. 8. 1931 &#8211; 10. 1. 2006 Je pohřbený na starém hřbitově ve Velké Chuchli, číslo hrobu 237.</p>
