{"id":115,"date":"2021-10-02T23:03:42","date_gmt":"2021-10-02T21:03:42","guid":{"rendered":"http:\/\/regionplus.cz\/chuchle\/?page_id=115"},"modified":"2023-04-18T23:50:17","modified_gmt":"2023-04-18T21:50:17","slug":"lakatos-demeter","status":"publish","type":"page","link":"https:\/\/regionplus.cz\/chuchle\/vyznamne-osobnosti\/lakatos-demeter\/","title":{"rendered":"Lakato\u0161 Demeter"},"content":{"rendered":"<div id=\"attachment_623\" style=\"width: 594px\" class=\"wp-caption aligncenter\"><a href=\"http:\/\/regionplus.cz\/chuchle\/wp-content\/uploads\/sites\/2\/2023\/04\/demeter_lakatos.jpg\"><img loading=\"lazy\" decoding=\"async\" aria-describedby=\"caption-attachment-623\" class=\"size-full wp-image-623\" src=\"http:\/\/regionplus.cz\/chuchle\/wp-content\/uploads\/sites\/2\/2023\/04\/demeter_lakatos.jpg\" alt=\"\" width=\"584\" height=\"418\" srcset=\"https:\/\/regionplus.cz\/chuchle\/wp-content\/uploads\/sites\/2\/2023\/04\/demeter_lakatos.jpg 584w, https:\/\/regionplus.cz\/chuchle\/wp-content\/uploads\/sites\/2\/2023\/04\/demeter_lakatos-300x215.jpg 300w, https:\/\/regionplus.cz\/chuchle\/wp-content\/uploads\/sites\/2\/2023\/04\/demeter_lakatos-419x300.jpg 419w\" sizes=\"auto, (max-width: 584px) 100vw, 584px\" \/><\/a><p id=\"caption-attachment-623\" class=\"wp-caption-text\">Demeter Lakato\u0161 mezi sv\u00fdmi kolegy ze Svazu protifa\u0161istick\u00fdch bojovn\u00edk\u016f (v pozad\u00ed s br\u00fdlemi Josef Seraf\u00edn)<\/p><\/div>\n","protected":false},"excerpt":{"rendered":"","protected":false},"author":1,"featured_media":0,"parent":96,"menu_order":0,"comment_status":"closed","ping_status":"closed","template":"","meta":{"footnotes":""},"class_list":["post-115","page","type-page","status-publish","hentry"],"_links":{"self":[{"href":"https:\/\/regionplus.cz\/chuchle\/wp-json\/wp\/v2\/pages\/115","targetHints":{"allow":["GET"]}}],"collection":[{"href":"https:\/\/regionplus.cz\/chuchle\/wp-json\/wp\/v2\/pages"}],"about":[{"href":"https:\/\/regionplus.cz\/chuchle\/wp-json\/wp\/v2\/types\/page"}],"author":[{"embeddable":true,"href":"https:\/\/regionplus.cz\/chuchle\/wp-json\/wp\/v2\/users\/1"}],"replies":[{"embeddable":true,"href":"https:\/\/regionplus.cz\/chuchle\/wp-json\/wp\/v2\/comments?post=115"}],"version-history":[{"count":3,"href":"https:\/\/regionplus.cz\/chuchle\/wp-json\/wp\/v2\/pages\/115\/revisions"}],"predecessor-version":[{"id":625,"href":"https:\/\/regionplus.cz\/chuchle\/wp-json\/wp\/v2\/pages\/115\/revisions\/625"}],"up":[{"embeddable":true,"href":"https:\/\/regionplus.cz\/chuchle\/wp-json\/wp\/v2\/pages\/96"}],"wp:attachment":[{"href":"https:\/\/regionplus.cz\/chuchle\/wp-json\/wp\/v2\/media?parent=115"}],"curies":[{"name":"wp","href":"https:\/\/api.w.org\/{rel}","templated":true}]}}

Lakatoš Demeter

<div id="attachment_623" style="width: 594px" class="wp-caption aligncenter"><a href="http://regionplus.cz/chuchle/wp-content/uploads/sites/2/2023/04/demeter_lakatos.jpg"><img loading="lazy" decoding="async" aria-describedby="caption-attachment-623" class="size-full wp-image-623" src="http://regionplus.cz/chuchle/wp-content/uploads/sites/2/2023/04/demeter_lakatos.jpg" alt="" width="584" height="418" srcset="https://regionplus.cz/chuchle/wp-content/uploads/sites/2/2023/04/demeter_lakatos.jpg 584w, https://regionplus.cz/chuchle/wp-content/uploads/sites/2/2023/04/demeter_lakatos-300x215.jpg 300w, https://regionplus.cz/chuchle/wp-content/uploads/sites/2/2023/04/demeter_lakatos-419x300.jpg 419w" sizes="auto, (max-width: 584px) 100vw, 584px" /></a><p id="caption-attachment-623" class="wp-caption-text">Demeter Lakatoš mezi svými kolegy ze Svazu protifašistických bojovníků (v pozadí s brýlemi Josef Serafín)</p></div>
