{"id":113,"date":"2021-10-02T23:03:13","date_gmt":"2021-10-02T21:03:13","guid":{"rendered":"http:\/\/regionplus.cz\/chuchle\/?page_id=113"},"modified":"2023-05-10T21:33:56","modified_gmt":"2023-05-10T19:33:56","slug":"kolinsky-karel","status":"publish","type":"page","link":"https:\/\/regionplus.cz\/chuchle\/vyznamne-osobnosti\/kolinsky-karel\/","title":{"rendered":"Kol\u00ednsk\u00fd Karel"},"content":{"rendered":"<p>Karel Kol\u00ednsk\u00fd se narodil 3. \u010dervna 1902 v Praze. Vystudoval Akademii v\u00fdtvarn\u00fdch um\u011bn\u00ed a jeho um\u011bleck\u00e9 zam\u011b\u0159en\u00ed pat\u0159ilo krajinomalb\u011b. Sv\u00e9 vzd\u011bl\u00e1n\u00ed si roz\u0161\u00ed\u0159il na pedagogick\u00e9 \u0161kole a z\u00edskal titul st\u0159edo\u0161kolsk\u00e9ho profesora kreslen\u00ed a matematiky. Po pedagogick\u00fdch za\u010d\u00e1tc\u00edch mimo Prahu, vyu\u010doval pak v Praze mj. i na zn\u00e1m\u00e9m Masarykov\u011b gymn\u00e1ziu v K\u0159emencov\u011b ulici. Sv\u00e1 prvn\u00ed d\u00edla v\u011bnoval pan profesor kr\u00e1se Orlick\u00fdch hor. Kdy\u017e se v r. 1938 p\u0159ist\u011bhoval se svoj\u00ed rodinou do Chuchle, m\u011bl ji\u017e za sebou um\u011bleck\u00fd pobyt na Korsice. Nov\u00fd kraj pod\u00e9l Vltavy si zamiloval: Srbsko, Radot\u00ednsk\u00e9 \u00fadol\u00ed, Lochkov i Velk\u00e1 Chuchle, byly tomuto skromn\u00e9mu \u010dlov\u011bku dostate\u010dn\u00fdm n\u00e1m\u011btem k inspiraci. Sv\u00e9 mal\u00ed\u0159sk\u00e9 zku\u0161enosti p\u0159ed\u00e1val i v penzijn\u00edm v\u011bku \u017e\u00e1k\u016fm na L\u0160U v\u00a0Mod\u0159anech a chuchel\u0161t\u00ed ob\u010dan\u00e9 ho \u010dasto vid\u011bli p\u0159i pr\u00e1ci v\u00a0plen\u00e9ru za mal\u00ed\u0159sk\u00fdm stojanem se \u0161t\u011btcem a paletou. Profesor Karel Kol\u00ednsk\u00fd zem\u0159el 25. 6. 1995.<\/p>\n<p>Je poh\u0159ben\u00fd na nov\u00e9m h\u0159bitov\u011b (urnov\u00e9m h\u00e1ji) ve Velk\u00e9 Chuchli, \u010d\u00edslo hrobu 71.<\/p>\n<p><a href=\"http:\/\/regionplus.cz\/chuchle\/wp-content\/uploads\/sites\/2\/2022\/09\/vernisaz-kolinsky-2019.jpg\"><img loading=\"lazy\" decoding=\"async\" class=\"alignright size-thumbnail wp-image-567\" src=\"http:\/\/regionplus.cz\/chuchle\/wp-content\/uploads\/sites\/2\/2022\/09\/vernisaz-kolinsky-2019-150x150.jpg\" alt=\"\" width=\"150\" height=\"150\" \/><\/a>V roce 2019 byla p\u0159i p\u0159\u00edle\u017eitosti retrospektivn\u00ed v\u00fdstavy v Topi\u010dov\u011b salonu v Praze 1 vyd\u00e1na rozs\u00e1hl\u00e1 a reprezentativn\u00ed kni\u017en\u00ed monografie historika um\u011bn\u00ed Tom\u00e1\u0161e Vl\u010dka s n\u00e1zvem Karel Kol\u00ednsk\u00fd, kterou vydal Karel Koutsk\u00fd (Atelier Fotorenesance).<\/p>\n<p>&nbsp;<\/p>\n<p>V\u00fdstavy:<\/p>\n<ul>\n<li>1997 &#8211; v chuchelsk\u00e9 sokolovn\u011b p\u0159i p\u0159\u00edle\u017eitosti 90. v\u00fdro\u010d\u00ed TJ Sokol Chuchle.<\/li>\n<li>2019 &#8211; Topi\u010d\u016fv salon, Praha 1 (4. &#8211; 29. b\u0159ezna) s n\u00e1zvem Karel Kol\u00ednsk\u00fd &#8211; portr\u00e9ty, figury, z\u00e1ti\u0161\u00ed, krajiny. V\u00fdstavu podpo\u0159ila m\u011bstsk\u00e1 \u010d\u00e1st Praha &#8211; Velk\u00e1 Chuchle.<\/li>\n<li>P\u0159i 120. v\u00fdro\u010d\u00ed narozen\u00ed si na Karla Kol\u00ednsk\u00e9ho vzpomn\u011bli v Muzeu a galerii Orlick\u00fdch hor v Rychnov\u011b nad Kn\u011b\u017enou, kam v roce 2021 v\u011bnovaly dcery Jana a Ji\u0159ina Kol\u00ednsk\u00fdch celou sb\u00edrku um\u011bleck\u00fdch d\u011bl. Splnily p\u0159\u00e1n\u00ed otce navr\u00e1tit d\u00edla do regionu, kde vznikla. V\u00fdstava se konala od 30. dubna do 12. \u010dervna 2022.<\/li>\n<\/ul>\n<p>&nbsp;<\/p>\n","protected":false},"excerpt":{"rendered":"<p>Karel Kol\u00ednsk\u00fd se narodil 3. \u010dervna 1902 v Praze. Vystudoval Akademii v\u00fdtvarn\u00fdch um\u011bn\u00ed a jeho um\u011bleck\u00e9 zam\u011b\u0159en\u00ed pat\u0159ilo krajinomalb\u011b. Sv\u00e9 vzd\u011bl\u00e1n\u00ed si roz\u0161\u00ed\u0159il na pedagogick\u00e9 \u0161kole a z\u00edskal titul st\u0159edo\u0161kolsk\u00e9ho profesora kreslen\u00ed a matematiky. Po pedagogick\u00fdch za\u010d\u00e1tc\u00edch mimo Prahu, vyu\u010doval &hellip; <a href=\"https:\/\/regionplus.cz\/chuchle\/vyznamne-osobnosti\/kolinsky-karel\/\">Cel\u00fd p\u0159\u00edsp\u011bvek <span class=\"meta-nav\">&rarr;<\/span><\/a><\/p>\n","protected":false},"author":1,"featured_media":0,"parent":96,"menu_order":0,"comment_status":"closed","ping_status":"closed","template":"","meta":{"footnotes":""},"class_list":["post-113","page","type-page","status-publish","hentry"],"_links":{"self":[{"href":"https:\/\/regionplus.cz\/chuchle\/wp-json\/wp\/v2\/pages\/113","targetHints":{"allow":["GET"]}}],"collection":[{"href":"https:\/\/regionplus.cz\/chuchle\/wp-json\/wp\/v2\/pages"}],"about":[{"href":"https:\/\/regionplus.cz\/chuchle\/wp-json\/wp\/v2\/types\/page"}],"author":[{"embeddable":true,"href":"https:\/\/regionplus.cz\/chuchle\/wp-json\/wp\/v2\/users\/1"}],"replies":[{"embeddable":true,"href":"https:\/\/regionplus.cz\/chuchle\/wp-json\/wp\/v2\/comments?post=113"}],"version-history":[{"count":5,"href":"https:\/\/regionplus.cz\/chuchle\/wp-json\/wp\/v2\/pages\/113\/revisions"}],"predecessor-version":[{"id":676,"href":"https:\/\/regionplus.cz\/chuchle\/wp-json\/wp\/v2\/pages\/113\/revisions\/676"}],"up":[{"embeddable":true,"href":"https:\/\/regionplus.cz\/chuchle\/wp-json\/wp\/v2\/pages\/96"}],"wp:attachment":[{"href":"https:\/\/regionplus.cz\/chuchle\/wp-json\/wp\/v2\/media?parent=113"}],"curies":[{"name":"wp","href":"https:\/\/api.w.org\/{rel}","templated":true}]}}

Kolínský Karel

<p>Karel Kolínský se narodil 3. června 1902 v Praze. Vystudoval Akademii výtvarných umění a jeho umělecké zaměření patřilo krajinomalbě. Své vzdělání si rozšířil na pedagogické škole a získal titul středoškolského profesora kreslení a matematiky. Po pedagogických začátcích mimo Prahu, vyučoval pak v Praze mj. i na známém Masarykově gymnáziu v Křemencově ulici. Svá první díla věnoval pan profesor kráse Orlických hor. Když se v r. 1938 přistěhoval se svojí rodinou do Chuchle, měl již za sebou umělecký pobyt na Korsice. Nový kraj podél Vltavy si zamiloval: Srbsko, Radotínské údolí, Lochkov i Velká Chuchle, byly tomuto skromnému člověku dostatečným námětem k inspiraci. Své malířské zkušenosti předával i v penzijním věku žákům na LŠU v Modřanech a chuchelští občané ho často viděli při práci v plenéru za malířským stojanem se štětcem a paletou. Profesor Karel Kolínský zemřel 25. 6. 1995.</p>
<p>Je pohřbený na novém hřbitově (urnovém háji) ve Velké Chuchli, číslo hrobu 71.</p>
<p><a href="http://regionplus.cz/chuchle/wp-content/uploads/sites/2/2022/09/vernisaz-kolinsky-2019.jpg"><img loading="lazy" decoding="async" class="alignright size-thumbnail wp-image-567" src="http://regionplus.cz/chuchle/wp-content/uploads/sites/2/2022/09/vernisaz-kolinsky-2019-150x150.jpg" alt="" width="150" height="150" /></a>V roce 2019 byla při příležitosti retrospektivní výstavy v Topičově salonu v Praze 1 vydána rozsáhlá a reprezentativní knižní monografie historika umění Tomáše Vlčka s názvem Karel Kolínský, kterou vydal Karel Koutský (Atelier Fotorenesance).</p>
<p>&nbsp;</p>
<p>Výstavy:</p>
<ul>
<li>1997 &#8211; v chuchelské sokolovně při příležitosti 90. výročí TJ Sokol Chuchle.</li>
<li>2019 &#8211; Topičův salon, Praha 1 (4. &#8211; 29. března) s názvem Karel Kolínský &#8211; portréty, figury, zátiší, krajiny. Výstavu podpořila městská část Praha &#8211; Velká Chuchle.</li>
<li>Při 120. výročí narození si na Karla Kolínského vzpomněli v Muzeu a galerii Orlických hor v Rychnově nad Kněžnou, kam v roce 2021 věnovaly dcery Jana a Jiřina Kolínských celou sbírku uměleckých děl. Splnily přání otce navrátit díla do regionu, kde vznikla. Výstava se konala od 30. dubna do 12. června 2022.</li>
</ul>
<p>&nbsp;</p>

<p>Karel Kolínský se narodil 3. června 1902 v Praze. Vystudoval Akademii výtvarných umění a jeho umělecké zaměření patřilo krajinomalbě. Své vzdělání si rozšířil na pedagogické škole a získal titul středoškolského profesora kreslení a matematiky. Po pedagogických začátcích mimo Prahu, vyučoval &hellip; <a href="https://regionplus.cz/chuchle/vyznamne-osobnosti/kolinsky-karel/">Celý příspěvek <span class="meta-nav">&rarr;</span></a></p>
