{"id":108,"date":"2021-10-02T22:56:25","date_gmt":"2021-10-02T20:56:25","guid":{"rendered":"http:\/\/regionplus.cz\/chuchle\/?page_id=108"},"modified":"2022-05-28T23:45:30","modified_gmt":"2022-05-28T21:45:30","slug":"holoubek-karel","status":"publish","type":"page","link":"https:\/\/regionplus.cz\/chuchle\/vyznamne-osobnosti\/holoubek-karel\/","title":{"rendered":"Holoubek Karel"},"content":{"rendered":"<p>1892 &#8211; 1947<\/p>\n<p>Kon\u011b, j\u00edm\u017e v podstat\u011b zasv\u011btil cel\u00fd sv\u016fj \u017eivot ho nadchli v roce 1906, kdy\u017e mu bylo \u010dtrn\u00e1ct let. Tehdy se stal \u010dlenem \u201eUnion klubu Berl\u00edn\u201c, z jeho\u017e archivn\u00edch z\u00e1znam\u016f lze vy\u010d\u00edst, \u017ee<em> \u201ejezd\u00ed dob\u0159e a m\u016f\u017ee dob\u0159e pracovat \u2013 velmi piln\u00fd\u201c.<\/em> Z dal\u0161\u00edch z\u00e1pis\u016f v pracovn\u00ed kn\u00ed\u017ece je mo\u017eno vy\u010d\u00edst, \u017ee nap\u0159\u00edklad 10. \u00fanora 1914 nastoupil u firmy Luis Stern v Colu M\u00fclheimu. Posledn\u00ed z\u00e1pis je z 15. \u010dervence 1914 od zam\u011bstnavatele Moravce, kdy Karel Holoubek na vlastn\u00ed \u017e\u00e1dost ode\u0161el a vstoupil do rakousko\u2013uhersk\u00e9 arm\u00e1dy.<\/p>\n<p>O n\u011bkolik let pozd\u011bji je prok\u00e1z\u00e1no, \u017ee byl v Rusku, v \u010deskoslovensk\u00fdch legi\u00edch. Po v\u00e1lce se op\u011bt vr\u00e1til k dostihov\u00e9mu sportu a za z\u00e1vody jezdil i do zahrani\u010d\u00ed, nap\u0159\u00edklad do Rakouska, N\u011bmecka a Ma\u010farska. V roce 1924 se v Lyse nad Labem o\u017eenil a odtud se potom se svoj\u00ed rodinou p\u0159est\u011bhoval do Velk\u00e9 Chuchle. Z t\u00e9 doby tak\u00e9 existuj\u00ed prvn\u00ed zpr\u00e1vy o jeho \u010deskoslovensk\u00e9 dostihov\u00e9 kari\u00e9\u0159e. Krom\u011b b\u011b\u017en\u00fdch, men\u0161\u00edch v\u00edt\u011bzstv\u00ed, ur\u010dit\u011b stoj\u00ed za zm\u00ednku prvn\u00ed m\u00edsto ve Velk\u00e9 pardubick\u00e9 v roce 1925 s kon\u011bm Landgrafem a d\u00e1le dv\u011b v\u00edt\u011bzstv\u00ed v derby z let 1927 a 1928, kter\u00e9 se jelo v Chuchli. Poprv\u00e9 dojel na prvn\u00edm m\u00edst\u011b s kon\u011bm Dagobertem a po druh\u00e9 to bylo s kon\u011bm Blue Star.<\/p>\n<p>Svoj\u00ed velmi \u00fasp\u011b\u0161nou kari\u00e9ru dostihov\u00e9ho jezdce zakon\u010dil ve t\u0159ic\u00e1t\u00fdch letech 20. stolet\u00ed. Pot\u00e9 se ji\u017e kon\u00edm v\u011bnoval pouze jako tren\u00e9r a pozd\u011bji, po v\u00e1lce, velmi kr\u00e1tce jako start\u00e9r v\u00a0Chuchli a v\u00a0Pardubic\u00edch.<\/p>\n<p>Karlu Holoubkovi nebylo souzeno do\u017e\u00edt se st\u00e1\u0159\u00ed, nebo\u0165 zem\u0159el v roce 1947, ve v\u011bku 54 let. Jeho smrt byla tragick\u00e1 \u2013 nezn\u00e1m\u00fd \u0159idi\u010d ho srazil p\u0159i p\u0159ech\u00e1zen\u00ed silnice na K\u0159i\u017eovatce u Vltavy(dne\u0161n\u00ed ulice Strakonick\u00e1 &#8211; Dostihov\u00e1).<\/p>\n<div id=\"attachment_551\" style=\"width: 898px\" class=\"wp-caption aligncenter\"><a href=\"http:\/\/regionplus.cz\/chuchle\/wp-content\/uploads\/sites\/2\/2022\/05\/dagobert1927.jpg\"><img loading=\"lazy\" decoding=\"async\" aria-describedby=\"caption-attachment-551\" class=\"size-full wp-image-551\" src=\"http:\/\/regionplus.cz\/chuchle\/wp-content\/uploads\/sites\/2\/2022\/05\/dagobert1927.jpg\" alt=\"\" width=\"888\" height=\"694\" srcset=\"https:\/\/regionplus.cz\/chuchle\/wp-content\/uploads\/sites\/2\/2022\/05\/dagobert1927.jpg 888w, https:\/\/regionplus.cz\/chuchle\/wp-content\/uploads\/sites\/2\/2022\/05\/dagobert1927-300x234.jpg 300w, https:\/\/regionplus.cz\/chuchle\/wp-content\/uploads\/sites\/2\/2022\/05\/dagobert1927-768x600.jpg 768w, https:\/\/regionplus.cz\/chuchle\/wp-content\/uploads\/sites\/2\/2022\/05\/dagobert1927-384x300.jpg 384w\" sizes=\"auto, (max-width: 888px) 100vw, 888px\" \/><\/a><p id=\"caption-attachment-551\" class=\"wp-caption-text\">Karel Holoubek v sedle Dagoberta (1927)<\/p><\/div>\n","protected":false},"excerpt":{"rendered":"<p>1892 &#8211; 1947 Kon\u011b, j\u00edm\u017e v podstat\u011b zasv\u011btil cel\u00fd sv\u016fj \u017eivot ho nadchli v roce 1906, kdy\u017e mu bylo \u010dtrn\u00e1ct let. Tehdy se stal \u010dlenem \u201eUnion klubu Berl\u00edn\u201c, z jeho\u017e archivn\u00edch z\u00e1znam\u016f lze vy\u010d\u00edst, \u017ee \u201ejezd\u00ed dob\u0159e a m\u016f\u017ee dob\u0159e &hellip; <a href=\"https:\/\/regionplus.cz\/chuchle\/vyznamne-osobnosti\/holoubek-karel\/\">Cel\u00fd p\u0159\u00edsp\u011bvek <span class=\"meta-nav\">&rarr;<\/span><\/a><\/p>\n","protected":false},"author":1,"featured_media":0,"parent":96,"menu_order":0,"comment_status":"closed","ping_status":"closed","template":"","meta":{"footnotes":""},"class_list":["post-108","page","type-page","status-publish","hentry"],"_links":{"self":[{"href":"https:\/\/regionplus.cz\/chuchle\/wp-json\/wp\/v2\/pages\/108","targetHints":{"allow":["GET"]}}],"collection":[{"href":"https:\/\/regionplus.cz\/chuchle\/wp-json\/wp\/v2\/pages"}],"about":[{"href":"https:\/\/regionplus.cz\/chuchle\/wp-json\/wp\/v2\/types\/page"}],"author":[{"embeddable":true,"href":"https:\/\/regionplus.cz\/chuchle\/wp-json\/wp\/v2\/users\/1"}],"replies":[{"embeddable":true,"href":"https:\/\/regionplus.cz\/chuchle\/wp-json\/wp\/v2\/comments?post=108"}],"version-history":[{"count":5,"href":"https:\/\/regionplus.cz\/chuchle\/wp-json\/wp\/v2\/pages\/108\/revisions"}],"predecessor-version":[{"id":552,"href":"https:\/\/regionplus.cz\/chuchle\/wp-json\/wp\/v2\/pages\/108\/revisions\/552"}],"up":[{"embeddable":true,"href":"https:\/\/regionplus.cz\/chuchle\/wp-json\/wp\/v2\/pages\/96"}],"wp:attachment":[{"href":"https:\/\/regionplus.cz\/chuchle\/wp-json\/wp\/v2\/media?parent=108"}],"curies":[{"name":"wp","href":"https:\/\/api.w.org\/{rel}","templated":true}]}}

<p>1892 &#8211; 1947</p>
<p>Koně, jímž v podstatě zasvětil celý svůj život ho nadchli v roce 1906, když mu bylo čtrnáct let. Tehdy se stal členem „Union klubu Berlín“, z jehož archivních záznamů lze vyčíst, že<em> „jezdí dobře a může dobře pracovat – velmi pilný“.</em> Z dalších zápisů v pracovní knížce je možno vyčíst, že například 10. února 1914 nastoupil u firmy Luis Stern v Colu Mülheimu. Poslední zápis je z 15. července 1914 od zaměstnavatele Moravce, kdy Karel Holoubek na vlastní žádost odešel a vstoupil do rakousko–uherské armády.</p>
<p>O několik let později je prokázáno, že byl v Rusku, v československých legiích. Po válce se opět vrátil k dostihovému sportu a za závody jezdil i do zahraničí, například do Rakouska, Německa a Maďarska. V roce 1924 se v Lyse nad Labem oženil a odtud se potom se svojí rodinou přestěhoval do Velké Chuchle. Z té doby také existují první zprávy o jeho československé dostihové kariéře. Kromě běžných, menších vítězství, určitě stojí za zmínku první místo ve Velké pardubické v roce 1925 s koněm Landgrafem a dále dvě vítězství v derby z let 1927 a 1928, které se jelo v Chuchli. Poprvé dojel na prvním místě s koněm Dagobertem a po druhé to bylo s koněm Blue Star.</p>
<p>Svojí velmi úspěšnou kariéru dostihového jezdce zakončil ve třicátých letech 20. století. Poté se již koním věnoval pouze jako trenér a později, po válce, velmi krátce jako startér v Chuchli a v Pardubicích.</p>
<p>Karlu Holoubkovi nebylo souzeno dožít se stáří, neboť zemřel v roce 1947, ve věku 54 let. Jeho smrt byla tragická – neznámý řidič ho srazil při přecházení silnice na Křižovatce u Vltavy(dnešní ulice Strakonická &#8211; Dostihová).</p>
<div id="attachment_551" style="width: 898px" class="wp-caption aligncenter"><a href="http://regionplus.cz/chuchle/wp-content/uploads/sites/2/2022/05/dagobert1927.jpg"><img loading="lazy" decoding="async" aria-describedby="caption-attachment-551" class="size-full wp-image-551" src="http://regionplus.cz/chuchle/wp-content/uploads/sites/2/2022/05/dagobert1927.jpg" alt="" width="888" height="694" srcset="https://regionplus.cz/chuchle/wp-content/uploads/sites/2/2022/05/dagobert1927.jpg 888w, https://regionplus.cz/chuchle/wp-content/uploads/sites/2/2022/05/dagobert1927-300x234.jpg 300w, https://regionplus.cz/chuchle/wp-content/uploads/sites/2/2022/05/dagobert1927-768x600.jpg 768w, https://regionplus.cz/chuchle/wp-content/uploads/sites/2/2022/05/dagobert1927-384x300.jpg 384w" sizes="auto, (max-width: 888px) 100vw, 888px" /></a><p id="caption-attachment-551" class="wp-caption-text">Karel Holoubek v sedle Dagoberta (1927)</p></div>

<p>1892 &#8211; 1947 Koně, jímž v podstatě zasvětil celý svůj život ho nadchli v roce 1906, když mu bylo čtrnáct let. Tehdy se stal členem „Union klubu Berlín“, z jehož archivních záznamů lze vyčíst, že „jezdí dobře a může dobře &hellip; <a href="https://regionplus.cz/chuchle/vyznamne-osobnosti/holoubek-karel/">Celý příspěvek <span class="meta-nav">&rarr;</span></a></p>
