{"id":104,"date":"2021-10-02T22:55:12","date_gmt":"2021-10-02T20:55:12","guid":{"rendered":"http:\/\/regionplus.cz\/chuchle\/?page_id=104"},"modified":"2023-05-10T21:24:59","modified_gmt":"2023-05-10T19:24:59","slug":"jankovec-jaroslav","status":"publish","type":"page","link":"https:\/\/regionplus.cz\/chuchle\/vyznamne-osobnosti\/jankovec-jaroslav\/","title":{"rendered":"Jankovec Jaroslav"},"content":{"rendered":"<p>26. dubna 1896 Malenice nad Voly\u0148kou &#8211; 6. z\u00e1\u0159\u00ed 1961 Praha<\/p>\n<p>Poch\u00e1zel z\u00a0rodiny vesnick\u00e9ho u\u010ditele a muzikanta, co\u017e jej ovlivnilo na cel\u00fd \u017eivot. Otec mlad\u00e9ho Jaroslava od ran\u00e9ho ml\u00e1d\u00ed bral do sv\u00e9 kapely, kter\u00e1 hr\u00e1vala na vesnick\u00fdch z\u00e1bav\u00e1ch, svatb\u00e1ch, pout\u00edch, posv\u00edcen\u00edch i na poh\u0159bech. P\u0159itom absolvoval \u010deskobud\u011bjovickou re\u00e1lku a nastoupil na Vysok\u00e9 u\u010den\u00ed strojn\u00ed a technick\u00e9 v Praze. Po dvou letech (v roce 1915) se ale rozhodl\u00a0 pro studium konzervato\u0159e v oboru kompozice a varhany u vyhl\u00e1\u0161en\u00e9ho profesora Jaroslava K\u0159i\u010dky. B\u011bhem studi\u00ed v\u00a0Praze vstoupil do spolku &#8222;\u010cesk\u00e9ho herectva v Praze&#8220; a divadlo i hudba ur\u010dily jeho dal\u0161\u00ed \u017eivotn\u00ed etapu.<\/p>\n<p>Zpo\u010d\u00e1tku doprov\u00e1zel na klav\u00edr n\u011bm\u00e9 filmy, jezdil s ko\u010dovn\u00fdmi divadly (nap\u0159. v Ma\u010farsku), na 15 let se stal kapeln\u00edkem sm\u00edchovsk\u00e9 Ar\u00e9ny, pozd\u011bji je\u0161t\u011b Tyl\u00e1\u010dku v Nusl\u00edch, dne\u0161n\u00ed Fidlova\u010dky. V roce 1923 uvedl svoji prvn\u00ed operetku &#8222;Adamit\u00e9 z Ostende&#8220;, po kter\u00e9 \u00fasp\u011b\u0161n\u011b n\u00e1sledovaly mnoh\u00e9 \u00a0dal\u0161\u00ed. Jaroslav Jankovec napsal hudbu k v\u00edce jak \u0161edes\u00e1ti lidov\u00fdm operetk\u00e1m (z nich\u017e poch\u00e1z\u00ed spousta jeho dodnes zn\u00e1m\u00fdch melodi\u00ed), revu\u00edm, psal i muziku k artistick\u00fdm vystoupen\u00edm, n\u011bkter\u00e9 p\u00edsni\u010dky i samostatn\u011b. Slavn\u00e1 polka &#8222;Hezky od podlahy&#8220; je nap\u0159. z operety &#8222;L\u00e1ska jeho v\u00fdsosti&#8220;. Jaroslav Jankovec se zapsal do historie \u010desk\u00e9 popul\u00e1rn\u00ed hudby jako jeden ze zakladatel\u016f prvorepublikov\u00e9 operety 20. stolet\u00ed, vedle Josefa Stelibsk\u00e9ho a J\u00e1ry Bene\u0161e. Cel\u00fd sv\u016fj muzikantsk\u00fd \u017eivot pro\u017eil naproti slavn\u00e9mu z\u00e1vodi\u0161ti ve Velk\u00e9 Chuchli. Zem\u0159el v 65 letech 6. z\u00e1\u0159\u00ed 1961. Je \u0161koda, \u017ee jeho p\u00edsni\u010dky se m\u00e1lo hraj\u00ed. Jsou to podmaniv\u00e9 melodie s ryze \u010deskou melodikou. Jeho p\u0159\u00e1tel\u00e9 a bl\u00edzc\u00ed o n\u011bm tvrdili, \u017ee to byl nejen v\u011brn\u00fd kamar\u00e1d, ale tak\u00e9 velk\u00fd vlastenec.<\/p>\n<p>Je poh\u0159ben\u00fd na star\u00e9m h\u0159bitov\u011b ve Velk\u00e9 Chuchli, \u010d\u00edslo hrobu 58<\/p>\n","protected":false},"excerpt":{"rendered":"<p>26. dubna 1896 Malenice nad Voly\u0148kou &#8211; 6. z\u00e1\u0159\u00ed 1961 Praha Poch\u00e1zel z\u00a0rodiny vesnick\u00e9ho u\u010ditele a muzikanta, co\u017e jej ovlivnilo na cel\u00fd \u017eivot. Otec mlad\u00e9ho Jaroslava od ran\u00e9ho ml\u00e1d\u00ed bral do sv\u00e9 kapely, kter\u00e1 hr\u00e1vala na vesnick\u00fdch z\u00e1bav\u00e1ch, svatb\u00e1ch, pout\u00edch, &hellip; <a href=\"https:\/\/regionplus.cz\/chuchle\/vyznamne-osobnosti\/jankovec-jaroslav\/\">Cel\u00fd p\u0159\u00edsp\u011bvek <span class=\"meta-nav\">&rarr;<\/span><\/a><\/p>\n","protected":false},"author":1,"featured_media":0,"parent":96,"menu_order":0,"comment_status":"closed","ping_status":"closed","template":"","meta":{"footnotes":""},"class_list":["post-104","page","type-page","status-publish","hentry"],"_links":{"self":[{"href":"https:\/\/regionplus.cz\/chuchle\/wp-json\/wp\/v2\/pages\/104","targetHints":{"allow":["GET"]}}],"collection":[{"href":"https:\/\/regionplus.cz\/chuchle\/wp-json\/wp\/v2\/pages"}],"about":[{"href":"https:\/\/regionplus.cz\/chuchle\/wp-json\/wp\/v2\/types\/page"}],"author":[{"embeddable":true,"href":"https:\/\/regionplus.cz\/chuchle\/wp-json\/wp\/v2\/users\/1"}],"replies":[{"embeddable":true,"href":"https:\/\/regionplus.cz\/chuchle\/wp-json\/wp\/v2\/comments?post=104"}],"version-history":[{"count":5,"href":"https:\/\/regionplus.cz\/chuchle\/wp-json\/wp\/v2\/pages\/104\/revisions"}],"predecessor-version":[{"id":675,"href":"https:\/\/regionplus.cz\/chuchle\/wp-json\/wp\/v2\/pages\/104\/revisions\/675"}],"up":[{"embeddable":true,"href":"https:\/\/regionplus.cz\/chuchle\/wp-json\/wp\/v2\/pages\/96"}],"wp:attachment":[{"href":"https:\/\/regionplus.cz\/chuchle\/wp-json\/wp\/v2\/media?parent=104"}],"curies":[{"name":"wp","href":"https:\/\/api.w.org\/{rel}","templated":true}]}}

<p>26. dubna 1896 Malenice nad Volyňkou &#8211; 6. září 1961 Praha</p>
<p>Pocházel z rodiny vesnického učitele a muzikanta, což jej ovlivnilo na celý život. Otec mladého Jaroslava od raného mládí bral do své kapely, která hrávala na vesnických zábavách, svatbách, poutích, posvíceních i na pohřbech. Přitom absolvoval českobudějovickou reálku a nastoupil na Vysoké učení strojní a technické v Praze. Po dvou letech (v roce 1915) se ale rozhodl  pro studium konzervatoře v oboru kompozice a varhany u vyhlášeného profesora Jaroslava Křičky. Během studií v Praze vstoupil do spolku &#8222;Českého herectva v Praze&#8220; a divadlo i hudba určily jeho další životní etapu.</p>
<p>Zpočátku doprovázel na klavír němé filmy, jezdil s kočovnými divadly (např. v Maďarsku), na 15 let se stal kapelníkem smíchovské Arény, později ještě Tyláčku v Nuslích, dnešní Fidlovačky. V roce 1923 uvedl svoji první operetku &#8222;Adamité z Ostende&#8220;, po které úspěšně následovaly mnohé  další. Jaroslav Jankovec napsal hudbu k více jak šedesáti lidovým operetkám (z nichž pochází spousta jeho dodnes známých melodií), revuím, psal i muziku k artistickým vystoupením, některé písničky i samostatně. Slavná polka &#8222;Hezky od podlahy&#8220; je např. z operety &#8222;Láska jeho výsosti&#8220;. Jaroslav Jankovec se zapsal do historie české populární hudby jako jeden ze zakladatelů prvorepublikové operety 20. století, vedle Josefa Stelibského a Járy Beneše. Celý svůj muzikantský život prožil naproti slavnému závodišti ve Velké Chuchli. Zemřel v 65 letech 6. září 1961. Je škoda, že jeho písničky se málo hrají. Jsou to podmanivé melodie s ryze českou melodikou. Jeho přátelé a blízcí o něm tvrdili, že to byl nejen věrný kamarád, ale také velký vlastenec.</p>
<p>Je pohřbený na starém hřbitově ve Velké Chuchli, číslo hrobu 58</p>

<p>26. dubna 1896 Malenice nad Volyňkou &#8211; 6. září 1961 Praha Pocházel z rodiny vesnického učitele a muzikanta, což jej ovlivnilo na celý život. Otec mladého Jaroslava od raného mládí bral do své kapely, která hrávala na vesnických zábavách, svatbách, poutích, &hellip; <a href="https://regionplus.cz/chuchle/vyznamne-osobnosti/jankovec-jaroslav/">Celý příspěvek <span class="meta-nav">&rarr;</span></a></p>
